{"id":19453,"date":"2025-11-12T23:36:57","date_gmt":"2025-11-12T23:36:57","guid":{"rendered":"https:\/\/lawhiskeria.cr\/?post_type=product&#038;p=19453"},"modified":"2026-03-26T21:19:45","modified_gmt":"2026-03-26T21:19:45","slug":"ron-nicoya-xa-extra-anejo","status":"publish","type":"product","link":"https:\/\/lawhiskeria.cr\/?product=ron-nicoya-xa-extra-anejo","title":{"rendered":"Ron Nicoya XA Extra A\u00f1ejo"},"content":{"rendered":"<p><strong>Ron Nicoya XA Extra A\u00f1ejo representa el alma del Pac\u00edfico costarricense. Nacido entre volcanes y brisa marina, es el primer ron costarricense elaborado \u00edntegramente en una misma finca, desde el cultivo de la ca\u00f1a hasta la destilaci\u00f3n y a\u00f1ejamiento.<\/strong><\/p>\n<p><strong>Su car\u00e1cter \u00fanico proviene de una triple base de az\u00facares &#8211; jugo puro, miel de ca\u00f1a y melaza &#8211; que aportan complejidad arom\u00e1tica y profundidad al perfil final.<\/strong><\/p>\n<p><strong>La primera crianza tropical en barricas de bourbon desarrolla la dulzura y las notas de vainilla, mientras que la segunda maduraci\u00f3n continental en barricas de co\u00f1ac aporta finura, redondez y un toque afrutado elegante.<\/strong><\/p>\n","protected":false},"excerpt":{"rendered":"<p><strong>Origen: Costa Rica<\/strong><\/p>\n<p><strong>Productor: Finca Nicoya<\/strong><\/p>\n<p><strong>Materia prima: Jugo puro de ca\u00f1a, miel de ca\u00f1a y melaza.<\/strong><\/p>\n<p><strong>Tipo de destilaci\u00f3n: Alambique artesanal de peque\u00f1os lotes (5.000 L)<\/strong><\/p>\n<p><strong>M\u00e9todo de destilaci\u00f3n: Tradicional y agr\u00edcola<\/strong><\/p>\n<p><strong>Doble a\u00f1ejamiento: <\/strong><strong>Primera maduraci\u00f3n: Barricas ex-bourbon (maduraci\u00f3n tropical en Costa Rica). <\/strong><strong>Segunda maduraci\u00f3n: Barricas de co\u00f1ac usadas (maduraci\u00f3n continental en Charente, Francia)<\/strong><\/p>\n<p><strong>El resultado es un ron sofisticado, equilibrado y aut\u00e9ntico, reflejo del esp\u00edritu \u201cPura Vida\u201d costarricense, ideal tanto para degustar solo como para elevar c\u00f3cteles de autor.<\/strong><\/p>\n<p><strong>Color: \u00c1mbar profundo con reflejos dorados.<\/strong><\/p>\n<p><strong>Nariz: Aromas elegantes y envolventes con notas de vainilla, caramelo suave y miel, acompa\u00f1adas de matices de frutas maduras, c\u00e1scara de naranja y un toque de roble tostado.<\/strong><\/p>\n<p><strong>Boca: Entrada sedosa y redonda, con equilibrio entre dulzor y madera. Se perciben sabores de toffee, vainilla, almendra tostada y frutas deshidratadas.<\/strong><\/p>\n<p><strong>Final: Largo, armonioso y ligeramente especiado, con persistencia de notas amaderadas y dulces.<\/strong><\/p>\n<p><strong>Sugerencias de consumo: Servir solo o con un hielo grande para disfrutar su complejidad. <\/strong><strong>Excelente base para un Old Fashioned de ron o un Rum Manhattan.<\/strong><\/p>\n<p><strong>40% ABV &#8211; 700 ml.<\/strong><\/p>\n<p><iframe loading=\"lazy\" title=\"YouTube video player\" src=\"https:\/\/www.youtube.com\/embed\/JVElRRF8v44?si=8QnLicRp4pV4IZff&amp;start=5515\" width=\"560\" height=\"315\" frameborder=\"0\" allowfullscreen=\"allowfullscreen\"><\/iframe><\/p>\n","protected":false},"featured_media":19568,"comment_status":"open","ping_status":"closed","template":"","meta":[],"product_brand":[],"product_cat":[427,20],"product_tag":[435,277,433,434],"class_list":{"0":"post-19453","1":"product","2":"type-product","3":"status-publish","4":"has-post-thumbnail","6":"product_cat-ron","7":"product_cat-lpremium","8":"product_tag-barricas-de-bourbon","9":"product_tag-barricas-de-conac","10":"product_tag-costa-rica","11":"product_tag-ron-extra-anejo","13":"first","14":"outofstock","15":"shipping-taxable","16":"purchasable","17":"product-type-simple"},"_links":{"self":[{"href":"https:\/\/lawhiskeria.cr\/index.php?rest_route=\/wp\/v2\/product\/19453","targetHints":{"allow":["GET"]}}],"collection":[{"href":"https:\/\/lawhiskeria.cr\/index.php?rest_route=\/wp\/v2\/product"}],"about":[{"href":"https:\/\/lawhiskeria.cr\/index.php?rest_route=\/wp\/v2\/types\/product"}],"replies":[{"embeddable":true,"href":"https:\/\/lawhiskeria.cr\/index.php?rest_route=%2Fwp%2Fv2%2Fcomments&post=19453"}],"version-history":[{"count":4,"href":"https:\/\/lawhiskeria.cr\/index.php?rest_route=\/wp\/v2\/product\/19453\/revisions"}],"predecessor-version":[{"id":19680,"href":"https:\/\/lawhiskeria.cr\/index.php?rest_route=\/wp\/v2\/product\/19453\/revisions\/19680"}],"wp:featuredmedia":[{"embeddable":true,"href":"https:\/\/lawhiskeria.cr\/index.php?rest_route=\/wp\/v2\/media\/19568"}],"wp:attachment":[{"href":"https:\/\/lawhiskeria.cr\/index.php?rest_route=%2Fwp%2Fv2%2Fmedia&parent=19453"}],"wp:term":[{"taxonomy":"product_brand","embeddable":true,"href":"https:\/\/lawhiskeria.cr\/index.php?rest_route=%2Fwp%2Fv2%2Fproduct_brand&post=19453"},{"taxonomy":"product_cat","embeddable":true,"href":"https:\/\/lawhiskeria.cr\/index.php?rest_route=%2Fwp%2Fv2%2Fproduct_cat&post=19453"},{"taxonomy":"product_tag","embeddable":true,"href":"https:\/\/lawhiskeria.cr\/index.php?rest_route=%2Fwp%2Fv2%2Fproduct_tag&post=19453"}],"curies":[{"name":"wp","href":"https:\/\/api.w.org\/{rel}","templated":true}]}}