{"id":19417,"date":"2025-11-07T03:04:20","date_gmt":"2025-11-07T03:04:20","guid":{"rendered":"https:\/\/lawhiskeria.cr\/?post_type=product&#038;p=19417"},"modified":"2025-11-12T20:55:39","modified_gmt":"2025-11-12T20:55:39","slug":"adulation-pinot-noir-california","status":"publish","type":"product","link":"https:\/\/lawhiskeria.cr\/?product=adulation-pinot-noir-california","title":{"rendered":"Adulation Pinot Noir \u2013 California"},"content":{"rendered":"<p><strong>Sobre la Bodega: Adulation<\/strong><\/p>\n<p><strong>Adulation, parte de la bodega Fior di Sole, es reconocida por producir los mejores vinos californianos que ofrecen un gran valor. Con una tradici\u00f3n arraigada en la elaboraci\u00f3n de vinos italianos y un enfoque en vinos de alta calidad cosechados a mano, Adulation representa la combinaci\u00f3n perfecta de audacia californiana y delicadeza italiana. Ubicada en el hermoso Valle de Napa y el condado de Sonoma, la bodega se beneficia de una poderosa estructura de suelo y el clima perfecto, asegurando la producci\u00f3n de vinos excepcionales a\u00f1o tras a\u00f1o.<\/strong><\/p>\n","protected":false},"excerpt":{"rendered":"<p><strong>Descubra la majestuosidad del &#8216;ADULATION PINOT NOIR &#8211; CALIFORNIA&#8217;, un exquisito vino de la prestigiosa bodega Adulation en California. Con seductores sabores frutales y aroma cautivador a especias, este Pinot Noir de textura suave y elegante es perfecto para maridar con aves asadas, risottos y quesos suaves. Galardonado y refinado, una experiencia sensorial \u00fanica.<\/strong><\/p>\n<p><strong>Regi\u00f3n: Napa.<\/strong><\/p>\n<p><strong>Pa\u00eds: Estados Unidos.<\/strong><\/p>\n<p><strong>Variedades de Uva: Pinot Noir.<\/strong><\/p>\n<p><strong>Contenido de Alcohol: 13.5%.<\/strong><\/p>\n<p><strong>ADULATION PINOT NOIR &#8211; CALIFORNIA 2021 es un testimonio del arte del Pinot Noir californiano. Saluda a los sentidos con un ligero tono rub\u00ed y un bouquet de cereza negra, cola y hierbas arom\u00e1ticas. En boca se despliega en una danza de frambuesas y fresas silvestres, sostenida por una delicada estructura de taninos finos y buena acidez. El final es largo y refinado, dejando una impresi\u00f3n duradera de elegancia y calidad.<\/strong><\/p>\n<p><strong>Maridajes Recomendados: Ideal para acompa\u00f1ar platos de aves asadas y quesos suaves. Perfecto para cenas elegantes y celebraciones especiales.<\/strong><\/p>\n<p><iframe loading=\"lazy\" width=\"560\" height=\"315\" src=\"https:\/\/www.youtube.com\/embed\/Qoo9YddU78c?si=YGeQtj1yLT6v5oin&amp;start=1840\" title=\"YouTube video player\" frameborder=\"0\" allow=\"accelerometer; autoplay; clipboard-write; encrypted-media; gyroscope; picture-in-picture; web-share\" referrerpolicy=\"strict-origin-when-cross-origin\" allowfullscreen><\/iframe><\/p>\n","protected":false},"featured_media":19418,"comment_status":"open","ping_status":"closed","template":"","meta":[],"product_brand":[],"product_cat":[420,29],"product_tag":[353,177,430,352,247],"class_list":{"0":"post-19417","1":"product","2":"type-product","3":"status-publish","4":"has-post-thumbnail","6":"product_cat-tinto","7":"product_cat-vinos","8":"product_tag-napa","9":"product_tag-pinot-noir","10":"product_tag-valle-de-napa","11":"product_tag-vino-california","12":"product_tag-vino-tinto","14":"first","15":"instock","16":"shipping-taxable","17":"purchasable","18":"product-type-simple"},"_links":{"self":[{"href":"https:\/\/lawhiskeria.cr\/index.php?rest_route=\/wp\/v2\/product\/19417","targetHints":{"allow":["GET"]}}],"collection":[{"href":"https:\/\/lawhiskeria.cr\/index.php?rest_route=\/wp\/v2\/product"}],"about":[{"href":"https:\/\/lawhiskeria.cr\/index.php?rest_route=\/wp\/v2\/types\/product"}],"replies":[{"embeddable":true,"href":"https:\/\/lawhiskeria.cr\/index.php?rest_route=%2Fwp%2Fv2%2Fcomments&post=19417"}],"version-history":[{"count":2,"href":"https:\/\/lawhiskeria.cr\/index.php?rest_route=\/wp\/v2\/product\/19417\/revisions"}],"predecessor-version":[{"id":19448,"href":"https:\/\/lawhiskeria.cr\/index.php?rest_route=\/wp\/v2\/product\/19417\/revisions\/19448"}],"wp:featuredmedia":[{"embeddable":true,"href":"https:\/\/lawhiskeria.cr\/index.php?rest_route=\/wp\/v2\/media\/19418"}],"wp:attachment":[{"href":"https:\/\/lawhiskeria.cr\/index.php?rest_route=%2Fwp%2Fv2%2Fmedia&parent=19417"}],"wp:term":[{"taxonomy":"product_brand","embeddable":true,"href":"https:\/\/lawhiskeria.cr\/index.php?rest_route=%2Fwp%2Fv2%2Fproduct_brand&post=19417"},{"taxonomy":"product_cat","embeddable":true,"href":"https:\/\/lawhiskeria.cr\/index.php?rest_route=%2Fwp%2Fv2%2Fproduct_cat&post=19417"},{"taxonomy":"product_tag","embeddable":true,"href":"https:\/\/lawhiskeria.cr\/index.php?rest_route=%2Fwp%2Fv2%2Fproduct_tag&post=19417"}],"curies":[{"name":"wp","href":"https:\/\/api.w.org\/{rel}","templated":true}]}}