{"id":19293,"date":"2025-10-15T20:56:04","date_gmt":"2025-10-15T20:56:04","guid":{"rendered":"https:\/\/lawhiskeria.cr\/?post_type=product&#038;p=19293"},"modified":"2026-04-23T05:53:43","modified_gmt":"2026-04-23T05:53:43","slug":"convento-oreja-memoria-reserva","status":"publish","type":"product","link":"https:\/\/lawhiskeria.cr\/?product=convento-oreja-memoria-reserva","title":{"rendered":"Convento Oreja Memoria Reserva"},"content":{"rendered":"","protected":false},"excerpt":{"rendered":"<p><strong>Reserva 2021 &#8211; 93 puntos de James Suckling.<\/strong><\/p>\n<p><strong>Uva 100% tinta del pa\u00eds (tempranillo).\u00a0 <\/strong><\/p>\n<p><strong>Uva seleccionada de un vi\u00f1edo singular en terreno arcilloso-calcareo a 900 metros de altitud en el P\u00e1ramo de Tordementes. <\/strong><\/p>\n<p><strong>Elaboraci\u00f3n: La elaboraci\u00f3n se realiz\u00f3 en dep\u00f3sitos de acero inoxidable con control autom\u00e1tico de la temperatura. <\/strong><\/p>\n<p><strong>Fermentaci\u00f3n: 10 d\u00edas a 25 grados de temperatura. <\/strong><\/p>\n<p><strong>Maceraci\u00f3n: 20 d\u00edas <\/strong><\/p>\n<p><strong>Hasta 18 meses en barricas de roble franc\u00e9s. Estabilizaci\u00f3n natural en barrica. <\/strong><\/p>\n<p><strong>Fecha de embotellado: mayo 2023 <\/strong><\/p>\n<p><strong>Nota de cata <\/strong><\/p>\n<p><strong>Color rojo picota de buena capa. <\/strong><\/p>\n<p><strong>En nariz es complejo y elegante, de buena intensidad, con fruta negra (moras) y agradables aromas que recuerdan a especias y tonos de cacao y regaliz. <\/strong><\/p>\n<p><strong>En boca resalta el componente frutal. Resulta equilibrado y de paso agradable muy sedoso. Amplio, con longitud y buena persistencia.<\/strong><\/p>\n<p><iframe loading=\"lazy\" width=\"560\" height=\"315\" src=\"https:\/\/www.youtube.com\/embed\/ih76OeeV5V8?si=5537NGO5V8_gecTh&amp;start=1981\" title=\"YouTube video player\" frameborder=\"0\" allow=\"accelerometer; autoplay; clipboard-write; encrypted-media; gyroscope; picture-in-picture; web-share\" referrerpolicy=\"strict-origin-when-cross-origin\" allowfullscreen><\/iframe><\/p>\n","protected":false},"featured_media":19294,"comment_status":"open","ping_status":"closed","template":"","meta":[],"product_brand":[],"product_cat":[420,322,29],"product_tag":[250,249,162,316],"class_list":{"0":"post-19293","1":"product","2":"type-product","3":"status-publish","4":"has-post-thumbnail","6":"product_cat-tinto","7":"product_cat-promociones","8":"product_cat-vinos","9":"product_tag-reserva","10":"product_tag-ribera-del-duero","11":"product_tag-tempranillo","12":"product_tag-tinta-pais","14":"first","15":"instock","16":"sale","17":"shipping-taxable","18":"purchasable","19":"product-type-simple"},"_links":{"self":[{"href":"https:\/\/lawhiskeria.cr\/index.php?rest_route=\/wp\/v2\/product\/19293","targetHints":{"allow":["GET"]}}],"collection":[{"href":"https:\/\/lawhiskeria.cr\/index.php?rest_route=\/wp\/v2\/product"}],"about":[{"href":"https:\/\/lawhiskeria.cr\/index.php?rest_route=\/wp\/v2\/types\/product"}],"replies":[{"embeddable":true,"href":"https:\/\/lawhiskeria.cr\/index.php?rest_route=%2Fwp%2Fv2%2Fcomments&post=19293"}],"version-history":[{"count":6,"href":"https:\/\/lawhiskeria.cr\/index.php?rest_route=\/wp\/v2\/product\/19293\/revisions"}],"predecessor-version":[{"id":19944,"href":"https:\/\/lawhiskeria.cr\/index.php?rest_route=\/wp\/v2\/product\/19293\/revisions\/19944"}],"wp:featuredmedia":[{"embeddable":true,"href":"https:\/\/lawhiskeria.cr\/index.php?rest_route=\/wp\/v2\/media\/19294"}],"wp:attachment":[{"href":"https:\/\/lawhiskeria.cr\/index.php?rest_route=%2Fwp%2Fv2%2Fmedia&parent=19293"}],"wp:term":[{"taxonomy":"product_brand","embeddable":true,"href":"https:\/\/lawhiskeria.cr\/index.php?rest_route=%2Fwp%2Fv2%2Fproduct_brand&post=19293"},{"taxonomy":"product_cat","embeddable":true,"href":"https:\/\/lawhiskeria.cr\/index.php?rest_route=%2Fwp%2Fv2%2Fproduct_cat&post=19293"},{"taxonomy":"product_tag","embeddable":true,"href":"https:\/\/lawhiskeria.cr\/index.php?rest_route=%2Fwp%2Fv2%2Fproduct_tag&post=19293"}],"curies":[{"name":"wp","href":"https:\/\/api.w.org\/{rel}","templated":true}]}}

<p><strong>Reserva 2021 &#8211; 93 puntos de James Suckling.</strong></p>
<p><strong>Uva 100% tinta del país (tempranillo).  </strong></p>
<p><strong>Uva seleccionada de un viñedo singular en terreno arcilloso-calcareo a 900 metros de altitud en el Páramo de Tordementes. </strong></p>
<p><strong>Elaboración: La elaboración se realizó en depósitos de acero inoxidable con control automático de la temperatura. </strong></p>
<p><strong>Fermentación: 10 días a 25 grados de temperatura. </strong></p>
<p><strong>Maceración: 20 días </strong></p>
<p><strong>Hasta 18 meses en barricas de roble francés. Estabilización natural en barrica. </strong></p>
<p><strong>Fecha de embotellado: mayo 2023 </strong></p>
<p><strong>Nota de cata </strong></p>
<p><strong>Color rojo picota de buena capa. </strong></p>
<p><strong>En nariz es complejo y elegante, de buena intensidad, con fruta negra (moras) y agradables aromas que recuerdan a especias y tonos de cacao y regaliz. </strong></p>
<p><strong>En boca resalta el componente frutal. Resulta equilibrado y de paso agradable muy sedoso. Amplio, con longitud y buena persistencia.</strong></p>
<p><iframe loading="lazy" width="560" height="315" src="https://www.youtube.com/embed/ih76OeeV5V8?si=5537NGO5V8_gecTh&amp;start=1981" title="YouTube video player" frameborder="0" allow="accelerometer; autoplay; clipboard-write; encrypted-media; gyroscope; picture-in-picture; web-share" referrerpolicy="strict-origin-when-cross-origin" allowfullscreen></iframe></p>
