{"id":19290,"date":"2025-10-15T20:51:02","date_gmt":"2025-10-15T20:51:02","guid":{"rendered":"https:\/\/lawhiskeria.cr\/?post_type=product&#038;p=19290"},"modified":"2025-10-28T00:18:17","modified_gmt":"2025-10-28T00:18:17","slug":"convento-oreja-seleccion-de-familia","status":"publish","type":"product","link":"https:\/\/lawhiskeria.cr\/?product=convento-oreja-seleccion-de-familia","title":{"rendered":"Convento Oreja Selecci\u00f3n de Familia"},"content":{"rendered":"","protected":false},"excerpt":{"rendered":"<p><strong>Uva 100% tinta del pa\u00eds (tempranillo).\u00a0 2020<\/strong><\/p>\n<p><strong>Uva seleccionada de un vi\u00f1edo singular en terreno arcilloso-calc\u00e1reo a 900 metros de altitud en el P\u00e1ramo de Tordementes. Cuv\u00e9e con una selecci\u00f3n de 6 barricas.\u00a0 <\/strong><\/p>\n<p><strong>Elaboraci\u00f3n: La elaboraci\u00f3n se realiz\u00f3 en dep\u00f3sito de acero inoxidable con control autom\u00e1tico de la temperatura. <\/strong><\/p>\n<p><strong>Fermentaci\u00f3n: 10 d\u00edas a 28 grados de temperatura. <\/strong><\/p>\n<p><strong>Maceraci\u00f3n: 28 d\u00edas <\/strong><\/p>\n<p><strong>23 meses en barricas de roble franc\u00e9s. Estabilizaci\u00f3n natural en barrica. <\/strong><\/p>\n<p><strong>Fecha de embotellado: abril 2023. Edici\u00f3n especial de 1227 botellas de 75 cl.\u00a0 <\/strong><\/p>\n<p><strong>Nota de cata <\/strong><\/p>\n<p><strong>Color cereza intenso. <\/strong><\/p>\n<p><strong>En nariz es elegante y se aprecia fruta negra madura, moras y ar\u00e1ndanos. Especiado y bals\u00e1mico con notas a tostados, cueros y minerales.\u00a0 <\/strong><\/p>\n<p><strong>En boca es potente, redondo, con taninos finos y elegantes. <\/strong><\/p>\n<p><strong>Bien balanceado y sedoso con un final largo y persistente.<\/strong><\/p>\n<p><strong>94 puntos de James Suckling.<\/strong><\/p>\n","protected":false},"featured_media":19291,"comment_status":"open","ping_status":"closed","template":"","meta":[],"product_brand":[],"product_cat":[420,29],"product_tag":[249,162,316],"class_list":{"0":"post-19290","1":"product","2":"type-product","3":"status-publish","4":"has-post-thumbnail","6":"product_cat-tinto","7":"product_cat-vinos","8":"product_tag-ribera-del-duero","9":"product_tag-tempranillo","10":"product_tag-tinta-pais","12":"first","13":"instock","14":"shipping-taxable","15":"purchasable","16":"product-type-simple"},"_links":{"self":[{"href":"https:\/\/lawhiskeria.cr\/index.php?rest_route=\/wp\/v2\/product\/19290","targetHints":{"allow":["GET"]}}],"collection":[{"href":"https:\/\/lawhiskeria.cr\/index.php?rest_route=\/wp\/v2\/product"}],"about":[{"href":"https:\/\/lawhiskeria.cr\/index.php?rest_route=\/wp\/v2\/types\/product"}],"replies":[{"embeddable":true,"href":"https:\/\/lawhiskeria.cr\/index.php?rest_route=%2Fwp%2Fv2%2Fcomments&post=19290"}],"version-history":[{"count":2,"href":"https:\/\/lawhiskeria.cr\/index.php?rest_route=\/wp\/v2\/product\/19290\/revisions"}],"predecessor-version":[{"id":19300,"href":"https:\/\/lawhiskeria.cr\/index.php?rest_route=\/wp\/v2\/product\/19290\/revisions\/19300"}],"wp:featuredmedia":[{"embeddable":true,"href":"https:\/\/lawhiskeria.cr\/index.php?rest_route=\/wp\/v2\/media\/19291"}],"wp:attachment":[{"href":"https:\/\/lawhiskeria.cr\/index.php?rest_route=%2Fwp%2Fv2%2Fmedia&parent=19290"}],"wp:term":[{"taxonomy":"product_brand","embeddable":true,"href":"https:\/\/lawhiskeria.cr\/index.php?rest_route=%2Fwp%2Fv2%2Fproduct_brand&post=19290"},{"taxonomy":"product_cat","embeddable":true,"href":"https:\/\/lawhiskeria.cr\/index.php?rest_route=%2Fwp%2Fv2%2Fproduct_cat&post=19290"},{"taxonomy":"product_tag","embeddable":true,"href":"https:\/\/lawhiskeria.cr\/index.php?rest_route=%2Fwp%2Fv2%2Fproduct_tag&post=19290"}],"curies":[{"name":"wp","href":"https:\/\/api.w.org\/{rel}","templated":true}]}}

Convento Oreja Selección de Familia

<p><strong>Uva 100% tinta del país (tempranillo).  2020</strong></p>
<p><strong>Uva seleccionada de un viñedo singular en terreno arcilloso-calcáreo a 900 metros de altitud en el Páramo de Tordementes. Cuvée con una selección de 6 barricas.  </strong></p>
<p><strong>Elaboración: La elaboración se realizó en depósito de acero inoxidable con control automático de la temperatura. </strong></p>
<p><strong>Fermentación: 10 días a 28 grados de temperatura. </strong></p>
<p><strong>Maceración: 28 días </strong></p>
<p><strong>23 meses en barricas de roble francés. Estabilización natural en barrica. </strong></p>
<p><strong>Fecha de embotellado: abril 2023. Edición especial de 1227 botellas de 75 cl.  </strong></p>
<p><strong>Nota de cata </strong></p>
<p><strong>Color cereza intenso. </strong></p>
<p><strong>En nariz es elegante y se aprecia fruta negra madura, moras y arándanos. Especiado y balsámico con notas a tostados, cueros y minerales.  </strong></p>
<p><strong>En boca es potente, redondo, con taninos finos y elegantes. </strong></p>
<p><strong>Bien balanceado y sedoso con un final largo y persistente.</strong></p>
<p><strong>94 puntos de James Suckling.</strong></p>
