{"id":19287,"date":"2025-10-15T20:45:55","date_gmt":"2025-10-15T20:45:55","guid":{"rendered":"https:\/\/lawhiskeria.cr\/?post_type=product&#038;p=19287"},"modified":"2025-10-28T00:17:36","modified_gmt":"2025-10-28T00:17:36","slug":"convento-oreja-roble","status":"publish","type":"product","link":"https:\/\/lawhiskeria.cr\/?product=convento-oreja-roble","title":{"rendered":"Convento Oreja Roble"},"content":{"rendered":"","protected":false},"excerpt":{"rendered":"<p><strong>Roble 2024<\/strong><\/p>\n<p><strong>Uva tinta del pa\u00eds (tempranillo).\u00a0 <\/strong><\/p>\n<p><strong>Edad del vi\u00f1edo entre 15 y 25 a\u00f1os.\u00a0 <\/strong><\/p>\n<p><strong>Elaboraci\u00f3n: La elaboraci\u00f3n del CONVENTO OREJA ROBLE 2024 se realiz\u00f3 en dep\u00f3sitos de acero inoxidable de 30.000 l. de capacidad, con control autom\u00e1tico de la temperatura. <\/strong><\/p>\n<p><strong>Tiempo de fermentaci\u00f3n 7 d\u00edas a temperatura controlada de 24\u00baC. <\/strong><\/p>\n<p><strong>Tiempo total de maceraci\u00f3n 15 d\u00edas. <\/strong><\/p>\n<p><strong>Crianza en barricas de roble seleccionadas entre las mejores toneler\u00edas. <\/strong><\/p>\n<p><strong>50% en barricas de roble franc\u00e9s con tostado bajo y medio. 50% en barricas de roble americano con tostado bajo. 3 meses de estancia en barrica. <\/strong><\/p>\n<p><strong>Nota de cata <\/strong><\/p>\n<p><strong>Fase visual: Color rojo cereza cubierto, con tonos viol\u00e1ceos. <\/strong><\/p>\n<p><strong>Fase olfativa: Intensa fruta roja fresca, fresa, frambuesa, grosella, perfectamente ensamblada con recuerdos bals\u00e1micos. Vino floral con aromas sutiles y elegantes. <\/strong><\/p>\n<p><strong>Fase gustativa: Fresco, sabroso y frutal. Goloso y f\u00e1cil de beber. Equilibrado y de paso agradable.<\/strong><\/p>\n","protected":false},"featured_media":19288,"comment_status":"open","ping_status":"closed","template":"","meta":[],"product_brand":[],"product_cat":[420,29],"product_tag":[249,342,162,316],"class_list":{"0":"post-19287","1":"product","2":"type-product","3":"status-publish","4":"has-post-thumbnail","6":"product_cat-tinto","7":"product_cat-vinos","8":"product_tag-ribera-del-duero","9":"product_tag-roble","10":"product_tag-tempranillo","11":"product_tag-tinta-pais","13":"first","14":"instock","15":"shipping-taxable","16":"purchasable","17":"product-type-simple"},"_links":{"self":[{"href":"https:\/\/lawhiskeria.cr\/index.php?rest_route=\/wp\/v2\/product\/19287","targetHints":{"allow":["GET"]}}],"collection":[{"href":"https:\/\/lawhiskeria.cr\/index.php?rest_route=\/wp\/v2\/product"}],"about":[{"href":"https:\/\/lawhiskeria.cr\/index.php?rest_route=\/wp\/v2\/types\/product"}],"replies":[{"embeddable":true,"href":"https:\/\/lawhiskeria.cr\/index.php?rest_route=%2Fwp%2Fv2%2Fcomments&post=19287"}],"version-history":[{"count":1,"href":"https:\/\/lawhiskeria.cr\/index.php?rest_route=\/wp\/v2\/product\/19287\/revisions"}],"predecessor-version":[{"id":19289,"href":"https:\/\/lawhiskeria.cr\/index.php?rest_route=\/wp\/v2\/product\/19287\/revisions\/19289"}],"wp:featuredmedia":[{"embeddable":true,"href":"https:\/\/lawhiskeria.cr\/index.php?rest_route=\/wp\/v2\/media\/19288"}],"wp:attachment":[{"href":"https:\/\/lawhiskeria.cr\/index.php?rest_route=%2Fwp%2Fv2%2Fmedia&parent=19287"}],"wp:term":[{"taxonomy":"product_brand","embeddable":true,"href":"https:\/\/lawhiskeria.cr\/index.php?rest_route=%2Fwp%2Fv2%2Fproduct_brand&post=19287"},{"taxonomy":"product_cat","embeddable":true,"href":"https:\/\/lawhiskeria.cr\/index.php?rest_route=%2Fwp%2Fv2%2Fproduct_cat&post=19287"},{"taxonomy":"product_tag","embeddable":true,"href":"https:\/\/lawhiskeria.cr\/index.php?rest_route=%2Fwp%2Fv2%2Fproduct_tag&post=19287"}],"curies":[{"name":"wp","href":"https:\/\/api.w.org\/{rel}","templated":true}]}}