{"id":19190,"date":"2025-09-27T01:43:52","date_gmt":"2025-09-27T01:43:52","guid":{"rendered":"https:\/\/lawhiskeria.cr\/?post_type=product&#038;p=19190"},"modified":"2025-10-28T02:45:14","modified_gmt":"2025-10-28T02:45:14","slug":"riporta-primitivo-igt","status":"publish","type":"product","link":"https:\/\/lawhiskeria.cr\/?product=riporta-primitivo-igt","title":{"rendered":"Riporta Primitivo IGT"},"content":{"rendered":"","protected":false},"excerpt":{"rendered":"<p><strong>Variedad: Primitivo 100% <\/strong><\/p>\n<p><strong>\u00c1rea de producci\u00f3n: Salento, Puglia. <\/strong><\/p>\n<p><strong>Vi\u00f1edos: El vi\u00f1edo se encuentra a una distancia corta al este de Taranto en la pen\u00ednsula de Salento. Con un suelo rojo y arcilloso y la brisa del mar J\u00f3nico las uvas logran sabores delicados y frescos. Esta variedad le debe su nombre a su maduraci\u00f3n veloz y a que Primitivo viene del Latin &#8220;primativus&#8221; que significa&#8221; maduraci\u00f3n temprana&#8221;. <\/strong><\/p>\n<p><strong>Vinificaci\u00f3n: Las uvas son despalilladas y trituradas con una maceraci\u00f3n a una temperatura controlada durante 8 \u2013 10 d\u00edas. La fermentaci\u00f3n malol\u00e1ctica en acero inoxidable y la refinaci\u00f3n es en barricas de roble americano y franc\u00e9s y dura entre 4-5 meses. <\/strong><\/p>\n<p><strong>Caracter\u00edsticas sensoriales: <\/strong><\/p>\n<p><strong>Rojo rub\u00ed intenso con reflexiones violetas.<\/strong><\/p>\n<p><strong>Es complejo con muchos frutos rojos y cuerpo. Con bastantes taninos logra mantenerse suave y armonioso. Est\u00e1 listo para tomar. <\/strong><\/p>\n<p><strong>Maridaje: Carnes rojas y quesos medios. <\/strong><\/p>\n<p><strong>En\u00f3logo: Danilo Gizzi <\/strong><\/p>\n<p><strong>Temperatura para servir: 16-18\u00b0C.<\/strong><\/p>\n","protected":false},"featured_media":19191,"comment_status":"open","ping_status":"closed","template":"","meta":[],"product_brand":[],"product_cat":[420,29],"product_tag":[402,399,400,148,247],"class_list":{"0":"post-19190","1":"product","2":"type-product","3":"status-publish","4":"has-post-thumbnail","6":"product_cat-tinto","7":"product_cat-vinos","8":"product_tag-primitivo","9":"product_tag-puglia","10":"product_tag-salento","11":"product_tag-vino-italiano","12":"product_tag-vino-tinto","14":"first","15":"instock","16":"shipping-taxable","17":"purchasable","18":"product-type-simple"},"_links":{"self":[{"href":"https:\/\/lawhiskeria.cr\/index.php?rest_route=\/wp\/v2\/product\/19190","targetHints":{"allow":["GET"]}}],"collection":[{"href":"https:\/\/lawhiskeria.cr\/index.php?rest_route=\/wp\/v2\/product"}],"about":[{"href":"https:\/\/lawhiskeria.cr\/index.php?rest_route=\/wp\/v2\/types\/product"}],"replies":[{"embeddable":true,"href":"https:\/\/lawhiskeria.cr\/index.php?rest_route=%2Fwp%2Fv2%2Fcomments&post=19190"}],"version-history":[{"count":1,"href":"https:\/\/lawhiskeria.cr\/index.php?rest_route=\/wp\/v2\/product\/19190\/revisions"}],"predecessor-version":[{"id":19192,"href":"https:\/\/lawhiskeria.cr\/index.php?rest_route=\/wp\/v2\/product\/19190\/revisions\/19192"}],"wp:featuredmedia":[{"embeddable":true,"href":"https:\/\/lawhiskeria.cr\/index.php?rest_route=\/wp\/v2\/media\/19191"}],"wp:attachment":[{"href":"https:\/\/lawhiskeria.cr\/index.php?rest_route=%2Fwp%2Fv2%2Fmedia&parent=19190"}],"wp:term":[{"taxonomy":"product_brand","embeddable":true,"href":"https:\/\/lawhiskeria.cr\/index.php?rest_route=%2Fwp%2Fv2%2Fproduct_brand&post=19190"},{"taxonomy":"product_cat","embeddable":true,"href":"https:\/\/lawhiskeria.cr\/index.php?rest_route=%2Fwp%2Fv2%2Fproduct_cat&post=19190"},{"taxonomy":"product_tag","embeddable":true,"href":"https:\/\/lawhiskeria.cr\/index.php?rest_route=%2Fwp%2Fv2%2Fproduct_tag&post=19190"}],"curies":[{"name":"wp","href":"https:\/\/api.w.org\/{rel}","templated":true}]}}