{"id":19136,"date":"2025-09-13T01:29:32","date_gmt":"2025-09-13T01:29:32","guid":{"rendered":"https:\/\/lawhiskeria.cr\/?post_type=product&#038;p=19136"},"modified":"2026-01-01T23:25:55","modified_gmt":"2026-01-01T23:25:55","slug":"rose-de-noir","status":"publish","type":"product","link":"https:\/\/lawhiskeria.cr\/?product=rose-de-noir","title":{"rendered":"Cleto Chiarli Ros\u00e9 De Noir"},"content":{"rendered":"","protected":false},"excerpt":{"rendered":"<p><strong>Bodega Chiarli<\/strong><\/p>\n<p><strong>Mezcla de 85% Lambrusco Grasparossa y 15% Pinot Nero.<\/strong><\/p>\n<p><strong>Vino Spumante Italiano debido a la inclusion del Pinot Nero.<\/strong><\/p>\n<p><strong>Color rosado p\u00e1lido con destellos que pueden variar de salmonado a rosa intenso, dependiendo de la vinificaci\u00f3n. Aromas frescos y frutales, predominan las notas de fresas, cerezas y frambuesas, acompa\u00f1adas de ligeras notas florales y herb\u00e1ceas. En el paladar, es fresco y vibrante, con una acidez equilibrada que resalta los sabores frutales. La textura es ligera y suave, ofreciendo un final limpio y refrescante.<\/strong><\/p>\n<p><strong>Caracter\u00edsticas T\u00e9cnicas: Elaborado principalmente con uvas de Lambrusco, aunque puede incluir otras variedades locales que aportan complejidad. Emilia-Romagna, famosa por sus vinos de Lambrusco y por la tradici\u00f3n de producci\u00f3n de vinos espumosos.<\/strong><\/p>\n<p><strong>Vinificaci\u00f3n: Fermentaci\u00f3n en acero inoxidable para preservar los aromas y la frescura. La maceraci\u00f3n breve con las pieles de las uvas permite extraer el color y algunos compuestos arom\u00e1ticos sin sobrecargar el vino<\/strong><\/p>\n<p><strong>Grado Alcoh\u00f3lico: Alrededor del 12% vol, ideal para un vino fresco y f\u00e1cil de disfrutar.<\/strong><\/p>\n<p><strong>Maridaje: Este rosado es vers\u00e1til y se puede maridar con una amplia variedad de platos, como ensaladas, mariscos, pescados, pizzas y platos de pasta Tambi\u00e9n va muy bien con aperitivos y tapas.<\/strong><\/p>\n<p><strong>C\u00f3mo Servirlo: Servir entre 8-10\u00b0C para resaltar su frescura y aromas.<\/strong><\/p>\n<p><strong>Utilizar copas de vino rosado o copas de vino blanco, que permiten apreciar su color y aromas.<\/strong><\/p>\n<p><iframe loading=\"lazy\" title=\"YouTube video player\" src=\"https:\/\/www.youtube.com\/embed\/Fh4clFh-R8k?si=u-tHC7-Jcxtq_P5T&amp;start=2276\" width=\"560\" height=\"315\" frameborder=\"0\" allowfullscreen=\"allowfullscreen\"><\/iframe><\/p>\n","protected":false},"featured_media":19137,"comment_status":"open","ping_status":"closed","template":"","meta":[],"product_brand":[],"product_cat":[421,422,29],"product_tag":[384,388,147,148,196],"class_list":{"0":"post-19136","1":"product","2":"type-product","3":"status-publish","4":"has-post-thumbnail","6":"product_cat-blanco-y-rosado","7":"product_cat-espumosos","8":"product_cat-vinos","9":"product_tag-emilia-romagna","10":"product_tag-lambrusco","11":"product_tag-vino-espumoso","12":"product_tag-vino-italiano","13":"product_tag-vino-rosado","15":"first","16":"instock","17":"shipping-taxable","18":"purchasable","19":"product-type-simple"},"_links":{"self":[{"href":"https:\/\/lawhiskeria.cr\/index.php?rest_route=\/wp\/v2\/product\/19136","targetHints":{"allow":["GET"]}}],"collection":[{"href":"https:\/\/lawhiskeria.cr\/index.php?rest_route=\/wp\/v2\/product"}],"about":[{"href":"https:\/\/lawhiskeria.cr\/index.php?rest_route=\/wp\/v2\/types\/product"}],"replies":[{"embeddable":true,"href":"https:\/\/lawhiskeria.cr\/index.php?rest_route=%2Fwp%2Fv2%2Fcomments&post=19136"}],"version-history":[{"count":5,"href":"https:\/\/lawhiskeria.cr\/index.php?rest_route=\/wp\/v2\/product\/19136\/revisions"}],"predecessor-version":[{"id":19601,"href":"https:\/\/lawhiskeria.cr\/index.php?rest_route=\/wp\/v2\/product\/19136\/revisions\/19601"}],"wp:featuredmedia":[{"embeddable":true,"href":"https:\/\/lawhiskeria.cr\/index.php?rest_route=\/wp\/v2\/media\/19137"}],"wp:attachment":[{"href":"https:\/\/lawhiskeria.cr\/index.php?rest_route=%2Fwp%2Fv2%2Fmedia&parent=19136"}],"wp:term":[{"taxonomy":"product_brand","embeddable":true,"href":"https:\/\/lawhiskeria.cr\/index.php?rest_route=%2Fwp%2Fv2%2Fproduct_brand&post=19136"},{"taxonomy":"product_cat","embeddable":true,"href":"https:\/\/lawhiskeria.cr\/index.php?rest_route=%2Fwp%2Fv2%2Fproduct_cat&post=19136"},{"taxonomy":"product_tag","embeddable":true,"href":"https:\/\/lawhiskeria.cr\/index.php?rest_route=%2Fwp%2Fv2%2Fproduct_tag&post=19136"}],"curies":[{"name":"wp","href":"https:\/\/api.w.org\/{rel}","templated":true}]}}