{"id":19113,"date":"2025-09-10T22:29:14","date_gmt":"2025-09-10T22:29:14","guid":{"rendered":"https:\/\/lawhiskeria.cr\/?post_type=product&#038;p=19113"},"modified":"2025-10-28T02:27:53","modified_gmt":"2025-10-28T02:27:53","slug":"petite-fleur-chardonnay","status":"publish","type":"product","link":"https:\/\/lawhiskeria.cr\/?product=petite-fleur-chardonnay","title":{"rendered":"Petite Fleur Chardonnay"},"content":{"rendered":"<p><strong>Elaborado a baja temperatura y con m\u00ednima madera para preservar frescura, muestra la cara m\u00e1s n\u00edtida del Chardonnay de monta\u00f1a: fruta, tensi\u00f3n y una cremosidad delicada que realza su versatilidad culinaria.<\/strong><\/p>\n<p><strong>&#8220;L&#8217;Art de Transcender; trascender en el tiempo a trav\u00e9s de nuestros vinos: por nuestros hijos, por nuestra cultura de trabajo, por nuestra tierra y por nuestros or\u00edgenes. La sutil elegancia francesa y el cara\u0301cter u\u0301nico del terroir de Vista Flores, en el corazo\u0301n del Valle de Uco, se unen en la nueva imagen de Petite Fleur para revelar sus rai\u0301ces ma\u0301s profundas.<\/strong><\/p>\n<p><strong>La esencia de esta li\u0301nea nos habla del respeto por la tierra y por la naturaleza; y de la paciencia para lograr vinos de gran calidad. Trascender en el tiempo a trave\u0301s de nuestros vinos: por nuestros hijos, por nuestra cultura de trabajo, por nuestra tierra, por nuestros ori\u0301genes.&#8221;<\/strong><\/p>\n","protected":false},"excerpt":{"rendered":"<p><strong>Variedades de Uva: 100% Chardonnay<\/strong><\/p>\n<p><strong>A\u00f1ejamiento: 20 % del vino en barricas francesas de 2\u00ba\/3\u00ba uso durante 12 meses; 6 meses en botella.<\/strong><\/p>\n<p><strong>Calificaciones Profesionales: 93 puntos por James Suckling &#8211; Chardonnay firme, pulido y de final sabroso.<\/strong><\/p>\n<p><strong>Combina frescura de altura y leve crianza en roble. Perfil arom\u00e1tico de fruta blanca pura.<\/strong><\/p>\n<p><strong>Notas de Cata: De color amarillo cristalino y brillante. Su aroma remite a notas de frutas blancas de carozo. En boca posee buena acidez, se perciben sabores frutados. Es un vino fresco y elegante.<\/strong><\/p>\n<p><strong>Apariencia: Amarillo brillante y transl\u00facido.<\/strong><\/p>\n<p><strong>Nariz: Frutas de carozo, sutil vainilla, c\u00edtricos elegantes.<\/strong><\/p>\n<p><strong>Paladar: Buena acidez, textura sedosa, final limpio y frutal.<\/strong><\/p>\n<p><strong>Maridaje Ideal: Lasagna de mariscos cremosa. Ensaladas con pollo a la parrilla y c\u00edtricos.<\/strong><\/p>\n<p><strong>Sugerencia de Servicio: Aperitivo al atardecer a 10 \u00b0C.<\/strong><\/p>\n<p><strong>ABV 14.0% &#8211; 750 ml.<\/strong><\/p>\n","protected":false},"featured_media":19114,"comment_status":"open","ping_status":"closed","template":"","meta":[],"product_brand":[],"product_cat":[421,29],"product_tag":[199,151,159],"class_list":{"0":"post-19113","1":"product","2":"type-product","3":"status-publish","4":"has-post-thumbnail","6":"product_cat-blanco-y-rosado","7":"product_cat-vinos","8":"product_tag-chardonnay","9":"product_tag-vino-argentino","10":"product_tag-vino-blanco","12":"first","13":"instock","14":"shipping-taxable","15":"purchasable","16":"product-type-simple"},"_links":{"self":[{"href":"https:\/\/lawhiskeria.cr\/index.php?rest_route=\/wp\/v2\/product\/19113","targetHints":{"allow":["GET"]}}],"collection":[{"href":"https:\/\/lawhiskeria.cr\/index.php?rest_route=\/wp\/v2\/product"}],"about":[{"href":"https:\/\/lawhiskeria.cr\/index.php?rest_route=\/wp\/v2\/types\/product"}],"replies":[{"embeddable":true,"href":"https:\/\/lawhiskeria.cr\/index.php?rest_route=%2Fwp%2Fv2%2Fcomments&post=19113"}],"version-history":[{"count":1,"href":"https:\/\/lawhiskeria.cr\/index.php?rest_route=\/wp\/v2\/product\/19113\/revisions"}],"predecessor-version":[{"id":19115,"href":"https:\/\/lawhiskeria.cr\/index.php?rest_route=\/wp\/v2\/product\/19113\/revisions\/19115"}],"wp:featuredmedia":[{"embeddable":true,"href":"https:\/\/lawhiskeria.cr\/index.php?rest_route=\/wp\/v2\/media\/19114"}],"wp:attachment":[{"href":"https:\/\/lawhiskeria.cr\/index.php?rest_route=%2Fwp%2Fv2%2Fmedia&parent=19113"}],"wp:term":[{"taxonomy":"product_brand","embeddable":true,"href":"https:\/\/lawhiskeria.cr\/index.php?rest_route=%2Fwp%2Fv2%2Fproduct_brand&post=19113"},{"taxonomy":"product_cat","embeddable":true,"href":"https:\/\/lawhiskeria.cr\/index.php?rest_route=%2Fwp%2Fv2%2Fproduct_cat&post=19113"},{"taxonomy":"product_tag","embeddable":true,"href":"https:\/\/lawhiskeria.cr\/index.php?rest_route=%2Fwp%2Fv2%2Fproduct_tag&post=19113"}],"curies":[{"name":"wp","href":"https:\/\/api.w.org\/{rel}","templated":true}]}}