{"id":19020,"date":"2025-08-16T23:09:46","date_gmt":"2025-08-16T23:09:46","guid":{"rendered":"https:\/\/lawhiskeria.cr\/?post_type=product&#038;p=19020"},"modified":"2025-10-27T22:37:12","modified_gmt":"2025-10-27T22:37:12","slug":"7-colores-cortejo-cabernet-sauvignon","status":"publish","type":"product","link":"https:\/\/lawhiskeria.cr\/?product=7-colores-cortejo-cabernet-sauvignon","title":{"rendered":"7 Colores Cortejo Cabernet Sauvignon"},"content":{"rendered":"","protected":false},"excerpt":{"rendered":"<p><strong>D.O. Valle Central<\/strong><\/p>\n<p><strong>Cosecha: 2024<\/strong><\/p>\n<p><strong>Vi\u00f1edos: Valle Central. Presenta un clima templado, de tipo mediterr\u00e1neo con una gran amplitud t\u00e9rmica. Los suelos var\u00edan desde franco arenosos a arcillosos y pedregosos, con humedad y altitud variables. <\/strong><\/p>\n<p><strong>Vinificaci\u00f3n: La vinificaci\u00f3n est\u00e1 orientada a realzar los sabores y aromas t\u00edpicos de la variedad para obtener vinos frescos y frutales, de taninos suaves y amistosos. <\/strong><\/p>\n<p><strong>Guarda: Envejece en barricas previamente usadas durante seis meses hasta su envasado. <\/strong><\/p>\n<p><strong>Notas de Cata<\/strong><\/p>\n<p><strong>Color: Rojo rub\u00ed con reflejos violetas. <\/strong><\/p>\n<p><strong>Aroma: Frutillas y ciruelas maduras, con toques especiados. <\/strong><\/p>\n<p><strong>Sabor: Frutos rojos, taninos suaves, con un final dulce y agradable. <\/strong><\/p>\n<p><strong>Maridaje: Carnes rojas, solomillo de cerdo y empanadas de carne <\/strong><\/p>\n<p><strong>Temperatura de servicio: 16\u00b0-18\u00b0C <\/strong><\/p>\n<p><strong>Alcohol: 13.0 % <\/strong><\/p>\n<p><strong>pH: 3,36 <\/strong><\/p>\n<p><strong>Acidez total: 3.59 g\/L <\/strong><\/p>\n<p><strong>Az\u00facar Residual: 4.90 g\/L<\/strong><\/p>\n<p><iframe loading=\"lazy\" title=\"YouTube video player\" src=\"https:\/\/www.youtube.com\/embed\/0o9vPGGjNmA?si=7iLe7gtLWvE2A2SK&amp;start=3270\" width=\"560\" height=\"315\" frameborder=\"0\" allowfullscreen=\"allowfullscreen\"><\/iframe><\/p>\n","protected":false},"featured_media":19021,"comment_status":"open","ping_status":"closed","template":"","meta":[],"product_brand":[],"product_cat":[420,29],"product_tag":[158,378,156,247],"class_list":{"0":"post-19020","1":"product","2":"type-product","3":"status-publish","4":"has-post-thumbnail","6":"product_cat-tinto","7":"product_cat-vinos","8":"product_tag-cabernet-sauvignon","9":"product_tag-d-o-valle-central","10":"product_tag-vino-chileno","11":"product_tag-vino-tinto","13":"first","14":"instock","15":"shipping-taxable","16":"purchasable","17":"product-type-simple"},"_links":{"self":[{"href":"https:\/\/lawhiskeria.cr\/index.php?rest_route=\/wp\/v2\/product\/19020","targetHints":{"allow":["GET"]}}],"collection":[{"href":"https:\/\/lawhiskeria.cr\/index.php?rest_route=\/wp\/v2\/product"}],"about":[{"href":"https:\/\/lawhiskeria.cr\/index.php?rest_route=\/wp\/v2\/types\/product"}],"replies":[{"embeddable":true,"href":"https:\/\/lawhiskeria.cr\/index.php?rest_route=%2Fwp%2Fv2%2Fcomments&post=19020"}],"version-history":[{"count":3,"href":"https:\/\/lawhiskeria.cr\/index.php?rest_route=\/wp\/v2\/product\/19020\/revisions"}],"predecessor-version":[{"id":19334,"href":"https:\/\/lawhiskeria.cr\/index.php?rest_route=\/wp\/v2\/product\/19020\/revisions\/19334"}],"wp:featuredmedia":[{"embeddable":true,"href":"https:\/\/lawhiskeria.cr\/index.php?rest_route=\/wp\/v2\/media\/19021"}],"wp:attachment":[{"href":"https:\/\/lawhiskeria.cr\/index.php?rest_route=%2Fwp%2Fv2%2Fmedia&parent=19020"}],"wp:term":[{"taxonomy":"product_brand","embeddable":true,"href":"https:\/\/lawhiskeria.cr\/index.php?rest_route=%2Fwp%2Fv2%2Fproduct_brand&post=19020"},{"taxonomy":"product_cat","embeddable":true,"href":"https:\/\/lawhiskeria.cr\/index.php?rest_route=%2Fwp%2Fv2%2Fproduct_cat&post=19020"},{"taxonomy":"product_tag","embeddable":true,"href":"https:\/\/lawhiskeria.cr\/index.php?rest_route=%2Fwp%2Fv2%2Fproduct_tag&post=19020"}],"curies":[{"name":"wp","href":"https:\/\/api.w.org\/{rel}","templated":true}]}}