{"id":18886,"date":"2025-07-17T23:09:38","date_gmt":"2025-07-17T23:09:38","guid":{"rendered":"https:\/\/lawhiskeria.cr\/?post_type=product&#038;p=18886"},"modified":"2025-12-05T03:18:11","modified_gmt":"2025-12-05T03:18:11","slug":"ron-havana-club-anejo-7-anos","status":"publish","type":"product","link":"https:\/\/lawhiskeria.cr\/?product=ron-havana-club-anejo-7-anos","title":{"rendered":"Ron Havana Club A\u00f1ejo 7 a\u00f1os"},"content":{"rendered":"","protected":false},"excerpt":{"rendered":"<p><strong>HAVANA CLUB 7 A\u00d1OS<\/strong><\/p>\n<p><strong>\u201cLa aut\u00e9ntica esencia del ron cubano\u201d, como lo describe su creador, Don Jos\u00e9 Navarro. Havana Club 7 A\u00f1os demuestra a la perfecci\u00f3n la versatilidad del ron cubano de gran calidad, as\u00ed como el s\u00f3lido compromiso y experiencia de los Maestros del ron con un proceso de a\u00f1ejado complejo. \u00a1Para disfrutarse solo, con hielo o en c\u00f3cteles, pero siempre en buena compa\u00f1\u00eda!<\/strong><\/p>\n<p><strong>Perfiles de sabor<\/strong><\/p>\n<p><strong>Concebido para saborearlo y disfrutarlo con hielo e ideal para deliciosos c\u00f3cteles: Havana Club 7 A\u00f1os es muy vers\u00e1til. <\/strong><\/p>\n<p><strong>Este ron oscuro, madurado en barricas ex-bourbon, es un ejemplo de los sabores naturales e intensos de Cuba. <\/strong><\/p>\n<p><strong>El producto revela los sabores del terru\u00f1o cubano: matices de tabaco arom\u00e1tico, frutas tropicales dulces, melazas, especias y vainilla, enriquecidas por la lenta liberaci\u00f3n de los aromas en el proceso de a\u00f1ejado.<\/strong><\/p>\n<p><strong>ABV 40% \u2013 700 ml.<\/strong><\/p>\n","protected":false},"featured_media":18887,"comment_status":"open","ping_status":"closed","template":"","meta":[],"product_brand":[],"product_cat":[427,20],"product_tag":[372,145,339,371],"class_list":{"0":"post-18886","1":"product","2":"type-product","3":"status-publish","4":"has-post-thumbnail","6":"product_cat-ron","7":"product_cat-lpremium","8":"product_tag-barricas-ex-bourbon","9":"product_tag-ron","10":"product_tag-ron-anejo","11":"product_tag-ron-cubano","13":"first","14":"instock","15":"shipping-taxable","16":"purchasable","17":"product-type-simple"},"_links":{"self":[{"href":"https:\/\/lawhiskeria.cr\/index.php?rest_route=\/wp\/v2\/product\/18886","targetHints":{"allow":["GET"]}}],"collection":[{"href":"https:\/\/lawhiskeria.cr\/index.php?rest_route=\/wp\/v2\/product"}],"about":[{"href":"https:\/\/lawhiskeria.cr\/index.php?rest_route=\/wp\/v2\/types\/product"}],"replies":[{"embeddable":true,"href":"https:\/\/lawhiskeria.cr\/index.php?rest_route=%2Fwp%2Fv2%2Fcomments&post=18886"}],"version-history":[{"count":1,"href":"https:\/\/lawhiskeria.cr\/index.php?rest_route=\/wp\/v2\/product\/18886\/revisions"}],"predecessor-version":[{"id":18888,"href":"https:\/\/lawhiskeria.cr\/index.php?rest_route=\/wp\/v2\/product\/18886\/revisions\/18888"}],"wp:featuredmedia":[{"embeddable":true,"href":"https:\/\/lawhiskeria.cr\/index.php?rest_route=\/wp\/v2\/media\/18887"}],"wp:attachment":[{"href":"https:\/\/lawhiskeria.cr\/index.php?rest_route=%2Fwp%2Fv2%2Fmedia&parent=18886"}],"wp:term":[{"taxonomy":"product_brand","embeddable":true,"href":"https:\/\/lawhiskeria.cr\/index.php?rest_route=%2Fwp%2Fv2%2Fproduct_brand&post=18886"},{"taxonomy":"product_cat","embeddable":true,"href":"https:\/\/lawhiskeria.cr\/index.php?rest_route=%2Fwp%2Fv2%2Fproduct_cat&post=18886"},{"taxonomy":"product_tag","embeddable":true,"href":"https:\/\/lawhiskeria.cr\/index.php?rest_route=%2Fwp%2Fv2%2Fproduct_tag&post=18886"}],"curies":[{"name":"wp","href":"https:\/\/api.w.org\/{rel}","templated":true}]}}