{"id":18783,"date":"2025-06-21T00:25:31","date_gmt":"2025-06-21T00:25:31","guid":{"rendered":"https:\/\/lawhiskeria.cr\/?post_type=product&#038;p=18783"},"modified":"2025-10-28T00:00:11","modified_gmt":"2025-10-28T00:00:11","slug":"balbas-24-reserva-2018","status":"publish","type":"product","link":"https:\/\/lawhiskeria.cr\/?product=balbas-24-reserva-2018","title":{"rendered":"Balb\u00e1s 24 Reserva 2018"},"content":{"rendered":"<p><strong>DATOS t\u00e9cnicos: 5,5 gr\/L | PH 3,52 | ABV 15%<\/strong><\/p>\n<p><strong>PA\u00cdS: Espa\u00f1a. D.O Ribera del Duero <\/strong><\/p>\n<p><strong>CC.AA Castilla &#8211; Le\u00f3n<\/strong><\/p>\n<p><strong>REGI\u00d3N: La Horra (Burgos)<\/strong><\/p>\n<p><strong>PARCELA: Todos los vi\u00f1edos en propiedad<\/strong><\/p>\n<p><strong>A\u00d1ADA: 2018<\/strong><\/p>\n<p><strong>CRIANZA: 24 Meses en barrica roble franc\u00e9s<\/strong><\/p>\n<p><strong>UVA: 100% Tinto fino o Tempranillo<\/strong><\/p>\n<p><strong>SUELO: Franco arcilloso y terreno pedregoso con piedras de origen fluvial y glaciar<\/strong><\/p>\n<p><strong>ALTITUD: 830-880 metros<\/strong><\/p>\n<p><strong>VENDIMIA: Realizada la 3\u00ba semana de septiembre. Vendimia levemente adelantada. Manual con doble selecci\u00f3n, producci\u00f3n de 3.500kg\/ha<\/strong><\/p>\n","protected":false},"excerpt":{"rendered":"<p><strong>VINO: Fresco y elegante<\/strong><\/p>\n<p><strong>La expresi\u00f3n del terru\u00f1o que proviene. El terru\u00f1o de La Horra, formado por laderas de arenas, mezcladas con arcillas pobres salpicadas por oasis de pinos y encinas.<\/strong><\/p>\n<p><strong>Notas de cata<\/strong><\/p>\n<p><strong>Un vino con gran potencial de guarda. Ideal para consumir en el momento y perfecto para guardar durante muchos a\u00f1os.<\/strong><\/p>\n<p><strong>Color: Rojo intenso y con un marcado ribete viol\u00e1ceo.<\/strong><\/p>\n<p><strong>Nariz: Fruta negra, vainillas y especias. Notas minerales. Presenta la madera sutil y muy bien ensamblada con los aromas del vino.<\/strong><\/p>\n<p><strong>Boca: Persistente, con taninos suaves y dulces, untuoso y poco pesado. Muy equilibrado, con final suave y redondo.<\/strong><\/p>\n<p><strong>LA Vendimia y su Elaboraci\u00f3n: La vendimia de 2018 se hizo escalonada, paraje a paraje, esperando la perfecta maduraci\u00f3n de cada vi\u00f1a.<\/strong><\/p>\n<p><strong>Fue un oto\u00f1o m\u00e1s largo del habitual, no sucedi\u00e9ndose los fr\u00edos hasta bien entrado diciembre. La vi\u00f1a produjo sus primeros brotes en los \u00faltimos d\u00edas de abril. Podemos hablar de un a\u00f1o especialmente seco. Las temperaturas durante el final de la maduraci\u00f3n y las vendimias fueron m\u00e1s altas de lo habitual, permitiendo la perfecta maduraci\u00f3n.<\/strong><\/p>\n<p><strong>Con esto, tenemos unos vinos con un gran potencial de color, aromas y con mucho fresco y equilibrio.<\/strong><\/p>\n<p><strong>Una vendimia a mano en proceso de doble selecci\u00f3n. La fermentaci\u00f3n se realiza de forma natural en dep\u00f3sitos peque\u00f1os con levaduras ind\u00edgenas. La maceraci\u00f3n puede prolongarse hasta tres semanas. Descansa durante un total de 24 meses en barricas nuevas de roble franc\u00e9s, para posteriormente estar en botellas 18 meses m\u00e1s para terminar de redondearlo.<\/strong><\/p>\n<p><iframe loading=\"lazy\" title=\"YouTube video player\" src=\"https:\/\/www.youtube.com\/embed\/mJUx6wF9TWo?si=zu4wu7DcCsVwn2hb&amp;start=3781\" width=\"560\" height=\"315\" frameborder=\"0\" allowfullscreen=\"allowfullscreen\"><\/iframe><\/p>\n","protected":false},"featured_media":18784,"comment_status":"open","ping_status":"closed","template":"","meta":[],"product_brand":[],"product_cat":[420,29],"product_tag":[249,162,161],"class_list":{"0":"post-18783","1":"product","2":"type-product","3":"status-publish","4":"has-post-thumbnail","6":"product_cat-tinto","7":"product_cat-vinos","8":"product_tag-ribera-del-duero","9":"product_tag-tempranillo","10":"product_tag-tinto-fino","12":"first","13":"instock","14":"shipping-taxable","15":"purchasable","16":"product-type-simple"},"_links":{"self":[{"href":"https:\/\/lawhiskeria.cr\/index.php?rest_route=\/wp\/v2\/product\/18783","targetHints":{"allow":["GET"]}}],"collection":[{"href":"https:\/\/lawhiskeria.cr\/index.php?rest_route=\/wp\/v2\/product"}],"about":[{"href":"https:\/\/lawhiskeria.cr\/index.php?rest_route=\/wp\/v2\/types\/product"}],"replies":[{"embeddable":true,"href":"https:\/\/lawhiskeria.cr\/index.php?rest_route=%2Fwp%2Fv2%2Fcomments&post=18783"}],"version-history":[{"count":3,"href":"https:\/\/lawhiskeria.cr\/index.php?rest_route=\/wp\/v2\/product\/18783\/revisions"}],"predecessor-version":[{"id":19341,"href":"https:\/\/lawhiskeria.cr\/index.php?rest_route=\/wp\/v2\/product\/18783\/revisions\/19341"}],"wp:featuredmedia":[{"embeddable":true,"href":"https:\/\/lawhiskeria.cr\/index.php?rest_route=\/wp\/v2\/media\/18784"}],"wp:attachment":[{"href":"https:\/\/lawhiskeria.cr\/index.php?rest_route=%2Fwp%2Fv2%2Fmedia&parent=18783"}],"wp:term":[{"taxonomy":"product_brand","embeddable":true,"href":"https:\/\/lawhiskeria.cr\/index.php?rest_route=%2Fwp%2Fv2%2Fproduct_brand&post=18783"},{"taxonomy":"product_cat","embeddable":true,"href":"https:\/\/lawhiskeria.cr\/index.php?rest_route=%2Fwp%2Fv2%2Fproduct_cat&post=18783"},{"taxonomy":"product_tag","embeddable":true,"href":"https:\/\/lawhiskeria.cr\/index.php?rest_route=%2Fwp%2Fv2%2Fproduct_tag&post=18783"}],"curies":[{"name":"wp","href":"https:\/\/api.w.org\/{rel}","templated":true}]}}

Balbás 24 Reserva 2018

<p><strong>DATOS técnicos: 5,5 gr/L | PH 3,52 | ABV 15%</strong></p>
<p><strong>PAÍS: España. D.O Ribera del Duero </strong></p>
<p><strong>CC.AA Castilla &#8211; León</strong></p>
<p><strong>REGIÓN: La Horra (Burgos)</strong></p>
<p><strong>PARCELA: Todos los viñedos en propiedad</strong></p>
<p><strong>AÑADA: 2018</strong></p>
<p><strong>CRIANZA: 24 Meses en barrica roble francés</strong></p>
<p><strong>UVA: 100% Tinto fino o Tempranillo</strong></p>
<p><strong>SUELO: Franco arcilloso y terreno pedregoso con piedras de origen fluvial y glaciar</strong></p>
<p><strong>ALTITUD: 830-880 metros</strong></p>
<p><strong>VENDIMIA: Realizada la 3º semana de septiembre. Vendimia levemente adelantada. Manual con doble selección, producción de 3.500kg/ha</strong></p>

<p><strong>VINO: Fresco y elegante</strong></p>
<p><strong>La expresión del terruño que proviene. El terruño de La Horra, formado por laderas de arenas, mezcladas con arcillas pobres salpicadas por oasis de pinos y encinas.</strong></p>
<p><strong>Notas de cata</strong></p>
<p><strong>Un vino con gran potencial de guarda. Ideal para consumir en el momento y perfecto para guardar durante muchos años.</strong></p>
<p><strong>Color: Rojo intenso y con un marcado ribete violáceo.</strong></p>
<p><strong>Nariz: Fruta negra, vainillas y especias. Notas minerales. Presenta la madera sutil y muy bien ensamblada con los aromas del vino.</strong></p>
<p><strong>Boca: Persistente, con taninos suaves y dulces, untuoso y poco pesado. Muy equilibrado, con final suave y redondo.</strong></p>
<p><strong>LA Vendimia y su Elaboración: La vendimia de 2018 se hizo escalonada, paraje a paraje, esperando la perfecta maduración de cada viña.</strong></p>
<p><strong>Fue un otoño más largo del habitual, no sucediéndose los fríos hasta bien entrado diciembre. La viña produjo sus primeros brotes en los últimos días de abril. Podemos hablar de un año especialmente seco. Las temperaturas durante el final de la maduración y las vendimias fueron más altas de lo habitual, permitiendo la perfecta maduración.</strong></p>
<p><strong>Con esto, tenemos unos vinos con un gran potencial de color, aromas y con mucho fresco y equilibrio.</strong></p>
<p><strong>Una vendimia a mano en proceso de doble selección. La fermentación se realiza de forma natural en depósitos pequeños con levaduras indígenas. La maceración puede prolongarse hasta tres semanas. Descansa durante un total de 24 meses en barricas nuevas de roble francés, para posteriormente estar en botellas 18 meses más para terminar de redondearlo.</strong></p>
<p><iframe loading="lazy" title="YouTube video player" src="https://www.youtube.com/embed/mJUx6wF9TWo?si=zu4wu7DcCsVwn2hb&amp;start=3781" width="560" height="315" frameborder="0" allowfullscreen="allowfullscreen"></iframe></p>
