{"id":18721,"date":"2025-06-04T20:23:50","date_gmt":"2025-06-04T20:23:50","guid":{"rendered":"https:\/\/lawhiskeria.cr\/?post_type=product&#038;p=18721"},"modified":"2025-11-26T17:44:37","modified_gmt":"2025-11-26T17:44:37","slug":"ron-botran-18-anos-solera","status":"publish","type":"product","link":"https:\/\/lawhiskeria.cr\/?product=ron-botran-18-anos-solera","title":{"rendered":"Ron Botran 18 a\u00f1os Solera"},"content":{"rendered":"<p><strong>El Ron Botr\u00e1n Solera A\u00f1ejo 18 A\u00f1os, es un ron guatemalteco de gran calidad, envejecido mediante el sistema Solera para lograr una complejidad y suavidad excepcionales. Este ron ofrece una experiencia de cata rica y sofisticada.<\/strong><\/p>\n<p><strong>Ron Botran 18 posee un destilado a partir del jugo de ca\u00f1a de az\u00facar sometido a una lenta fermentaci\u00f3n. Con presencia de fruta caramelizada, nuez moscada y pimienta, cacao tostado y delicados frutos c\u00edtricos.<\/strong><\/p>\n<p><strong>Es a\u00f1ejado en altura, lo que le da ese sabor inconfundible. A\u00f1ejamiento din\u00e1mico (sistema solera adaptado). Mezcla de rones a\u00f1ejados de 5 a 18 a\u00f1os en barricas de whiskey americano, whiskey americano con tostado medio, vino de Jerez y vino de Oporto.<\/strong><\/p>\n","protected":false},"excerpt":{"rendered":"<p><strong>El Ron Botr\u00e1n Solera A\u00f1ejo 18 A\u00f1os, es un ron guatemalteco de gran calidad, envejecido mediante el sistema Solera para lograr una complejidad y suavidad excepcionales. Este ron ofrece una experiencia de cata rica y sofisticada.<\/strong><\/p>\n<p><strong>Nota de Cata:<\/strong><\/p>\n<p><strong>Color: \u00c1mbar oscuro con matices dorados.<\/strong><\/p>\n<p><strong>Aroma: En nariz, ofrece notas complejas de frutas secas, vainilla, especias y un toque de roble. Caf\u00e9 moka, tarta de manzana, caramelo y tabaco de liar con vainilla, chocolate negro y canela ligera.<\/strong><\/p>\n<p><strong>Sabor: En boca, es suave y equilibrado, con sabores de caramelo, frutas secas, especias y un final largo y elegante con notas de roble y chocolate. Rico y ligeramente dulce pastel de frutas con mantequilla que contiene pasas de uva rellenas, galleta de jengibre con roble seco ligeramente especiado con canela y caramelo salado.<\/strong><\/p>\n<p><strong>Final: Bizcocho de caramelo y fudge especiado con pimienta negra molida y jengibre confitado.<\/strong><\/p>\n<p><strong>ABV 40% &#8211; 750 ml.<\/strong><\/p>\n","protected":false},"featured_media":18722,"comment_status":"open","ping_status":"closed","template":"","meta":[],"product_brand":[],"product_cat":[427,20],"product_tag":[279,256,338,144,282,339,340],"class_list":{"0":"post-18721","1":"product","2":"type-product","3":"status-publish","4":"has-post-thumbnail","6":"product_cat-ron","7":"product_cat-lpremium","8":"product_tag-barricas-de-porto","9":"product_tag-barricas-ex-jerez","10":"product_tag-barricas-roble-americano","11":"product_tag-guatemala","12":"product_tag-ron-18-anos","13":"product_tag-ron-anejo","14":"product_tag-sistema-solera","16":"first","17":"instock","18":"shipping-taxable","19":"purchasable","20":"product-type-simple"},"_links":{"self":[{"href":"https:\/\/lawhiskeria.cr\/index.php?rest_route=\/wp\/v2\/product\/18721","targetHints":{"allow":["GET"]}}],"collection":[{"href":"https:\/\/lawhiskeria.cr\/index.php?rest_route=\/wp\/v2\/product"}],"about":[{"href":"https:\/\/lawhiskeria.cr\/index.php?rest_route=\/wp\/v2\/types\/product"}],"replies":[{"embeddable":true,"href":"https:\/\/lawhiskeria.cr\/index.php?rest_route=%2Fwp%2Fv2%2Fcomments&post=18721"}],"version-history":[{"count":1,"href":"https:\/\/lawhiskeria.cr\/index.php?rest_route=\/wp\/v2\/product\/18721\/revisions"}],"predecessor-version":[{"id":18723,"href":"https:\/\/lawhiskeria.cr\/index.php?rest_route=\/wp\/v2\/product\/18721\/revisions\/18723"}],"wp:featuredmedia":[{"embeddable":true,"href":"https:\/\/lawhiskeria.cr\/index.php?rest_route=\/wp\/v2\/media\/18722"}],"wp:attachment":[{"href":"https:\/\/lawhiskeria.cr\/index.php?rest_route=%2Fwp%2Fv2%2Fmedia&parent=18721"}],"wp:term":[{"taxonomy":"product_brand","embeddable":true,"href":"https:\/\/lawhiskeria.cr\/index.php?rest_route=%2Fwp%2Fv2%2Fproduct_brand&post=18721"},{"taxonomy":"product_cat","embeddable":true,"href":"https:\/\/lawhiskeria.cr\/index.php?rest_route=%2Fwp%2Fv2%2Fproduct_cat&post=18721"},{"taxonomy":"product_tag","embeddable":true,"href":"https:\/\/lawhiskeria.cr\/index.php?rest_route=%2Fwp%2Fv2%2Fproduct_tag&post=18721"}],"curies":[{"name":"wp","href":"https:\/\/api.w.org\/{rel}","templated":true}]}}