{"id":18668,"date":"2025-05-21T22:52:05","date_gmt":"2025-05-21T22:52:05","guid":{"rendered":"https:\/\/lawhiskeria.cr\/?post_type=product&#038;p=18668"},"modified":"2026-02-28T20:24:44","modified_gmt":"2026-02-28T20:24:44","slug":"shinzato-shuzo-japanese-whisky","status":"publish","type":"product","link":"https:\/\/lawhiskeria.cr\/?product=shinzato-shuzo-japanese-whisky","title":{"rendered":"Shinzato Japanese Whisky"},"content":{"rendered":"<p><strong>Desarrollamos este producto con el deseo de crear un whisky que sea exclusivamente de Okinawa, algo que s\u00f3lo la cervecer\u00eda m\u00e1s antigua de Okinawa puede hacer.<\/strong><\/p>\n<p><strong>Pensamos que, si a\u00f1ad\u00edamos demasiado alcohol, ir\u00edamos m\u00e1s all\u00e1 del marco del whisky y el producto tendr\u00eda buen sabor, pero se percibir\u00eda como si no fuera whisky.<\/strong><\/p>\n<p><strong>Por lo tanto, dado que se lanz\u00f3 como whisky, nuestro objetivo era crear un sabor que conservara el sabor original del whisky pero que tambi\u00e9n permitiera que se sintiera claramente el sabor del Awamori de Okinawa, que se mezcla con los licores.<\/strong><\/p>\n<p><strong>Utiliza Awamori a\u00f1ejado en barrica de roble de 13 a\u00f1os. Una mezcla dewhisky y licores mezclados del extranjero (Escocia) a base de Awamori a\u00f1ejado en barricas de roble de 13 a\u00f1os que agrega una dulzura delicada y suave derivada del arroz al poderoso sabor de la malta.<\/strong><\/p>\n<p><strong>Maduraci\u00f3n en barriles nuevos con mucho carb\u00f3n. <\/strong><strong>Al utilizar barriles nuevos con mucho carb\u00f3n, el aroma a vainilla del awamori a\u00f1ejo y el aroma a vainilla de los barriles se mezclan de manera compleja, creando un sabor rico y suave.<\/strong><\/p>\n<p><strong>M\u00e9todo de filtrado sin fr\u00edo: no se utiliza filtraci\u00f3n en fr\u00edo y los ricos componentes de aroma y sabor obtenidos durante el envejecimiento en barrica se embotellan sin dejar nada, lo que le permite disfrutar del sabor original del whisky.<\/strong><\/p>\n","protected":false},"excerpt":{"rendered":"<p><strong>Es una mezcla \u00fanica de whiskies de cebada malteada, trigo y arroz, a\u00f1ejados en barricas nuevas de roble americano y roble japon\u00e9s Mizunara con carbonizado alto, para lograr un equilibrio elegante entre suavidad, complejidad y car\u00e1cter.<\/strong><\/p>\n<p><strong>Inspirado en la tradici\u00f3n japonesa de precisi\u00f3n, pureza y respeto por los ingredientes, Shinzato representa un puente entre el arte del whisky escoc\u00e9s y la sensibilidad nipona, ofreciendo una experiencia sensorial \u00fanica que conquista.<\/strong><\/p>\n<p><strong>Vista: \u00c1mbar medio.<\/strong><\/p>\n<p><strong>Nariz: Aromas delicadamente equilibrados de caramelo suave, vainilla, frutas maduras (pera, manzana) y un sutil toque de roble tostado. Se perciben matices florales y una ligera nota especiada que aporta elegancia.<\/strong><\/p>\n<p><strong>Boca: Entrada sedosa y redonda, con sabores de miel, almendra, madera dulce y un toque de c\u00edtricos. La textura es suave y armoniosa, sin aristas. El sabor evoluciona hacia notas m\u00e1s profundas de malta tostada y un punto de t\u00e9 verde.<\/strong><\/p>\n<p><strong>Final: Persistente, suave y limpio. Deja un regusto ligeramente dulce con ecos de madera, fruta seca y especias suaves.<\/strong><\/p>\n<p><strong>Maridaje ideal: Yakiniku, carnes a la brasa, embutidos, Quesos duros (manchego, gouda curado) Pan de centeno o focaccia.<\/strong><\/p>\n<p><strong>ABV 43% &#8211; 700 ml.<\/strong><\/p>\n<p><iframe loading=\"lazy\" title=\"YouTube video player\" src=\"https:\/\/www.youtube.com\/embed\/Y2NE2oh6wvg?si=U735Wq3OcUy8h2Hx&amp;start=2614\" width=\"560\" height=\"315\" frameborder=\"0\" allowfullscreen=\"allowfullscreen\"><\/iframe><\/p>\n","protected":false},"featured_media":18669,"comment_status":"open","ping_status":"closed","template":"","meta":[],"product_brand":[],"product_cat":[32,71],"product_tag":[332,331,257,186],"class_list":{"0":"post-18668","1":"product","2":"type-product","3":"status-publish","4":"has-post-thumbnail","6":"product_cat-whisky","7":"product_cat-blends","8":"product_tag-awamori","9":"product_tag-blended","10":"product_tag-japanese-whisky","11":"product_tag-whisky-japones","13":"first","14":"outofstock","15":"shipping-taxable","16":"purchasable","17":"product-type-simple"},"_links":{"self":[{"href":"https:\/\/lawhiskeria.cr\/index.php?rest_route=\/wp\/v2\/product\/18668","targetHints":{"allow":["GET"]}}],"collection":[{"href":"https:\/\/lawhiskeria.cr\/index.php?rest_route=\/wp\/v2\/product"}],"about":[{"href":"https:\/\/lawhiskeria.cr\/index.php?rest_route=\/wp\/v2\/types\/product"}],"replies":[{"embeddable":true,"href":"https:\/\/lawhiskeria.cr\/index.php?rest_route=%2Fwp%2Fv2%2Fcomments&post=18668"}],"version-history":[{"count":7,"href":"https:\/\/lawhiskeria.cr\/index.php?rest_route=\/wp\/v2\/product\/18668\/revisions"}],"predecessor-version":[{"id":19006,"href":"https:\/\/lawhiskeria.cr\/index.php?rest_route=\/wp\/v2\/product\/18668\/revisions\/19006"}],"wp:featuredmedia":[{"embeddable":true,"href":"https:\/\/lawhiskeria.cr\/index.php?rest_route=\/wp\/v2\/media\/18669"}],"wp:attachment":[{"href":"https:\/\/lawhiskeria.cr\/index.php?rest_route=%2Fwp%2Fv2%2Fmedia&parent=18668"}],"wp:term":[{"taxonomy":"product_brand","embeddable":true,"href":"https:\/\/lawhiskeria.cr\/index.php?rest_route=%2Fwp%2Fv2%2Fproduct_brand&post=18668"},{"taxonomy":"product_cat","embeddable":true,"href":"https:\/\/lawhiskeria.cr\/index.php?rest_route=%2Fwp%2Fv2%2Fproduct_cat&post=18668"},{"taxonomy":"product_tag","embeddable":true,"href":"https:\/\/lawhiskeria.cr\/index.php?rest_route=%2Fwp%2Fv2%2Fproduct_tag&post=18668"}],"curies":[{"name":"wp","href":"https:\/\/api.w.org\/{rel}","templated":true}]}}