{"id":18607,"date":"2025-04-30T02:29:01","date_gmt":"2025-04-30T02:29:01","guid":{"rendered":"https:\/\/lawhiskeria.cr\/?post_type=product&#038;p=18607"},"modified":"2025-10-28T02:00:35","modified_gmt":"2025-10-28T02:00:35","slug":"hito","status":"publish","type":"product","link":"https:\/\/lawhiskeria.cr\/?product=hito","title":{"rendered":"Hito Tempranillo"},"content":{"rendered":"<p><strong>Este vino excepcional captura la esencia de la prestigiosa regi\u00f3n de Ribera del Duero con cada sorbo. Con una rica paleta de sabores que incluye notas intensas de frutas maduras y un cuerpo elegante, este tinto es verdaderamente inolvidable.<\/strong><\/p>\n<p><strong>Procedente de la renombrada bodega Cepa 21, este vino refleja la tradici\u00f3n y la pasi\u00f3n por la viticultura que caracterizan a esta reconocida casa vin\u00edcola. Cada botella es un testimonio de la artesan\u00eda y el cuidado que se dedican a cada cosecha, garantizando una calidad excepcional en cada copa.<\/strong><\/p>\n","protected":false},"excerpt":{"rendered":"<ul>\n<li><strong> Bodega: Cepa 21<\/strong><\/li>\n<li><strong>Localidad: Castrillo de Duero, Espa\u00f1a.<\/strong><\/li>\n<li><strong> DO: Ribera del Duero<\/strong><\/li>\n<li><strong>Variedad: 100% Tempranillo.<\/strong><\/li>\n<li><strong>Vendimia 2023<\/strong><\/li>\n<li><strong>8 meses en roble franc\u00e9s de 3 y 4to. uso.<\/strong><\/li>\n<\/ul>\n<p><strong>Notas de Cata:<\/strong><\/p>\n<p><strong>Apariencia: Color rojo intenso, brillante y limpio.<\/strong><\/p>\n<p><strong>Nariz: Aromas a frutas rojas maduras con toques de vainilla y especias.<\/strong><\/p>\n<p><strong>Paladar: Sabores dominantes de frutas negras, taninos suaves, textura sedosa y final persistente.<\/strong><\/p>\n<p><strong>Maridajes Recomendados: <\/strong><\/p>\n<p><strong>Pastas y salsas: Hito es perfecto para maridar platos de pasta con base de carne, como base de verduras, como una rica lasa\u00f1a. Su cuerpo y sus toques de frutas rojas acompa\u00f1an a la perfecci\u00f3n este tipo de elaboraciones.<\/strong><\/p>\n<p><strong>Postres: Hito resalta el sabor de elaboraciones dulces en las que el relleno de nata o los frutos secos son protagonistas ya que la juventud de Hito acompa\u00f1a a la perfecci\u00f3n la suntuosidad y cremosidad de este tipo de postres.<\/strong><\/p>\n<p><strong>PUNTUACI\u00d3N: 90\/100 en Wine Spectator. 93\/100 en Wine Enthusiast.<\/strong><\/p>\n<p><strong>ABV 14.5% &#8211; 750 ml.<\/strong><\/p>\n<p><iframe loading=\"lazy\" title=\"YouTube video player\" src=\"https:\/\/www.youtube.com\/embed\/94fcokOrFjE?si=Z5hYN7nrJbnXC1fF&amp;start=3964\" width=\"560\" height=\"315\" frameborder=\"0\" allowfullscreen=\"allowfullscreen\"><\/iframe><\/p>\n","protected":false},"featured_media":18629,"comment_status":"open","ping_status":"closed","template":"","meta":[],"product_brand":[],"product_cat":[420,29],"product_tag":[249,162,149,247],"class_list":{"0":"post-18607","1":"product","2":"type-product","3":"status-publish","4":"has-post-thumbnail","6":"product_cat-tinto","7":"product_cat-vinos","8":"product_tag-ribera-del-duero","9":"product_tag-tempranillo","10":"product_tag-vino-espanol","11":"product_tag-vino-tinto","13":"first","14":"instock","15":"shipping-taxable","16":"purchasable","17":"product-type-simple"},"_links":{"self":[{"href":"https:\/\/lawhiskeria.cr\/index.php?rest_route=\/wp\/v2\/product\/18607","targetHints":{"allow":["GET"]}}],"collection":[{"href":"https:\/\/lawhiskeria.cr\/index.php?rest_route=\/wp\/v2\/product"}],"about":[{"href":"https:\/\/lawhiskeria.cr\/index.php?rest_route=\/wp\/v2\/types\/product"}],"replies":[{"embeddable":true,"href":"https:\/\/lawhiskeria.cr\/index.php?rest_route=%2Fwp%2Fv2%2Fcomments&post=18607"}],"version-history":[{"count":8,"href":"https:\/\/lawhiskeria.cr\/index.php?rest_route=\/wp\/v2\/product\/18607\/revisions"}],"predecessor-version":[{"id":18817,"href":"https:\/\/lawhiskeria.cr\/index.php?rest_route=\/wp\/v2\/product\/18607\/revisions\/18817"}],"wp:featuredmedia":[{"embeddable":true,"href":"https:\/\/lawhiskeria.cr\/index.php?rest_route=\/wp\/v2\/media\/18629"}],"wp:attachment":[{"href":"https:\/\/lawhiskeria.cr\/index.php?rest_route=%2Fwp%2Fv2%2Fmedia&parent=18607"}],"wp:term":[{"taxonomy":"product_brand","embeddable":true,"href":"https:\/\/lawhiskeria.cr\/index.php?rest_route=%2Fwp%2Fv2%2Fproduct_brand&post=18607"},{"taxonomy":"product_cat","embeddable":true,"href":"https:\/\/lawhiskeria.cr\/index.php?rest_route=%2Fwp%2Fv2%2Fproduct_cat&post=18607"},{"taxonomy":"product_tag","embeddable":true,"href":"https:\/\/lawhiskeria.cr\/index.php?rest_route=%2Fwp%2Fv2%2Fproduct_tag&post=18607"}],"curies":[{"name":"wp","href":"https:\/\/api.w.org\/{rel}","templated":true}]}}