{"id":18421,"date":"2025-03-15T03:04:08","date_gmt":"2025-03-15T03:04:08","guid":{"rendered":"https:\/\/lawhiskeria.cr\/?post_type=product&#038;p=18421"},"modified":"2026-03-24T04:07:37","modified_gmt":"2026-03-24T04:07:37","slug":"protos-27","status":"publish","type":"product","link":"https:\/\/lawhiskeria.cr\/?product=protos-27","title":{"rendered":"PROTOS 27"},"content":{"rendered":"<p><iframe loading=\"lazy\" title=\"YouTube video player\" src=\"https:\/\/www.youtube.com\/embed\/hHp7zjzK8Ck?si=tPh3cgk5HKWRIQ3z&amp;start=2410\" width=\"560\" height=\"315\" frameborder=\"0\" allowfullscreen=\"allowfullscreen\"><\/iframe><\/p>\n","protected":false},"excerpt":{"rendered":"<p><strong>Procedencia: Ribera del Duero, Espa\u00f1a <\/strong><\/p>\n<p><strong>Variedad(es):\u00a0 Tinta del Pa\u00eds 100% <\/strong><\/p>\n<p><strong>Crianza:\u00a0 M\u00ednimo 16 meses en barricas nuevas de roble franc\u00e9s donde realiz\u00f3 en primer lugar la fermentaci\u00f3n malol\u00e1ctica y posteriormente la crianza. Al menos 12 meses en botella. <\/strong><\/p>\n<p><strong>Color: Intenso color rojo picota, con ribetes viol\u00e1ceos resultando un vino muy vivo y brillante. <\/strong><\/p>\n<p><strong>Nariz: Elegante, con fruta roja y negra madura y un toque fresco y original, que junto con especias dulces y finos tostados, hacen que sea un vino muy expresivo y de gran personalidad. <\/strong><\/p>\n<p><strong>Boca: Vino muy equilibrado y f\u00e1cil de beber, con taninos redondos y un final largo y muy agradable. <\/strong><\/p>\n<p><strong>Maridaje: Carnes asadas, cordero, cerdo ternera. Guisos y estofados, piezas de caza mayor, quesos curados. <\/strong><\/p>\n<p><strong>Comentarios del Sommelier o Aspectos relevantes: Protos\u201927 es el homenaje a los 11 visionarios que fundaron Protos. Un vino en el que se plasman 10 a\u00f1os de trabajo e investigaci\u00f3n en la mejora de las t\u00e9cnicas de cultivo, caracterizaci\u00f3n de vi\u00f1edos y de barricas y uso de levaduras aut\u00f3ctonas, La etiqueta fue la primera que us\u00f3 la bodega se denota que se llamaba bodega Ribera del Duero ellos cedieron la marca para crear la DO.<\/strong><\/p>\n","protected":false},"featured_media":18422,"comment_status":"open","ping_status":"closed","template":"","meta":[],"product_brand":[],"product_cat":[420,29],"product_tag":[249,162,316,149],"class_list":{"0":"post-18421","1":"product","2":"type-product","3":"status-publish","4":"has-post-thumbnail","6":"product_cat-tinto","7":"product_cat-vinos","8":"product_tag-ribera-del-duero","9":"product_tag-tempranillo","10":"product_tag-tinta-pais","11":"product_tag-vino-espanol","13":"first","14":"instock","15":"shipping-taxable","16":"purchasable","17":"product-type-simple"},"_links":{"self":[{"href":"https:\/\/lawhiskeria.cr\/index.php?rest_route=\/wp\/v2\/product\/18421","targetHints":{"allow":["GET"]}}],"collection":[{"href":"https:\/\/lawhiskeria.cr\/index.php?rest_route=\/wp\/v2\/product"}],"about":[{"href":"https:\/\/lawhiskeria.cr\/index.php?rest_route=\/wp\/v2\/types\/product"}],"replies":[{"embeddable":true,"href":"https:\/\/lawhiskeria.cr\/index.php?rest_route=%2Fwp%2Fv2%2Fcomments&post=18421"}],"version-history":[{"count":3,"href":"https:\/\/lawhiskeria.cr\/index.php?rest_route=\/wp\/v2\/product\/18421\/revisions"}],"predecessor-version":[{"id":19529,"href":"https:\/\/lawhiskeria.cr\/index.php?rest_route=\/wp\/v2\/product\/18421\/revisions\/19529"}],"wp:featuredmedia":[{"embeddable":true,"href":"https:\/\/lawhiskeria.cr\/index.php?rest_route=\/wp\/v2\/media\/18422"}],"wp:attachment":[{"href":"https:\/\/lawhiskeria.cr\/index.php?rest_route=%2Fwp%2Fv2%2Fmedia&parent=18421"}],"wp:term":[{"taxonomy":"product_brand","embeddable":true,"href":"https:\/\/lawhiskeria.cr\/index.php?rest_route=%2Fwp%2Fv2%2Fproduct_brand&post=18421"},{"taxonomy":"product_cat","embeddable":true,"href":"https:\/\/lawhiskeria.cr\/index.php?rest_route=%2Fwp%2Fv2%2Fproduct_cat&post=18421"},{"taxonomy":"product_tag","embeddable":true,"href":"https:\/\/lawhiskeria.cr\/index.php?rest_route=%2Fwp%2Fv2%2Fproduct_tag&post=18421"}],"curies":[{"name":"wp","href":"https:\/\/api.w.org\/{rel}","templated":true}]}}

<p><strong>Procedencia: Ribera del Duero, España </strong></p>
<p><strong>Variedad(es):  Tinta del País 100% </strong></p>
<p><strong>Crianza:  Mínimo 16 meses en barricas nuevas de roble francés donde realizó en primer lugar la fermentación maloláctica y posteriormente la crianza. Al menos 12 meses en botella. </strong></p>
<p><strong>Color: Intenso color rojo picota, con ribetes violáceos resultando un vino muy vivo y brillante. </strong></p>
<p><strong>Nariz: Elegante, con fruta roja y negra madura y un toque fresco y original, que junto con especias dulces y finos tostados, hacen que sea un vino muy expresivo y de gran personalidad. </strong></p>
<p><strong>Boca: Vino muy equilibrado y fácil de beber, con taninos redondos y un final largo y muy agradable. </strong></p>
<p><strong>Maridaje: Carnes asadas, cordero, cerdo ternera. Guisos y estofados, piezas de caza mayor, quesos curados. </strong></p>
<p><strong>Comentarios del Sommelier o Aspectos relevantes: Protos’27 es el homenaje a los 11 visionarios que fundaron Protos. Un vino en el que se plasman 10 años de trabajo e investigación en la mejora de las técnicas de cultivo, caracterización de viñedos y de barricas y uso de levaduras autóctonas, La etiqueta fue la primera que usó la bodega se denota que se llamaba bodega Ribera del Duero ellos cedieron la marca para crear la DO.</strong></p>
