{"id":18418,"date":"2025-03-15T02:58:43","date_gmt":"2025-03-15T02:58:43","guid":{"rendered":"https:\/\/lawhiskeria.cr\/?post_type=product&#038;p=18418"},"modified":"2026-03-24T04:12:07","modified_gmt":"2026-03-24T04:12:07","slug":"protos-reserva-tempranillo","status":"publish","type":"product","link":"https:\/\/lawhiskeria.cr\/?product=protos-reserva-tempranillo","title":{"rendered":"Protos Reserva Tempranillo"},"content":{"rendered":"<p><iframe loading=\"lazy\" title=\"YouTube video player\" src=\"https:\/\/www.youtube.com\/embed\/hHp7zjzK8Ck?si=TchaO5jikt5GXmYa&amp;start=1761\" width=\"560\" height=\"315\" frameborder=\"0\" allowfullscreen=\"allowfullscreen\"><\/iframe><\/p>\n","protected":false},"excerpt":{"rendered":"<p><strong>Procedencia: Ribera del Duero, Espa\u00f1a <\/strong><\/p>\n<p><strong>Variedad(es):\u00a0 Tinta del Pa\u00eds 100% <\/strong><\/p>\n<p><strong>Crianza:\u00a0 M\u00ednimo 18 meses en barricas americanas y francesas. 50% barricas nuevas de roble franc\u00e9s, 30% barricas francesas de un a\u00f1o, 20% barricas americanas de un a\u00f1o. Al menos 24 meses en botella. <\/strong><\/p>\n<p><strong>Color: Color rojo cereza oscuro, con destellos granates. <\/strong><\/p>\n<p><strong>Nariz: Intensa, fruta negra, regaliz, ligeros tostados, vainillas, especiados, tonos minerales y bals\u00e1micos. <\/strong><\/p>\n<p><strong>Boca: Buena acidez, con gran equilibrio fruta madera y un final persistente y arm\u00f3nico. <\/strong><\/p>\n<p><strong>Maridaje: Carnes rojas, platos con trufa, carnes y pescados ahumados, platos con salsas cremosas, quesos curados. <\/strong><\/p>\n<p><strong>Comentarios del Sommelier o Aspectos relevantes: Vi\u00f1edos muy viejos situados en laderas con orientaci\u00f3n Sur. Mayores de 50 a\u00f1os. Rendimiento de 2,500 kg\/ha. Vendimia manual.\u00a0 <\/strong><\/p>\n<p><strong>Protos al ser una de las primeras bodegas de la Ribera del Duero mantiene la tradici\u00f3n en algunas de sus etiquetas como se regulaban en aquella \u00e9poca vinos de 3 a\u00f1os, y 5 a\u00f1os de guarda.<\/strong><\/p>\n","protected":false},"featured_media":18419,"comment_status":"open","ping_status":"closed","template":"","meta":[],"product_brand":[],"product_cat":[420,29],"product_tag":[249,316,149,303],"class_list":{"0":"post-18418","1":"product","2":"type-product","3":"status-publish","4":"has-post-thumbnail","6":"product_cat-tinto","7":"product_cat-vinos","8":"product_tag-ribera-del-duero","9":"product_tag-tinta-pais","10":"product_tag-vino-espanol","11":"product_tag-vino-reserva","13":"first","14":"instock","15":"shipping-taxable","16":"purchasable","17":"product-type-simple"},"_links":{"self":[{"href":"https:\/\/lawhiskeria.cr\/index.php?rest_route=\/wp\/v2\/product\/18418","targetHints":{"allow":["GET"]}}],"collection":[{"href":"https:\/\/lawhiskeria.cr\/index.php?rest_route=\/wp\/v2\/product"}],"about":[{"href":"https:\/\/lawhiskeria.cr\/index.php?rest_route=\/wp\/v2\/types\/product"}],"replies":[{"embeddable":true,"href":"https:\/\/lawhiskeria.cr\/index.php?rest_route=%2Fwp%2Fv2%2Fcomments&post=18418"}],"version-history":[{"count":4,"href":"https:\/\/lawhiskeria.cr\/index.php?rest_route=\/wp\/v2\/product\/18418\/revisions"}],"predecessor-version":[{"id":19861,"href":"https:\/\/lawhiskeria.cr\/index.php?rest_route=\/wp\/v2\/product\/18418\/revisions\/19861"}],"wp:featuredmedia":[{"embeddable":true,"href":"https:\/\/lawhiskeria.cr\/index.php?rest_route=\/wp\/v2\/media\/18419"}],"wp:attachment":[{"href":"https:\/\/lawhiskeria.cr\/index.php?rest_route=%2Fwp%2Fv2%2Fmedia&parent=18418"}],"wp:term":[{"taxonomy":"product_brand","embeddable":true,"href":"https:\/\/lawhiskeria.cr\/index.php?rest_route=%2Fwp%2Fv2%2Fproduct_brand&post=18418"},{"taxonomy":"product_cat","embeddable":true,"href":"https:\/\/lawhiskeria.cr\/index.php?rest_route=%2Fwp%2Fv2%2Fproduct_cat&post=18418"},{"taxonomy":"product_tag","embeddable":true,"href":"https:\/\/lawhiskeria.cr\/index.php?rest_route=%2Fwp%2Fv2%2Fproduct_tag&post=18418"}],"curies":[{"name":"wp","href":"https:\/\/api.w.org\/{rel}","templated":true}]}}

<p><strong>Procedencia: Ribera del Duero, España </strong></p>
<p><strong>Variedad(es):  Tinta del País 100% </strong></p>
<p><strong>Crianza:  Mínimo 18 meses en barricas americanas y francesas. 50% barricas nuevas de roble francés, 30% barricas francesas de un año, 20% barricas americanas de un año. Al menos 24 meses en botella. </strong></p>
<p><strong>Color: Color rojo cereza oscuro, con destellos granates. </strong></p>
<p><strong>Nariz: Intensa, fruta negra, regaliz, ligeros tostados, vainillas, especiados, tonos minerales y balsámicos. </strong></p>
<p><strong>Boca: Buena acidez, con gran equilibrio fruta madera y un final persistente y armónico. </strong></p>
<p><strong>Maridaje: Carnes rojas, platos con trufa, carnes y pescados ahumados, platos con salsas cremosas, quesos curados. </strong></p>
<p><strong>Comentarios del Sommelier o Aspectos relevantes: Viñedos muy viejos situados en laderas con orientación Sur. Mayores de 50 años. Rendimiento de 2,500 kg/ha. Vendimia manual.  </strong></p>
<p><strong>Protos al ser una de las primeras bodegas de la Ribera del Duero mantiene la tradición en algunas de sus etiquetas como se regulaban en aquella época vinos de 3 años, y 5 años de guarda.</strong></p>
