{"id":18138,"date":"2025-01-10T21:52:10","date_gmt":"2025-01-10T21:52:10","guid":{"rendered":"https:\/\/lawhiskeria.cr\/?post_type=product&#038;p=18138"},"modified":"2026-01-19T18:31:44","modified_gmt":"2026-01-19T18:31:44","slug":"five-oclock-peanut-butter-whiskey-liqueur","status":"publish","type":"product","link":"https:\/\/lawhiskeria.cr\/?product=five-oclock-peanut-butter-whiskey-liqueur","title":{"rendered":"Five O\u2019Clock Peanut Butter Whiskey Liqueur"},"content":{"rendered":"","protected":false},"excerpt":{"rendered":"<p><strong>Five O\u2019Clock Whiskey Liqueur es un licor innovador que combina la suavidad del whiskey irland\u00e9s\u00a0 con un toque de dulzura y especias. Elaborado con whisky de alta calidad y macerado en Mallorca, Espa\u00f1a; con cacahuetes naturales y enriquecido con una mezcla de bot\u00e1nicos y aromas naturales. <\/strong><\/p>\n<p><strong>Este licor ofrece una experiencia de degustaci\u00f3n \u00fanica y seductora, con un sabor marcado a fruto seco natural, con aromas melosos y un final en boca delicioso. <\/strong><\/p>\n<p><strong>Las notas predominantes de caramelo, vainilla, man\u00ed, cacao y especias se fusionan perfectamente con los sutiles matices del whisky, creando un perfil de sabor profundo y equilibrado. <\/strong><\/p>\n<p><strong>Es de color oscuro no demasiado intenso, recordando el a\u00f1ejamiento del whisky y con una densidad perfecta.<\/strong><\/p>\n<p><strong>Aroma: Notas dulces y especiadas de caramelo y man\u00ed tostado.<\/strong><\/p>\n<p><strong>Sabor: Dulce, cremoso con un toque de especia, un perfil complejo que combina caramelo, cacao, vainilla y man\u00ed.<\/strong><\/p>\n<p><strong>Final: Largo y c\u00e1lido con un toque de man\u00ed dulce y con un olor delicioso.<\/strong><\/p>\n<p><strong>Se recomienda tomar bien fr\u00edo, solo o con hielo; tambi\u00e9n es perfecto para crear divertidos c\u00f3cteles como una versi\u00f3n sorprendente del c\u00f3ctel cl\u00e1sico Whisky Sour.<\/strong><\/p>\n<p><strong>Sugerencias de maridaje: Postres como chocolate negro, helado de vainilla, pastel de nuez. Queso cheddar a\u00f1ejo, queso azul, frutos secos, caf\u00e9 y chocolate caliente.<\/strong><\/p>\n<p><strong>ABV 35% &#8211; 700 ml.<\/strong><\/p>\n<p><iframe loading=\"lazy\" title=\"YouTube video player\" src=\"https:\/\/www.youtube.com\/embed\/ZTR9molh4cE?si=2FDd71IgPySvjy-w&amp;start=2286\" width=\"560\" height=\"315\" frameborder=\"0\" allowfullscreen=\"allowfullscreen\"><\/iframe><\/p>\n","protected":false},"featured_media":18139,"comment_status":"open","ping_status":"closed","template":"","meta":[],"product_brand":[],"product_cat":[72,20],"product_tag":[141,103,110],"class_list":{"0":"post-18138","1":"product","2":"type-product","3":"status-publish","4":"has-post-thumbnail","6":"product_cat-single-malt","7":"product_cat-lpremium","8":"product_tag-licor-a-base-de-whisky","9":"product_tag-licor-de-mantequilla-de-mani","10":"product_tag-whisky-escoces","12":"first","13":"outofstock","14":"shipping-taxable","15":"purchasable","16":"product-type-simple"},"_links":{"self":[{"href":"https:\/\/lawhiskeria.cr\/index.php?rest_route=\/wp\/v2\/product\/18138","targetHints":{"allow":["GET"]}}],"collection":[{"href":"https:\/\/lawhiskeria.cr\/index.php?rest_route=\/wp\/v2\/product"}],"about":[{"href":"https:\/\/lawhiskeria.cr\/index.php?rest_route=\/wp\/v2\/types\/product"}],"replies":[{"embeddable":true,"href":"https:\/\/lawhiskeria.cr\/index.php?rest_route=%2Fwp%2Fv2%2Fcomments&post=18138"}],"version-history":[{"count":6,"href":"https:\/\/lawhiskeria.cr\/index.php?rest_route=\/wp\/v2\/product\/18138\/revisions"}],"predecessor-version":[{"id":18471,"href":"https:\/\/lawhiskeria.cr\/index.php?rest_route=\/wp\/v2\/product\/18138\/revisions\/18471"}],"wp:featuredmedia":[{"embeddable":true,"href":"https:\/\/lawhiskeria.cr\/index.php?rest_route=\/wp\/v2\/media\/18139"}],"wp:attachment":[{"href":"https:\/\/lawhiskeria.cr\/index.php?rest_route=%2Fwp%2Fv2%2Fmedia&parent=18138"}],"wp:term":[{"taxonomy":"product_brand","embeddable":true,"href":"https:\/\/lawhiskeria.cr\/index.php?rest_route=%2Fwp%2Fv2%2Fproduct_brand&post=18138"},{"taxonomy":"product_cat","embeddable":true,"href":"https:\/\/lawhiskeria.cr\/index.php?rest_route=%2Fwp%2Fv2%2Fproduct_cat&post=18138"},{"taxonomy":"product_tag","embeddable":true,"href":"https:\/\/lawhiskeria.cr\/index.php?rest_route=%2Fwp%2Fv2%2Fproduct_tag&post=18138"}],"curies":[{"name":"wp","href":"https:\/\/api.w.org\/{rel}","templated":true}]}}