{"id":18113,"date":"2025-01-07T02:07:59","date_gmt":"2025-01-07T02:07:59","guid":{"rendered":"https:\/\/lawhiskeria.cr\/?post_type=product&#038;p=18113"},"modified":"2025-12-02T16:11:10","modified_gmt":"2025-12-02T16:11:10","slug":"isle-of-raasay-signature","status":"publish","type":"product","link":"https:\/\/lawhiskeria.cr\/?product=isle-of-raasay-signature","title":{"rendered":"Isle of Raasay Signature"},"content":{"rendered":"<p><strong>Primer whisky legal de la Isla de Raasay en la historia del whisky escoc\u00e9s<\/strong><\/p>\n<p><strong>Con sus ra\u00edces en siglos de destilaci\u00f3n il\u00edcita, la isla de Raasay, en las H\u00e9bridas, proporciona los ingredientes para el mejor whisky escoc\u00e9s.<\/strong><\/p>\n<p><strong>Combinando la tradici\u00f3n con el pensamiento contempor\u00e1neo. Esa es la manera de Raasay.<\/strong><\/p>\n<p><strong>Cada gota de aguardiente se destila, madura y embotella en la isla utilizando agua de nuestro pozo, Tobar na Ba B\u00e0ine, &#8216;Pozo de la Vaca P\u00e1lida&#8217;. Maximizar la influencia de la isla en nuestro esp\u00edritu al tiempo que apoyamos el empleo local.<\/strong><\/p>\n<p><strong>El agua Raasay rica en minerales y las fermentaciones largas de hasta 118 horas (5 d\u00edas) desarrollan las caracter\u00edsticas dulces de la mora en nuestro licor incluso antes de que toque el roble de la barrica.<\/strong><\/p>\n<p><strong>Nuestra receta cuidadosamente elaborada de Raasay Na Sia combina seis barricas exclusivas: aguardiente de la Isla de Raasay madurado y sin turba por separado en whisky American Rye, roble Chinkapin virgen y barricas de vino tinto de Burdeos. El primero de esta combinaci\u00f3n de barricas en la historia del whisky escoc\u00e9s.<\/strong><\/p>\n","protected":false},"excerpt":{"rendered":"<p><strong>Nuestro Isle of Raasay Signature Single Malt \u2013 THE DRAAM es ligeramente turbado equilibrado con ricos sabores de frutas negras, un perfil de sabor inspirado en algunos whiskies de malta ahumados de las H\u00e9bridas de estilo m\u00e1s antiguo.<\/strong><\/p>\n<p><strong>Dos bebidas espirituosas de la Isla de Raasay, con turba y sin turba, se maduran por separado en barricas de whiskey de centeno americano, roble Chinkapin fresco y barricas de vino tinto de Burdeos de primer llenado. Cada gota se destila, madura, embotella y se env\u00eda directamente desde Raasay. Se destila artesanalmente y consta de lotes peque\u00f1os.<\/strong><\/p>\n<p><strong>Notas de Cata: <\/strong><\/p>\n<p><strong>Color Dorado. (color natural y sin filtrado en fr\u00edo).<\/strong><\/p>\n<p><strong>Nariz a frutas oscuras (durazno y cherries) y notas ahumadas<\/strong><\/p>\n<p><strong>Paladar ahumado con frutos negros, especias y jengibre.<\/strong><\/p>\n<p><strong>Final avainillado con un toque de sal.<\/strong><\/p>\n<p><strong>ABV 46.4% &#8211; 700 ml.<\/strong><\/p>\n<p><strong>Maridajes salados Quesos Maduros, Semillas tostadas (Almendras), Salm\u00f3n Ahumado, Brisket Ahumado.\u00a0<\/strong><\/p>\n<p><strong>Maridajes dulces:\u00a0Pie de Durazno con Helado de Vainilla, Galletas de Jengibre, Pie de Manzana.<\/strong><\/p>\n<p><iframe loading=\"lazy\" title=\"YouTube video player\" src=\"https:\/\/www.youtube.com\/embed\/gsTSRFYaiqM?si=RNPSEkuHLCa8ajdp&amp;start=3479\" width=\"560\" height=\"315\" frameborder=\"0\" allowfullscreen=\"allowfullscreen\"><\/iframe><\/p>\n","protected":false},"featured_media":18114,"comment_status":"open","ping_status":"closed","template":"","meta":[],"product_brand":[],"product_cat":[32,72],"product_tag":[289,291,290,108,110],"class_list":{"0":"post-18113","1":"product","2":"type-product","3":"status-publish","4":"has-post-thumbnail","6":"product_cat-whisky","7":"product_cat-single-malt","8":"product_tag-barricas-de-rye-whiskey","9":"product_tag-barricas-de-vino-tinto-de-burdeos","10":"product_tag-roble-chinkapin","11":"product_tag-single-malt","12":"product_tag-whisky-escoces","14":"first","15":"instock","16":"shipping-taxable","17":"purchasable","18":"product-type-simple"},"_links":{"self":[{"href":"https:\/\/lawhiskeria.cr\/index.php?rest_route=\/wp\/v2\/product\/18113","targetHints":{"allow":["GET"]}}],"collection":[{"href":"https:\/\/lawhiskeria.cr\/index.php?rest_route=\/wp\/v2\/product"}],"about":[{"href":"https:\/\/lawhiskeria.cr\/index.php?rest_route=\/wp\/v2\/types\/product"}],"replies":[{"embeddable":true,"href":"https:\/\/lawhiskeria.cr\/index.php?rest_route=%2Fwp%2Fv2%2Fcomments&post=18113"}],"version-history":[{"count":4,"href":"https:\/\/lawhiskeria.cr\/index.php?rest_route=\/wp\/v2\/product\/18113\/revisions"}],"predecessor-version":[{"id":18470,"href":"https:\/\/lawhiskeria.cr\/index.php?rest_route=\/wp\/v2\/product\/18113\/revisions\/18470"}],"wp:featuredmedia":[{"embeddable":true,"href":"https:\/\/lawhiskeria.cr\/index.php?rest_route=\/wp\/v2\/media\/18114"}],"wp:attachment":[{"href":"https:\/\/lawhiskeria.cr\/index.php?rest_route=%2Fwp%2Fv2%2Fmedia&parent=18113"}],"wp:term":[{"taxonomy":"product_brand","embeddable":true,"href":"https:\/\/lawhiskeria.cr\/index.php?rest_route=%2Fwp%2Fv2%2Fproduct_brand&post=18113"},{"taxonomy":"product_cat","embeddable":true,"href":"https:\/\/lawhiskeria.cr\/index.php?rest_route=%2Fwp%2Fv2%2Fproduct_cat&post=18113"},{"taxonomy":"product_tag","embeddable":true,"href":"https:\/\/lawhiskeria.cr\/index.php?rest_route=%2Fwp%2Fv2%2Fproduct_tag&post=18113"}],"curies":[{"name":"wp","href":"https:\/\/api.w.org\/{rel}","templated":true}]}}