{"id":18103,"date":"2025-01-04T21:09:31","date_gmt":"2025-01-04T21:09:31","guid":{"rendered":"https:\/\/lawhiskeria.cr\/?post_type=product&#038;p=18103"},"modified":"2025-10-28T02:20:07","modified_gmt":"2025-10-28T02:20:07","slug":"nok-crianza-rioja","status":"publish","type":"product","link":"https:\/\/lawhiskeria.cr\/?product=nok-crianza-rioja","title":{"rendered":"\u00d1OK Crianza Rioja"},"content":{"rendered":"<p><strong>Muchos conocer\u00e1n el \u00d1ok como un vino caracter\u00edstico, elegante, poderoso y un cl\u00e1sico Rioja. \u00a1Pero para nosotros es mucho m\u00e1s! \u00d1ok es nuestro primog\u00e9nito y por muchos a\u00f1os ha sido la representaci\u00f3n m\u00e1s predominante de nuestra marca.<\/strong><\/p>\n<p><strong>Este vi\u00f1edo de m\u00e1s de 50 a\u00f1os es la mayor garant\u00eda de calidad a\u00f1o tras a\u00f1o en la elaboraci\u00f3n de \u00d1OK. Suelo arcillo-calc\u00e1reo (excelente para que las cepas absorban la humedad necesaria), clima y ubicaci\u00f3n de los vi\u00f1edos tras la Sierra de Cantabria.<\/strong><\/p>\n","protected":false},"excerpt":{"rendered":"<p><strong>Muchos conocer\u00e1n el \u00d1ok como un vino caracter\u00edstico, elegante, poderoso y un cl\u00e1sico Rioja. \u00a1Pero para nosotros es mucho m\u00e1s! \u00d1ok es nuestro primog\u00e9nito y por muchos a\u00f1os ha sido la representaci\u00f3n m\u00e1s predominante de nuestra marca.<\/strong><\/p>\n<p><strong>Este vi\u00f1edo de m\u00e1s de 50 a\u00f1os es la mayor garant\u00eda de calidad a\u00f1o tras a\u00f1o en la elaboraci\u00f3n de \u00d1OK. Suelo arcillo-calc\u00e1reo (excelente para que las cepas absorban la humedad necesaria), clima y ubicaci\u00f3n de los vi\u00f1edos tras la Sierra de Cantabria.<\/strong><\/p>\n<p><strong>Origen: D.O Rioja Alavesa.<\/strong><\/p>\n<p><strong>Maduraci\u00f3n: 15 meses en roble franc\u00e9s.<\/strong><\/p>\n<p><strong>Notas de Cata:<\/strong><\/p>\n<p><strong>De color rojo picota, muy brillante. <\/strong><\/p>\n<p><strong>En nariz posee aroma a fruta roja madura y especias negras. Destaca su mineralidad, que le aporta un car\u00e1cter fresco y elegante. <\/strong><\/p>\n<p><strong>En boca est\u00e1 perfectamente estructurado, con cuerpo, taninos maduros, buena acidez, sabroso y amplio. <\/strong><\/p>\n<p><strong>Tiene un retrogusto largo y armonioso.<\/strong><\/p>\n<p><strong>ABV 14% &#8211; 750 ml.<\/strong><\/p>\n<p><iframe loading=\"lazy\" title=\"YouTube video player\" src=\"https:\/\/www.youtube.com\/embed\/F6drWNegtOg?si=JfZFiXnKV44Vl5Vu&amp;start=1737\" width=\"560\" height=\"315\" frameborder=\"0\" allowfullscreen=\"allowfullscreen\"><\/iframe><\/p>\n","protected":false},"featured_media":18104,"comment_status":"open","ping_status":"closed","template":"","meta":[],"product_brand":[],"product_cat":[420,29],"product_tag":[245,162,149,247],"class_list":{"0":"post-18103","1":"product","2":"type-product","3":"status-publish","4":"has-post-thumbnail","6":"product_cat-tinto","7":"product_cat-vinos","8":"product_tag-rioja","9":"product_tag-tempranillo","10":"product_tag-vino-espanol","11":"product_tag-vino-tinto","13":"first","14":"instock","15":"shipping-taxable","16":"purchasable","17":"product-type-simple"},"_links":{"self":[{"href":"https:\/\/lawhiskeria.cr\/index.php?rest_route=\/wp\/v2\/product\/18103","targetHints":{"allow":["GET"]}}],"collection":[{"href":"https:\/\/lawhiskeria.cr\/index.php?rest_route=\/wp\/v2\/product"}],"about":[{"href":"https:\/\/lawhiskeria.cr\/index.php?rest_route=\/wp\/v2\/types\/product"}],"replies":[{"embeddable":true,"href":"https:\/\/lawhiskeria.cr\/index.php?rest_route=%2Fwp%2Fv2%2Fcomments&post=18103"}],"version-history":[{"count":5,"href":"https:\/\/lawhiskeria.cr\/index.php?rest_route=\/wp\/v2\/product\/18103\/revisions"}],"predecessor-version":[{"id":18472,"href":"https:\/\/lawhiskeria.cr\/index.php?rest_route=\/wp\/v2\/product\/18103\/revisions\/18472"}],"wp:featuredmedia":[{"embeddable":true,"href":"https:\/\/lawhiskeria.cr\/index.php?rest_route=\/wp\/v2\/media\/18104"}],"wp:attachment":[{"href":"https:\/\/lawhiskeria.cr\/index.php?rest_route=%2Fwp%2Fv2%2Fmedia&parent=18103"}],"wp:term":[{"taxonomy":"product_brand","embeddable":true,"href":"https:\/\/lawhiskeria.cr\/index.php?rest_route=%2Fwp%2Fv2%2Fproduct_brand&post=18103"},{"taxonomy":"product_cat","embeddable":true,"href":"https:\/\/lawhiskeria.cr\/index.php?rest_route=%2Fwp%2Fv2%2Fproduct_cat&post=18103"},{"taxonomy":"product_tag","embeddable":true,"href":"https:\/\/lawhiskeria.cr\/index.php?rest_route=%2Fwp%2Fv2%2Fproduct_tag&post=18103"}],"curies":[{"name":"wp","href":"https:\/\/api.w.org\/{rel}","templated":true}]}}