{"id":18081,"date":"2024-12-25T18:51:54","date_gmt":"2024-12-25T18:51:54","guid":{"rendered":"https:\/\/lawhiskeria.cr\/?post_type=product&#038;p=18081"},"modified":"2026-04-01T00:49:32","modified_gmt":"2026-04-01T00:49:32","slug":"glasgow-1770-triple-destilado","status":"publish","type":"product","link":"https:\/\/lawhiskeria.cr\/?product=glasgow-1770-triple-destilado","title":{"rendered":"Glasgow 1770 Triple Destilado"},"content":{"rendered":"<p><strong>El whisky escoc\u00e9s de pura malta Glasgow 1770, destilado tres veces, tiene un car\u00e1cter vibrante y suave. Este whisky excepcional se elabora a partir de la mejor cebada malteada y agua pura del lago Katrine, se fermenta durante m\u00e1s de 72 horas y luego se destila tres veces meticulosamente en alambiques de cobre tradicionales.<\/strong><\/p>\n<p><strong>La tercera destilaci\u00f3n elimina los compuestos m\u00e1s pesados \u200b\u200by aceitosos, dejando solo el licor m\u00e1s ligero y puro. Esto da como resultado un licor de nueva elaboraci\u00f3n que es maravillosamente afrutado y brillante, que luego se madura en una combinaci\u00f3n de barricas de ex bourbon y barricas de roble americano virgen, que se combinan antes del embotellado.<\/strong><\/p>\n<p><strong>Este whisky, que no se filtra en fr\u00edo y tiene un color natural, se embotella con un 46% de alcohol por volumen. El resultado es un whisky de malta puro equilibrado y vibrante, con notas de galletas de mantequilla, coco, miel y crema doble, con un toque c\u00e1lido de especias amaderadas.<\/strong><\/p>\n","protected":false},"excerpt":{"rendered":"<p><strong>Notas de cata &#8211; Suave y vibrante<\/strong><\/p>\n<p><strong>Color natural, sin filtrado en fr\u00edo.<\/strong><\/p>\n<p><strong>Nariz: La nariz se abre a vainilla dulce y chocolate blanco que dan paso a frutas frescas de verano como manzana arom\u00e1tica, pera y melocotones.<\/strong><\/p>\n<p><strong>Paladar: El paladar es bien equilibrado y suave, con vainilla vibrante, caramelo suave y crema doble que se abren a suculentas frutas y bayas del huerto, seguidas de delicadas notas florales junto con un dulce sabor a almendra.<\/strong><\/p>\n<p><strong>Finalizar: El final es largo y persistente, con notas de rica miel, an\u00eds y pimienta negra y toques de c\u00e1lidas especias amaderadas.<\/strong><\/p>\n<p><strong>ABV 46% &#8211; 700 ml.<\/strong><\/p>\n<p><strong>Maridar con: Quesos blandos, frutos secos y nueces tostadas secas.<\/strong><\/p>\n<p><strong>Premios: Masters del whisky escoc\u00e9s 2022 MAESTRO, IWSC 2022 ORO, San Francisco World Spirits Competition 2021 PLATA.<\/strong><\/p>\n","protected":false},"featured_media":18293,"comment_status":"open","ping_status":"closed","template":"","meta":[],"product_brand":[],"product_cat":[32,72],"product_tag":[108,110],"class_list":{"0":"post-18081","1":"product","2":"type-product","3":"status-publish","4":"has-post-thumbnail","6":"product_cat-whisky","7":"product_cat-single-malt","8":"product_tag-single-malt","9":"product_tag-whisky-escoces","11":"first","12":"instock","13":"shipping-taxable","14":"purchasable","15":"product-type-simple"},"_links":{"self":[{"href":"https:\/\/lawhiskeria.cr\/index.php?rest_route=\/wp\/v2\/product\/18081","targetHints":{"allow":["GET"]}}],"collection":[{"href":"https:\/\/lawhiskeria.cr\/index.php?rest_route=\/wp\/v2\/product"}],"about":[{"href":"https:\/\/lawhiskeria.cr\/index.php?rest_route=\/wp\/v2\/types\/product"}],"replies":[{"embeddable":true,"href":"https:\/\/lawhiskeria.cr\/index.php?rest_route=%2Fwp%2Fv2%2Fcomments&post=18081"}],"version-history":[{"count":1,"href":"https:\/\/lawhiskeria.cr\/index.php?rest_route=\/wp\/v2\/product\/18081\/revisions"}],"predecessor-version":[{"id":18083,"href":"https:\/\/lawhiskeria.cr\/index.php?rest_route=\/wp\/v2\/product\/18081\/revisions\/18083"}],"wp:featuredmedia":[{"embeddable":true,"href":"https:\/\/lawhiskeria.cr\/index.php?rest_route=\/wp\/v2\/media\/18293"}],"wp:attachment":[{"href":"https:\/\/lawhiskeria.cr\/index.php?rest_route=%2Fwp%2Fv2%2Fmedia&parent=18081"}],"wp:term":[{"taxonomy":"product_brand","embeddable":true,"href":"https:\/\/lawhiskeria.cr\/index.php?rest_route=%2Fwp%2Fv2%2Fproduct_brand&post=18081"},{"taxonomy":"product_cat","embeddable":true,"href":"https:\/\/lawhiskeria.cr\/index.php?rest_route=%2Fwp%2Fv2%2Fproduct_cat&post=18081"},{"taxonomy":"product_tag","embeddable":true,"href":"https:\/\/lawhiskeria.cr\/index.php?rest_route=%2Fwp%2Fv2%2Fproduct_tag&post=18081"}],"curies":[{"name":"wp","href":"https:\/\/api.w.org\/{rel}","templated":true}]}}