{"id":17999,"date":"2024-12-05T20:59:01","date_gmt":"2024-12-05T20:59:01","guid":{"rendered":"https:\/\/lawhiskeria.cr\/?post_type=product&#038;p=17999"},"modified":"2025-11-09T23:13:31","modified_gmt":"2025-11-09T23:13:31","slug":"ron-carupano-18-anos","status":"publish","type":"product","link":"https:\/\/lawhiskeria.cr\/?product=ron-carupano-18-anos","title":{"rendered":"Ron Car\u00fapano 18 a\u00f1os"},"content":{"rendered":"<p><strong>Galardonado como el mejor Ron del Mundo, Ron Car\u00fapano es reconocido como uno de los rones Premium de Venezuela por sus m\u00e1s de 250 a\u00f1os de tradici\u00f3n.<\/strong><\/p>\n<p><strong>Un contexto exigente, un microclima excepcional, largos per\u00edodos de a\u00f1ejamiento y agua pura de manantial junto a la amplia trayectoria de maestr\u00eda ronera, son los elementos que diferencian a Ron Car\u00fapano de otras marcas. Somos una marca avocada a crear experiencias \u00a0que eleven las ocasiones a otro nivel.<\/strong><\/p>\n<p><strong>MUJERES LIDERANDO EN EL MUNDO DEL RON<\/strong><\/p>\n<p><strong>Como es el caso de Carmen L\u00f3pez de Bastidas, la primera maestra ronera certificada en Venezuela, quien ha trabajado por m\u00e1s de 31 a\u00f1os en los perfiles inigualables de Ron Car\u00fapano, que tienen un toque especial gracias a la sensibilidad femenina y nariz de oro de la maestra al liderar nuestras mezclas.<\/strong><\/p>\n","protected":false},"excerpt":{"rendered":"<p><strong>RON CAR\u00daPANO 18 RESERVA PRIVADA<\/strong><\/p>\n<p><strong>100% ca\u00f1a de az\u00facar<\/strong><\/p>\n<p><strong>Ingredientes: Melaza + Levadura + Agua<\/strong><\/p>\n<p><strong>Mezclado con agua pura de manantial Sin az\u00facares a\u00f1adidos menos de 2 g por litro<\/strong><\/p>\n<p><strong>Libre de Gluten<\/strong><\/p>\n<p><strong>Sin ingredientes artificiales<\/strong><\/p>\n<p><strong>DOC: Ron de Venezuela<\/strong><\/p>\n<p><strong>A\u00f1ejamiento en roble blanco americano por 18 a\u00f1os sin reposici\u00f3n de mermas.<\/strong><\/p>\n<ul>\n<li><strong> Envejecido a 3 km del mar Caribe.<\/strong><\/li>\n<li><strong> Altas temperaturas durante el d\u00eda y bajas temperaturas durante la noche optimizan el proceso de a\u00f1ejamiento hasta 3 veces.<\/strong><\/li>\n<\/ul>\n<p><strong>NOTAS DE CATA<\/strong><\/p>\n<p><strong>Posee un color \u00e1mbar con destellos dorados brillantes. <\/strong><\/p>\n<p><strong>Delicado en nariz con aromas a frutos confitados con notas moderadas de madera, almendras y miel. Entrada vigorosa, con cuerpo firme y balanceado. <\/strong><\/p>\n<p><strong>Agradable permanencia en boca con un final meloso y prolongado con sabor a higos y chocolates.<\/strong><\/p>\n<p><strong>ABV 40% &#8211; 750 ml.<\/strong><\/p>\n","protected":false},"featured_media":18000,"comment_status":"open","ping_status":"closed","template":"","meta":[],"product_brand":[],"product_cat":[427,20],"product_tag":[145,282,281],"class_list":{"0":"post-17999","1":"product","2":"type-product","3":"status-publish","4":"has-post-thumbnail","6":"product_cat-ron","7":"product_cat-lpremium","8":"product_tag-ron","9":"product_tag-ron-18-anos","10":"product_tag-ron-venezolano","12":"first","13":"instock","14":"shipping-taxable","15":"purchasable","16":"product-type-simple"},"_links":{"self":[{"href":"https:\/\/lawhiskeria.cr\/index.php?rest_route=\/wp\/v2\/product\/17999","targetHints":{"allow":["GET"]}}],"collection":[{"href":"https:\/\/lawhiskeria.cr\/index.php?rest_route=\/wp\/v2\/product"}],"about":[{"href":"https:\/\/lawhiskeria.cr\/index.php?rest_route=\/wp\/v2\/types\/product"}],"replies":[{"embeddable":true,"href":"https:\/\/lawhiskeria.cr\/index.php?rest_route=%2Fwp%2Fv2%2Fcomments&post=17999"}],"version-history":[{"count":1,"href":"https:\/\/lawhiskeria.cr\/index.php?rest_route=\/wp\/v2\/product\/17999\/revisions"}],"predecessor-version":[{"id":18001,"href":"https:\/\/lawhiskeria.cr\/index.php?rest_route=\/wp\/v2\/product\/17999\/revisions\/18001"}],"wp:featuredmedia":[{"embeddable":true,"href":"https:\/\/lawhiskeria.cr\/index.php?rest_route=\/wp\/v2\/media\/18000"}],"wp:attachment":[{"href":"https:\/\/lawhiskeria.cr\/index.php?rest_route=%2Fwp%2Fv2%2Fmedia&parent=17999"}],"wp:term":[{"taxonomy":"product_brand","embeddable":true,"href":"https:\/\/lawhiskeria.cr\/index.php?rest_route=%2Fwp%2Fv2%2Fproduct_brand&post=17999"},{"taxonomy":"product_cat","embeddable":true,"href":"https:\/\/lawhiskeria.cr\/index.php?rest_route=%2Fwp%2Fv2%2Fproduct_cat&post=17999"},{"taxonomy":"product_tag","embeddable":true,"href":"https:\/\/lawhiskeria.cr\/index.php?rest_route=%2Fwp%2Fv2%2Fproduct_tag&post=17999"}],"curies":[{"name":"wp","href":"https:\/\/api.w.org\/{rel}","templated":true}]}}