{"id":17890,"date":"2024-11-12T04:49:25","date_gmt":"2024-11-12T04:49:25","guid":{"rendered":"https:\/\/lawhiskeria.cr\/?post_type=product&#038;p=17890"},"modified":"2025-11-28T18:47:10","modified_gmt":"2025-11-28T18:47:10","slug":"corazon-loco-blanco-bodega-iniesta","status":"publish","type":"product","link":"https:\/\/lawhiskeria.cr\/?product=corazon-loco-blanco-bodega-iniesta","title":{"rendered":"Coraz\u00f3n Loco Savignon Blanc \u2013 Bodega Iniesta."},"content":{"rendered":"","protected":false},"excerpt":{"rendered":"<p><strong>Tipo: Vino blanco joven<\/strong><\/p>\n<ul>\n<li><strong>A\u00f1ada: 2024<\/strong><\/li>\n<li><strong>Variedades de uva: Sauvignon Blanc<\/strong><\/li>\n<li><strong>Alcohol: 12% vol<\/strong><\/li>\n<li><strong>Lugar de origen: Fuentealbilla<\/strong><\/li>\n<li><strong>Denominaci\u00f3n de origen: Manchuela<\/strong><\/li>\n<li><strong>Vista: Color amarillo pajizo con destellos verdosos, brillante.<\/strong><\/li>\n<li><strong>Nariz: Intensidad arom\u00e1tica alta, destacan elegantes y refrescantes notas de hierbas arom\u00e1ticas, hinojo, heno reci\u00e9n cortado y frutas tropicales como el mango o la fruta de la pasi\u00f3n.<\/strong><\/li>\n<li><strong>Boca: Destaca una buena acidez, aportando frescura y nervio, con una agradable estructura.<\/strong><\/li>\n<\/ul>\n<p><strong>Marisco fresco y pescados blancos. Todo tipo de arroces. Pastas gratinadas y carnes blancas.<\/strong><\/p>\n<p><strong>Conservaci\u00f3n<\/strong><\/p>\n<p><strong>En oscuridad a temperatura constante inferior a 16\u00baC y humedad de 70-75%.<\/strong><\/p>\n","protected":false},"featured_media":19514,"comment_status":"open","ping_status":"closed","template":"","meta":[],"product_brand":[],"product_cat":[421,29],"product_tag":[425,426,170,159,149],"class_list":{"0":"post-17890","1":"product","2":"type-product","3":"status-publish","4":"has-post-thumbnail","6":"product_cat-blanco-y-rosado","7":"product_cat-vinos","8":"product_tag-d-o-manchuela","9":"product_tag-fuentealbilla","10":"product_tag-sauvignon-blanc","11":"product_tag-vino-blanco","12":"product_tag-vino-espanol","14":"first","15":"instock","16":"shipping-taxable","17":"purchasable","18":"product-type-simple"},"_links":{"self":[{"href":"https:\/\/lawhiskeria.cr\/index.php?rest_route=\/wp\/v2\/product\/17890","targetHints":{"allow":["GET"]}}],"collection":[{"href":"https:\/\/lawhiskeria.cr\/index.php?rest_route=\/wp\/v2\/product"}],"about":[{"href":"https:\/\/lawhiskeria.cr\/index.php?rest_route=\/wp\/v2\/types\/product"}],"replies":[{"embeddable":true,"href":"https:\/\/lawhiskeria.cr\/index.php?rest_route=%2Fwp%2Fv2%2Fcomments&post=17890"}],"version-history":[{"count":3,"href":"https:\/\/lawhiskeria.cr\/index.php?rest_route=\/wp\/v2\/product\/17890\/revisions"}],"predecessor-version":[{"id":19515,"href":"https:\/\/lawhiskeria.cr\/index.php?rest_route=\/wp\/v2\/product\/17890\/revisions\/19515"}],"wp:featuredmedia":[{"embeddable":true,"href":"https:\/\/lawhiskeria.cr\/index.php?rest_route=\/wp\/v2\/media\/19514"}],"wp:attachment":[{"href":"https:\/\/lawhiskeria.cr\/index.php?rest_route=%2Fwp%2Fv2%2Fmedia&parent=17890"}],"wp:term":[{"taxonomy":"product_brand","embeddable":true,"href":"https:\/\/lawhiskeria.cr\/index.php?rest_route=%2Fwp%2Fv2%2Fproduct_brand&post=17890"},{"taxonomy":"product_cat","embeddable":true,"href":"https:\/\/lawhiskeria.cr\/index.php?rest_route=%2Fwp%2Fv2%2Fproduct_cat&post=17890"},{"taxonomy":"product_tag","embeddable":true,"href":"https:\/\/lawhiskeria.cr\/index.php?rest_route=%2Fwp%2Fv2%2Fproduct_tag&post=17890"}],"curies":[{"name":"wp","href":"https:\/\/api.w.org\/{rel}","templated":true}]}}