{"id":17483,"date":"2024-10-02T23:02:29","date_gmt":"2024-10-02T23:02:29","guid":{"rendered":"https:\/\/lawhiskeria.cr\/?post_type=product&#038;p=17483"},"modified":"2025-05-28T21:51:58","modified_gmt":"2025-05-28T21:51:58","slug":"sheep-dog-peanut-butter-whiskey-liqueur","status":"publish","type":"product","link":"https:\/\/lawhiskeria.cr\/?product=sheep-dog-peanut-butter-whiskey-liqueur","title":{"rendered":"Sheep Dog Peanut Butter Whiskey Liqueur"},"content":{"rendered":"<p><strong>Mantequilla de man\u00ed a la antigua usanza<\/strong><\/p>\n<p><strong>\u00bfMezclar mantequilla de man\u00ed con whiskey? A nosotros tambi\u00e9n nos pareci\u00f3 una idea un poco loca, pero ya es hora de crear un whiskey que lleve la fiesta al siguiente nivel. Coge una botella de licor de whiskey de mantequilla de man\u00ed Sheep Dog, al\u00e9jate del resto y disfruta de un buen rato.<\/strong><\/p>\n<p><strong>Rico sabor a mantequilla de man\u00ed con toques de whisky que aportan sabor a caramelo, caf\u00e9 con leche y avellana.<\/strong><\/p>\n<p><strong>Aunque nuestro whisky de mantequilla de man\u00ed est\u00e1 elaborado con aut\u00e9ntico sabor a man\u00ed, a trav\u00e9s de un proceso patentado se han eliminado todas las prote\u00ednas que contienen al\u00e9rgenos.<\/strong><\/p>\n","protected":false},"excerpt":{"rendered":"<p><strong>Un licor de whiskey con mantequilla de man\u00ed intenso y con sabor a nuez, hecho con man\u00ed real. Sheep Dog ofrece notas de caramelo, mantequilla de man\u00ed cremosa, chocolate con leche, sal marina, vainilla y roble en todo el paladar. Disfrute de este licor con hielo o como parte de un c\u00f3ctel.<\/strong><\/p>\n<p><strong>Tenemos el sabor m\u00e1s suave y cremoso. Somos amantes de los perros.<\/strong><\/p>\n<p><strong>Aroma m\u00e1s ligero, caramelo y espeso.<\/strong><\/p>\n<p><strong>Sabor: Suave, mantecoso, satisfactorio y activo.<\/strong><\/p>\n<p><strong>Premio: 2021 Muy bueno \/ Fuerte recomendaci\u00f3n (85-89 pts) Ultimate Spirits Challenge.<\/strong><\/p>\n<p><strong>ABV 35% &#8211; 750ml.<\/strong><\/p>\n<p><strong>Coctel recomendado:<\/strong><\/p>\n<ul>\n<li><strong>Sheep Dog 50 ml.<\/strong><\/li>\n<li><strong>3-4 pizcas de bitter de Peychaud.<\/strong><\/li>\n<li><strong>1 cereza.<\/strong><\/li>\n<li><strong>1 c\u00e1scara de naranja.<\/strong><\/li>\n<\/ul>\n<p><strong>Combine los ingredientes en un vaso Old Fashioned. Revuelva y cuele sobre hielo. Adorne con c\u00e1scara de cereza y naranja.<\/strong><\/p>\n<p><iframe loading=\"lazy\" title=\"YouTube video player\" src=\"https:\/\/www.youtube.com\/embed\/GgnqoUekRCU?si=8UAzQH2t3z8yIgIr&amp;start=2446\" width=\"560\" height=\"315\" frameborder=\"0\" allowfullscreen=\"allowfullscreen\"><\/iframe><\/p>\n","protected":false},"featured_media":17485,"comment_status":"open","ping_status":"closed","template":"","meta":[],"product_brand":[],"product_cat":[32,70,20],"product_tag":[79,141,103,236],"class_list":{"0":"post-17483","1":"product","2":"type-product","3":"status-publish","4":"has-post-thumbnail","6":"product_cat-whisky","7":"product_cat-bourbon-american-whiskey","8":"product_cat-lpremium","9":"product_tag-american-whiskey","10":"product_tag-licor-a-base-de-whisky","11":"product_tag-licor-de-mantequilla-de-mani","12":"product_tag-licor-de-whiskey","14":"first","15":"instock","16":"shipping-taxable","17":"purchasable","18":"product-type-simple"},"_links":{"self":[{"href":"https:\/\/lawhiskeria.cr\/index.php?rest_route=\/wp\/v2\/product\/17483","targetHints":{"allow":["GET"]}}],"collection":[{"href":"https:\/\/lawhiskeria.cr\/index.php?rest_route=\/wp\/v2\/product"}],"about":[{"href":"https:\/\/lawhiskeria.cr\/index.php?rest_route=\/wp\/v2\/types\/product"}],"replies":[{"embeddable":true,"href":"https:\/\/lawhiskeria.cr\/index.php?rest_route=%2Fwp%2Fv2%2Fcomments&post=17483"}],"version-history":[{"count":4,"href":"https:\/\/lawhiskeria.cr\/index.php?rest_route=\/wp\/v2\/product\/17483\/revisions"}],"predecessor-version":[{"id":17768,"href":"https:\/\/lawhiskeria.cr\/index.php?rest_route=\/wp\/v2\/product\/17483\/revisions\/17768"}],"wp:featuredmedia":[{"embeddable":true,"href":"https:\/\/lawhiskeria.cr\/index.php?rest_route=\/wp\/v2\/media\/17485"}],"wp:attachment":[{"href":"https:\/\/lawhiskeria.cr\/index.php?rest_route=%2Fwp%2Fv2%2Fmedia&parent=17483"}],"wp:term":[{"taxonomy":"product_brand","embeddable":true,"href":"https:\/\/lawhiskeria.cr\/index.php?rest_route=%2Fwp%2Fv2%2Fproduct_brand&post=17483"},{"taxonomy":"product_cat","embeddable":true,"href":"https:\/\/lawhiskeria.cr\/index.php?rest_route=%2Fwp%2Fv2%2Fproduct_cat&post=17483"},{"taxonomy":"product_tag","embeddable":true,"href":"https:\/\/lawhiskeria.cr\/index.php?rest_route=%2Fwp%2Fv2%2Fproduct_tag&post=17483"}],"curies":[{"name":"wp","href":"https:\/\/api.w.org\/{rel}","templated":true}]}}