{"id":17440,"date":"2024-09-18T17:04:45","date_gmt":"2024-09-18T17:04:45","guid":{"rendered":"https:\/\/lawhiskeria.cr\/?post_type=product&#038;p=17440"},"modified":"2026-03-24T02:51:52","modified_gmt":"2026-03-24T02:51:52","slug":"dominio-abadesa-reserva","status":"publish","type":"product","link":"https:\/\/lawhiskeria.cr\/?product=dominio-abadesa-reserva","title":{"rendered":"Dominio Abadesa Reserva"},"content":{"rendered":"","protected":false},"excerpt":{"rendered":"<p><strong>Elaborado con uvas seleccionadas de vi\u00f1as viejas ubicadas por encima de los 900 metros de altitud y asentadas en suelos arcillosos que nos ofrecen vinos elegantes, con estructura; ya que los ciclos de maduraci\u00f3n son m\u00e1s largos, consigui\u00e9ndose as\u00ed una mayor carga poli fen\u00f3lica. Y con diferencias t\u00e9rmicas entre el d\u00eda y la noche en per\u00edodo estival, que ayudan a que esa maduraci\u00f3n sea a\u00fan m\u00e1s lenta, aportando una alta concentraci\u00f3n de color y tanino.<\/strong><\/p>\n<p><strong>Procedencia: Ribera del Duero, Espa\u00f1a.<\/strong><\/p>\n<p><strong>Crianza m\u00ednima de 27 meses en barricas de roble americano y franc\u00e9s y otros 14 meses en botella.<\/strong><\/p>\n<p><strong>Variedad(es): 100% Tempranillo.<\/strong><\/p>\n<p><strong>Nariz: Encontramos una alta complejidad, en la que despliega intensas notas a fruta madura perfectamente ensamblados con toques especiados, minerales y recuerdos bals\u00e1micos por su envejecimiento en barrica.<\/strong><\/p>\n<p><strong>Boca: Posee una entrada suave y equilibrada. Con tanino maduro, paso envolvente, redondo y largo retrogusto.<\/strong><\/p>\n<p><strong>Maridaje: Para tomar con parrilladas, carne a la brasa, carne de caza y embutidos ib\u00e9ricos.<\/strong><\/p>\n<p><iframe loading=\"lazy\" title=\"YouTube video player\" src=\"https:\/\/www.youtube.com\/embed\/1hAPTh4636c?si=hD65I1fPnhm39a-V&amp;start=3788\" width=\"560\" height=\"315\" frameborder=\"0\" allowfullscreen=\"allowfullscreen\"><\/iframe><\/p>\n","protected":false},"featured_media":17442,"comment_status":"open","ping_status":"closed","template":"","meta":[],"product_brand":[],"product_cat":[420,29],"product_tag":[250,249,162,149],"class_list":{"0":"post-17440","1":"product","2":"type-product","3":"status-publish","4":"has-post-thumbnail","6":"product_cat-tinto","7":"product_cat-vinos","8":"product_tag-reserva","9":"product_tag-ribera-del-duero","10":"product_tag-tempranillo","11":"product_tag-vino-espanol","13":"first","14":"instock","15":"shipping-taxable","16":"purchasable","17":"product-type-simple"},"_links":{"self":[{"href":"https:\/\/lawhiskeria.cr\/index.php?rest_route=\/wp\/v2\/product\/17440","targetHints":{"allow":["GET"]}}],"collection":[{"href":"https:\/\/lawhiskeria.cr\/index.php?rest_route=\/wp\/v2\/product"}],"about":[{"href":"https:\/\/lawhiskeria.cr\/index.php?rest_route=\/wp\/v2\/types\/product"}],"replies":[{"embeddable":true,"href":"https:\/\/lawhiskeria.cr\/index.php?rest_route=%2Fwp%2Fv2%2Fcomments&post=17440"}],"version-history":[{"count":3,"href":"https:\/\/lawhiskeria.cr\/index.php?rest_route=\/wp\/v2\/product\/17440\/revisions"}],"predecessor-version":[{"id":17672,"href":"https:\/\/lawhiskeria.cr\/index.php?rest_route=\/wp\/v2\/product\/17440\/revisions\/17672"}],"wp:featuredmedia":[{"embeddable":true,"href":"https:\/\/lawhiskeria.cr\/index.php?rest_route=\/wp\/v2\/media\/17442"}],"wp:attachment":[{"href":"https:\/\/lawhiskeria.cr\/index.php?rest_route=%2Fwp%2Fv2%2Fmedia&parent=17440"}],"wp:term":[{"taxonomy":"product_brand","embeddable":true,"href":"https:\/\/lawhiskeria.cr\/index.php?rest_route=%2Fwp%2Fv2%2Fproduct_brand&post=17440"},{"taxonomy":"product_cat","embeddable":true,"href":"https:\/\/lawhiskeria.cr\/index.php?rest_route=%2Fwp%2Fv2%2Fproduct_cat&post=17440"},{"taxonomy":"product_tag","embeddable":true,"href":"https:\/\/lawhiskeria.cr\/index.php?rest_route=%2Fwp%2Fv2%2Fproduct_tag&post=17440"}],"curies":[{"name":"wp","href":"https:\/\/api.w.org\/{rel}","templated":true}]}}