{"id":17412,"date":"2024-09-10T22:33:24","date_gmt":"2024-09-10T22:33:24","guid":{"rendered":"https:\/\/lawhiskeria.cr\/?post_type=product&#038;p=17412"},"modified":"2025-10-28T02:25:35","modified_gmt":"2025-10-28T02:25:35","slug":"perdices-cabernet-sauvignon","status":"publish","type":"product","link":"https:\/\/lawhiskeria.cr\/?product=perdices-cabernet-sauvignon","title":{"rendered":"Las Perdices Cabernet Sauvignon"},"content":{"rendered":"","protected":false},"excerpt":{"rendered":"<p><strong>Perdices Cabernet Sauvignon, Vi\u00f1a las Perdices<\/strong><\/p>\n<p><strong>Variedad: 100% Cabernet Sauvignon.<\/strong><\/p>\n<p><strong>Pa\u00eds: Argentina.<\/strong><\/p>\n<p><strong>Regi\u00f3n: Vi\u00f1edo: Agrelo, Lujan de Cuyo. Barrancas, Maip\u00fa.<\/strong><\/p>\n<p><strong>Crianza: 8 meses en barricas de roble franc\u00e9s y americano.<\/strong><\/p>\n<p><strong>Nota de Cata:<\/strong><\/p>\n<p><strong>Color rojo rub\u00ed intenso.<\/strong><\/p>\n<p><strong>Aromas de cerezas con sutiles notas de pimienta y suaves aportes de la madera. Suave en boca, balanceado, con aromas a cerezas y casis. Ideal para acompa\u00f1ar carnes rojas, pastas o pescados y carnes blancas con salsas especiadas.<\/strong><\/p>\n<p><strong>Temperatura de Servicio: 16 a 18 grados.<\/strong><\/p>\n<p><strong>Sugerencia de consumo: asados argentinos.<\/strong><\/p>\n<p><strong>Capacidad de Guarda: 5 a\u00f1os.<\/strong><\/p>\n","protected":false},"featured_media":17413,"comment_status":"open","ping_status":"closed","template":"","meta":[],"product_brand":[],"product_cat":[420,29],"product_tag":[158,151],"class_list":{"0":"post-17412","1":"product","2":"type-product","3":"status-publish","4":"has-post-thumbnail","6":"product_cat-tinto","7":"product_cat-vinos","8":"product_tag-cabernet-sauvignon","9":"product_tag-vino-argentino","11":"first","12":"instock","13":"shipping-taxable","14":"purchasable","15":"product-type-simple"},"_links":{"self":[{"href":"https:\/\/lawhiskeria.cr\/index.php?rest_route=\/wp\/v2\/product\/17412","targetHints":{"allow":["GET"]}}],"collection":[{"href":"https:\/\/lawhiskeria.cr\/index.php?rest_route=\/wp\/v2\/product"}],"about":[{"href":"https:\/\/lawhiskeria.cr\/index.php?rest_route=\/wp\/v2\/types\/product"}],"replies":[{"embeddable":true,"href":"https:\/\/lawhiskeria.cr\/index.php?rest_route=%2Fwp%2Fv2%2Fcomments&post=17412"}],"version-history":[{"count":2,"href":"https:\/\/lawhiskeria.cr\/index.php?rest_route=\/wp\/v2\/product\/17412\/revisions"}],"predecessor-version":[{"id":19361,"href":"https:\/\/lawhiskeria.cr\/index.php?rest_route=\/wp\/v2\/product\/17412\/revisions\/19361"}],"wp:featuredmedia":[{"embeddable":true,"href":"https:\/\/lawhiskeria.cr\/index.php?rest_route=\/wp\/v2\/media\/17413"}],"wp:attachment":[{"href":"https:\/\/lawhiskeria.cr\/index.php?rest_route=%2Fwp%2Fv2%2Fmedia&parent=17412"}],"wp:term":[{"taxonomy":"product_brand","embeddable":true,"href":"https:\/\/lawhiskeria.cr\/index.php?rest_route=%2Fwp%2Fv2%2Fproduct_brand&post=17412"},{"taxonomy":"product_cat","embeddable":true,"href":"https:\/\/lawhiskeria.cr\/index.php?rest_route=%2Fwp%2Fv2%2Fproduct_cat&post=17412"},{"taxonomy":"product_tag","embeddable":true,"href":"https:\/\/lawhiskeria.cr\/index.php?rest_route=%2Fwp%2Fv2%2Fproduct_tag&post=17412"}],"curies":[{"name":"wp","href":"https:\/\/api.w.org\/{rel}","templated":true}]}}