{"id":17385,"date":"2024-09-07T23:27:52","date_gmt":"2024-09-07T23:27:52","guid":{"rendered":"https:\/\/lawhiskeria.cr\/?post_type=product&#038;p=17385"},"modified":"2025-10-28T02:18:53","modified_gmt":"2025-10-28T02:18:53","slug":"morande-estate-reserve-one-to-one-carmenere","status":"publish","type":"product","link":"https:\/\/lawhiskeria.cr\/?product=morande-estate-reserve-one-to-one-carmenere","title":{"rendered":"Morand\u00e9 Estate Reserve One to One Carmenere"},"content":{"rendered":"","protected":false},"excerpt":{"rendered":"<p><strong>Cepa:<\/strong> Carmen\u00e8re.<\/p>\n<p><strong>Pa\u00eds:<\/strong> Chile.<\/p>\n<p><strong>Regi\u00f3n:<\/strong> Valle del Maipo.<\/p>\n<p>Envejecimiento: roble franc\u00e9s de distintos a\u00f1os de uso por un per\u00edodo de 12 meses, para posteriormente ser envasado y continuar su evoluci\u00f3n en botella por otros 6 meses.<\/p>\n<p><strong>Notas de Cata:<\/strong><br \/>\n<strong>Color:<\/strong> rojo p\u00farpura con matices violeta.<\/p>\n<p><strong>Aroma:<\/strong> intensas frutas negras como mora, y notas herb\u00e1ceas y especiadas que recuerdan la canela y el clavo de olor.<\/p>\n<p>Es rico en <strong>sabores<\/strong> que conjugan frutos rojos frescos, con notas de tabaco y pimienta blanca.<\/p>\n<p><strong>Temperatura de Servicio:<\/strong> 16 a 18 grados.<\/p>\n<p><strong>Sugerencia de acompa\u00f1amiento:<\/strong> carne de cerdo, estofados de carne.<\/p>\n<p><strong>Capacidad de Guarda<\/strong>: 8 a\u00f1os<\/p>\n<p><strong>Premios y reconocimientos:<\/strong><br \/>\nTim Atkin 90 puntos<br \/>\nDescorchados 90 puntos<br \/>\nWine Spectator 87 puntos (2014)<\/p>\n<p><iframe loading=\"lazy\" title=\"YouTube video player\" src=\"https:\/\/www.youtube.com\/embed\/Caqw9bL5x_8?si=OqcYYkW3uq3iZGv0&amp;start=2470\" width=\"560\" height=\"315\" frameborder=\"0\" allowfullscreen=\"allowfullscreen\"><\/iframe><\/p>\n","protected":false},"featured_media":17555,"comment_status":"open","ping_status":"closed","template":"","meta":[],"product_brand":[],"product_cat":[420,29],"product_tag":[157,156],"class_list":{"0":"post-17385","1":"product","2":"type-product","3":"status-publish","4":"has-post-thumbnail","6":"product_cat-tinto","7":"product_cat-vinos","8":"product_tag-carmenere","9":"product_tag-vino-chileno","11":"first","12":"instock","13":"shipping-taxable","14":"purchasable","15":"product-type-simple"},"_links":{"self":[{"href":"https:\/\/lawhiskeria.cr\/index.php?rest_route=\/wp\/v2\/product\/17385","targetHints":{"allow":["GET"]}}],"collection":[{"href":"https:\/\/lawhiskeria.cr\/index.php?rest_route=\/wp\/v2\/product"}],"about":[{"href":"https:\/\/lawhiskeria.cr\/index.php?rest_route=\/wp\/v2\/types\/product"}],"replies":[{"embeddable":true,"href":"https:\/\/lawhiskeria.cr\/index.php?rest_route=%2Fwp%2Fv2%2Fcomments&post=17385"}],"version-history":[{"count":6,"href":"https:\/\/lawhiskeria.cr\/index.php?rest_route=\/wp\/v2\/product\/17385\/revisions"}],"predecessor-version":[{"id":17771,"href":"https:\/\/lawhiskeria.cr\/index.php?rest_route=\/wp\/v2\/product\/17385\/revisions\/17771"}],"wp:featuredmedia":[{"embeddable":true,"href":"https:\/\/lawhiskeria.cr\/index.php?rest_route=\/wp\/v2\/media\/17555"}],"wp:attachment":[{"href":"https:\/\/lawhiskeria.cr\/index.php?rest_route=%2Fwp%2Fv2%2Fmedia&parent=17385"}],"wp:term":[{"taxonomy":"product_brand","embeddable":true,"href":"https:\/\/lawhiskeria.cr\/index.php?rest_route=%2Fwp%2Fv2%2Fproduct_brand&post=17385"},{"taxonomy":"product_cat","embeddable":true,"href":"https:\/\/lawhiskeria.cr\/index.php?rest_route=%2Fwp%2Fv2%2Fproduct_cat&post=17385"},{"taxonomy":"product_tag","embeddable":true,"href":"https:\/\/lawhiskeria.cr\/index.php?rest_route=%2Fwp%2Fv2%2Fproduct_tag&post=17385"}],"curies":[{"name":"wp","href":"https:\/\/api.w.org\/{rel}","templated":true}]}}