{"id":17283,"date":"2024-08-09T20:05:42","date_gmt":"2024-08-09T20:05:42","guid":{"rendered":"https:\/\/lawhiskeria.cr\/?post_type=product&#038;p=17283"},"modified":"2025-10-28T02:10:19","modified_gmt":"2025-10-28T02:10:19","slug":"las-perdices-malbec","status":"publish","type":"product","link":"https:\/\/lawhiskeria.cr\/?product=las-perdices-malbec","title":{"rendered":"Las Perdices Malbec"},"content":{"rendered":"","protected":false},"excerpt":{"rendered":"<p><strong>Vi\u00f1a Las Perdices est\u00e1 ubicada al pie de la Cordillera de Los Andes, en Agrelo, Luj\u00e1n de Cuyo, a 1.030 m.s.n.m. Desde los a\u00f1os setenta nuestra familia se enamor\u00f3 de estas tierras y tom\u00f3 como desaf\u00edo el cultivo y la creaci\u00f3n de vinos de gran calidad.<\/strong><\/p>\n<p><strong>COMPOSICI\u00d3N VARIETAL: 100% Malbec, de Agrelo, Luj\u00e1n de Cuyo, entre otros.<\/strong><\/p>\n<p><strong>NOTAS DE CATA<\/strong><\/p>\n<p><strong>Color rojo viol\u00e1ceo intenso. De complejos aromas a frutas rojas, con delicados toques de madera. <\/strong><\/p>\n<p><strong>Suave en boca, equilibrado, con notas de ciruelas y guindas. Ideal para acompa\u00f1ar carnes rojas, pastas o pescados y carnes blancas con salsas especiadas.<\/strong><\/p>\n<p><strong>TEMPERATURA DE CONSUMO: 16-18 \u00b0C<\/strong><\/p>\n<p><strong>MADURACI\u00d3N DE LAS UVAS: Fin de marzo.<\/strong><\/p>\n<p><strong>COSECHA: Manual en cajas de 17 kg.<\/strong><\/p>\n<p><strong>RENDIMIENTO: 9.000 kg\/Ha<\/strong><\/p>\n<p><strong>VINIFICACI\u00d3N: Maceraci\u00f3n prefermentativa en fr\u00edo durante 5 d\u00edas a 6-8 \u00b0C. Siembra de levaduras seleccionadas. Fermentaci\u00f3n alcoh\u00f3lica durante 10 d\u00edas con temperatura controlada entre 24-26 \u00b0C. Remontajes diarios con d\u00e9lestages al inicio de la fermentaci\u00f3n. Maceraci\u00f3n post fermentaci\u00f3n durante 12 d\u00edas.<\/strong><\/p>\n<p><strong>CRIANZA: 8 meses en roble franc\u00e9s y americano.<\/strong><\/p>\n<p><strong>TIEMPO DE GUARDA EN CORRECTAS CONDICIONES DE ALMACENAMIENTO: 3-5 a\u00f1os<\/strong><\/p>\n<p><iframe loading=\"lazy\" title=\"YouTube video player\" src=\"https:\/\/www.youtube.com\/embed\/KfFUxAQj2MA?si=Bfb4wxyVD3n6qHaZ&amp;start=3998\" width=\"560\" height=\"315\" frameborder=\"0\" allowfullscreen=\"allowfullscreen\"><\/iframe><\/p>\n","protected":false},"featured_media":17284,"comment_status":"open","ping_status":"closed","template":"","meta":[],"product_brand":[],"product_cat":[420,29],"product_tag":[152,151],"class_list":{"0":"post-17283","1":"product","2":"type-product","3":"status-publish","4":"has-post-thumbnail","6":"product_cat-tinto","7":"product_cat-vinos","8":"product_tag-malbec","9":"product_tag-vino-argentino","11":"first","12":"instock","13":"shipping-taxable","14":"purchasable","15":"product-type-simple"},"_links":{"self":[{"href":"https:\/\/lawhiskeria.cr\/index.php?rest_route=\/wp\/v2\/product\/17283","targetHints":{"allow":["GET"]}}],"collection":[{"href":"https:\/\/lawhiskeria.cr\/index.php?rest_route=\/wp\/v2\/product"}],"about":[{"href":"https:\/\/lawhiskeria.cr\/index.php?rest_route=\/wp\/v2\/types\/product"}],"replies":[{"embeddable":true,"href":"https:\/\/lawhiskeria.cr\/index.php?rest_route=%2Fwp%2Fv2%2Fcomments&post=17283"}],"version-history":[{"count":4,"href":"https:\/\/lawhiskeria.cr\/index.php?rest_route=\/wp\/v2\/product\/17283\/revisions"}],"predecessor-version":[{"id":17772,"href":"https:\/\/lawhiskeria.cr\/index.php?rest_route=\/wp\/v2\/product\/17283\/revisions\/17772"}],"wp:featuredmedia":[{"embeddable":true,"href":"https:\/\/lawhiskeria.cr\/index.php?rest_route=\/wp\/v2\/media\/17284"}],"wp:attachment":[{"href":"https:\/\/lawhiskeria.cr\/index.php?rest_route=%2Fwp%2Fv2%2Fmedia&parent=17283"}],"wp:term":[{"taxonomy":"product_brand","embeddable":true,"href":"https:\/\/lawhiskeria.cr\/index.php?rest_route=%2Fwp%2Fv2%2Fproduct_brand&post=17283"},{"taxonomy":"product_cat","embeddable":true,"href":"https:\/\/lawhiskeria.cr\/index.php?rest_route=%2Fwp%2Fv2%2Fproduct_cat&post=17283"},{"taxonomy":"product_tag","embeddable":true,"href":"https:\/\/lawhiskeria.cr\/index.php?rest_route=%2Fwp%2Fv2%2Fproduct_tag&post=17283"}],"curies":[{"name":"wp","href":"https:\/\/api.w.org\/{rel}","templated":true}]}}