{"id":17261,"date":"2024-08-07T22:37:06","date_gmt":"2024-08-07T22:37:06","guid":{"rendered":"https:\/\/lawhiskeria.cr\/?post_type=product&#038;p=17261"},"modified":"2025-10-28T03:06:10","modified_gmt":"2025-10-28T03:06:10","slug":"veramonte-merlot","status":"publish","type":"product","link":"https:\/\/lawhiskeria.cr\/?product=veramonte-merlot","title":{"rendered":"Veramonte Reserva Merlot"},"content":{"rendered":"","protected":false},"excerpt":{"rendered":"<p><strong>VINO ORG\u00c1NICO<\/strong><\/p>\n<p><strong>VALLE DE CASABLANCA<\/strong><\/p>\n<p><strong>INTENSO \u2022 ATERCIOPELADO \u2022 ELEGANTE<\/strong><\/p>\n<p><strong>Intensos aromas a moras y ar\u00e1ndanos se mezclan con sutiles notas de grosella y toques de especias. Frescos sabores de berries rojos se complementan con un elegante y suave tostado, con un largo y persistente final.<\/strong><\/p>\n<p><strong>COMPOSICI\u00d3N: 100% Merlot.<\/strong><\/p>\n<p><strong>NOTAS DEL EN\u00d3LOGO<\/strong><\/p>\n<p><strong>Posterior al despalillado, las uvas fueron maceradas en \u00edo durante cinco d\u00edas en estanques de acero inoxidable, y posteriormente fermentaron con levaduras nativas. Despu\u00e9s de la fermentaci\u00f3n alcoh\u00f3lica, el vino macer\u00f3 con su hollejo por otros cinco d\u00edas para obtener mayor suavidad e intensidad de sabores. Finalmente, se traseg\u00f3 a barricas de madera neutra en donde envejeci\u00f3 durante ocho meses.<\/strong><\/p>\n<p><strong>COSECHA 2019<\/strong><\/p>\n<p><strong>Una excelente cosecha para el valle de Casablanca. Las temperaturas moderadas durante la primavera y sin lluvias relevantes favoreci\u00f3 a la brotaci\u00f3n y floraci\u00f3n. Durante el verano existieron oscilaciones t\u00e9rmicas amplias lo que benefici\u00f3 la curva de madurez manteniendo la frescura de la fruta de esta zona. La cosecha de adelant\u00f3 10 d\u00edas respecto del a\u00f1o anterior y con rendimientos menores, los que finalmente dieron paso a una intensidad arom\u00e1tica y de sabores, entregando vinos de frescos, intensos, de acidez balanceada y largo final.<\/strong><\/p>\n<p><strong>Temperatura de servicio: 16\u00baC &#8211; 60\u00baF<\/strong><\/p>\n<p><strong>Maridaje: Vegetales grillados, guisos y pastas.<\/strong><\/p>\n<p><strong>Crianza: 8 meses en barricas de roble franc\u00e9s.<\/strong><\/p>\n<p><strong>PH3,71<\/strong><\/p>\n<p><strong>Alcohol 14%<\/strong><\/p>\n<p><strong>Acidez 5,25 G\/L<\/strong><\/p>\n<p><strong>Az\u00facar Residual 2,35 G\/L<\/strong><\/p>\n","protected":false},"featured_media":17256,"comment_status":"open","ping_status":"closed","template":"","meta":[],"product_brand":[],"product_cat":[420,29],"product_tag":[168,156],"class_list":{"0":"post-17261","1":"product","2":"type-product","3":"status-publish","4":"has-post-thumbnail","6":"product_cat-tinto","7":"product_cat-vinos","8":"product_tag-merlot","9":"product_tag-vino-chileno","11":"first","12":"instock","13":"shipping-taxable","14":"purchasable","15":"product-type-simple"},"_links":{"self":[{"href":"https:\/\/lawhiskeria.cr\/index.php?rest_route=\/wp\/v2\/product\/17261","targetHints":{"allow":["GET"]}}],"collection":[{"href":"https:\/\/lawhiskeria.cr\/index.php?rest_route=\/wp\/v2\/product"}],"about":[{"href":"https:\/\/lawhiskeria.cr\/index.php?rest_route=\/wp\/v2\/types\/product"}],"replies":[{"embeddable":true,"href":"https:\/\/lawhiskeria.cr\/index.php?rest_route=%2Fwp%2Fv2%2Fcomments&post=17261"}],"version-history":[{"count":2,"href":"https:\/\/lawhiskeria.cr\/index.php?rest_route=\/wp\/v2\/product\/17261\/revisions"}],"predecessor-version":[{"id":17275,"href":"https:\/\/lawhiskeria.cr\/index.php?rest_route=\/wp\/v2\/product\/17261\/revisions\/17275"}],"wp:featuredmedia":[{"embeddable":true,"href":"https:\/\/lawhiskeria.cr\/index.php?rest_route=\/wp\/v2\/media\/17256"}],"wp:attachment":[{"href":"https:\/\/lawhiskeria.cr\/index.php?rest_route=%2Fwp%2Fv2%2Fmedia&parent=17261"}],"wp:term":[{"taxonomy":"product_brand","embeddable":true,"href":"https:\/\/lawhiskeria.cr\/index.php?rest_route=%2Fwp%2Fv2%2Fproduct_brand&post=17261"},{"taxonomy":"product_cat","embeddable":true,"href":"https:\/\/lawhiskeria.cr\/index.php?rest_route=%2Fwp%2Fv2%2Fproduct_cat&post=17261"},{"taxonomy":"product_tag","embeddable":true,"href":"https:\/\/lawhiskeria.cr\/index.php?rest_route=%2Fwp%2Fv2%2Fproduct_tag&post=17261"}],"curies":[{"name":"wp","href":"https:\/\/api.w.org\/{rel}","templated":true}]}}