{"id":17243,"date":"2024-08-05T23:40:34","date_gmt":"2024-08-05T23:40:34","guid":{"rendered":"https:\/\/lawhiskeria.cr\/?post_type=product&#038;p=17243"},"modified":"2026-03-24T03:23:22","modified_gmt":"2026-03-24T03:23:22","slug":"la-vieille-ferme-rose","status":"publish","type":"product","link":"https:\/\/lawhiskeria.cr\/?product=la-vieille-ferme-rose","title":{"rendered":"La Vieille Ferme Ros\u00e9"},"content":{"rendered":"","protected":false},"excerpt":{"rendered":"<p><strong>La Vieille Ferme ha sido popular entre los amantes del vino durante m\u00e1s de 40 a\u00f1os. Producido en una regi\u00f3n pac\u00edfica y soleada del sur del R\u00f3dano, cada color es una expresi\u00f3n de su terru\u00f1o: el Ventoux aporta elegancia y estructura a los vinos tintos; la altitud del Luberon aporta frescura y finura a los blancos y rosados. La Vieille Ferme est\u00e1 hecha con gran cuidado e integridad por Famille Perrin, propietarios del Chateau de Beaucastel. Los principales cr\u00edticos de vino de todo el mundo han elogiado a los productores de este vino por su calidad irreprochable, que ha alcanzado el reconocimiento internacional.<\/strong><\/p>\n<p><strong>Marca: Famille Perrin.<\/strong><\/p>\n<p><strong>Regi\u00f3n: Valle de Rodano, Francia.<\/strong><\/p>\n<p><strong>Variedad: Blend.<\/strong><\/p>\n<p><strong>Procedencia: AOC Luberon.<\/strong><\/p>\n<p><strong>Variedad (es): 40% Cinsault, 40% Garnacha Tinta, 20% Syrah.<\/strong><\/p>\n<p><strong>Crianza: Tanques de Acero Inoxidable.<\/strong><\/p>\n<p><strong>Color: Elegante color rosa melocot\u00f3n p\u00e1lido transl\u00facido con reflejos brillantes.<\/strong><\/p>\n<p><strong>Nariz: Muy fresco y afrutado, la nariz es particularmente seductora, combinando notas de frutas rojas y jugosas frutas de verano como nectarinas y melocotones.<\/strong><\/p>\n<p><strong>Boca: Gran vivacidad en boca con hermosos aromas afrutados. Bien equilibrado por un ligero amargor al final que aporta mucho sabor.<\/strong><\/p>\n<p><strong>Maridaje: Muy recomendado con sushi, salm\u00f3n, pescados, carnes blancas paella, pasta con salsa de camarones, canelones y lasa\u00f1a<\/strong><\/p>\n<p><iframe loading=\"lazy\" title=\"YouTube video player\" src=\"https:\/\/www.youtube.com\/embed\/MUvRVK7Z7WA?si=XX1M7ZRnz8pqSOb-&amp;start=2271\" width=\"560\" height=\"315\" frameborder=\"0\" allowfullscreen=\"allowfullscreen\"><\/iframe><\/p>\n","protected":false},"featured_media":17244,"comment_status":"open","ping_status":"closed","template":"","meta":[],"product_brand":[],"product_cat":[421,29],"product_tag":[471,231,235,169,472,155],"class_list":{"0":"post-17243","1":"product","2":"type-product","3":"status-publish","4":"has-post-thumbnail","6":"product_cat-blanco-y-rosado","7":"product_cat-vinos","8":"product_tag-aoc-luberon","9":"product_tag-cinsault","10":"product_tag-garnacha-tinta","11":"product_tag-syrah","12":"product_tag-valle-de-rodano","13":"product_tag-vino-frances","15":"first","16":"instock","17":"shipping-taxable","18":"purchasable","19":"product-type-simple"},"_links":{"self":[{"href":"https:\/\/lawhiskeria.cr\/index.php?rest_route=\/wp\/v2\/product\/17243","targetHints":{"allow":["GET"]}}],"collection":[{"href":"https:\/\/lawhiskeria.cr\/index.php?rest_route=\/wp\/v2\/product"}],"about":[{"href":"https:\/\/lawhiskeria.cr\/index.php?rest_route=\/wp\/v2\/types\/product"}],"replies":[{"embeddable":true,"href":"https:\/\/lawhiskeria.cr\/index.php?rest_route=%2Fwp%2Fv2%2Fcomments&post=17243"}],"version-history":[{"count":3,"href":"https:\/\/lawhiskeria.cr\/index.php?rest_route=\/wp\/v2\/product\/17243\/revisions"}],"predecessor-version":[{"id":17691,"href":"https:\/\/lawhiskeria.cr\/index.php?rest_route=\/wp\/v2\/product\/17243\/revisions\/17691"}],"wp:featuredmedia":[{"embeddable":true,"href":"https:\/\/lawhiskeria.cr\/index.php?rest_route=\/wp\/v2\/media\/17244"}],"wp:attachment":[{"href":"https:\/\/lawhiskeria.cr\/index.php?rest_route=%2Fwp%2Fv2%2Fmedia&parent=17243"}],"wp:term":[{"taxonomy":"product_brand","embeddable":true,"href":"https:\/\/lawhiskeria.cr\/index.php?rest_route=%2Fwp%2Fv2%2Fproduct_brand&post=17243"},{"taxonomy":"product_cat","embeddable":true,"href":"https:\/\/lawhiskeria.cr\/index.php?rest_route=%2Fwp%2Fv2%2Fproduct_cat&post=17243"},{"taxonomy":"product_tag","embeddable":true,"href":"https:\/\/lawhiskeria.cr\/index.php?rest_route=%2Fwp%2Fv2%2Fproduct_tag&post=17243"}],"curies":[{"name":"wp","href":"https:\/\/api.w.org\/{rel}","templated":true}]}}