{"id":17240,"date":"2024-08-05T23:36:47","date_gmt":"2024-08-05T23:36:47","guid":{"rendered":"https:\/\/lawhiskeria.cr\/?post_type=product&#038;p=17240"},"modified":"2026-03-24T03:25:46","modified_gmt":"2026-03-24T03:25:46","slug":"la-vieille-ferme-blanc","status":"publish","type":"product","link":"https:\/\/lawhiskeria.cr\/?product=la-vieille-ferme-blanc","title":{"rendered":"La Vieille Ferme Blanc"},"content":{"rendered":"","protected":false},"excerpt":{"rendered":"<p><strong>La Vieille Ferme ha sido popular entre los amantes del vino durante m\u00e1s de 40 a\u00f1os. Producido en una regi\u00f3n pac\u00edfica y soleada del sur del R\u00f3dano, cada color es una expresi\u00f3n de su terru\u00f1o: el Ventoux aporta elegancia y estructura a los vinos tintos; la altitud del Luberon aporta frescura y finura a los blancos y rosados. La Vieille Ferme est\u00e1 hecha con gran cuidado e integridad por Famille Perrin, propietarios del Chateau de Beaucastel. Los principales cr\u00edticos de vino de todo el mundo han elogiado a los productores de este vino por su calidad irreprochable, que ha alcanzado el reconocimiento internacional.<\/strong><\/p>\n<p><strong>Marca: Famille Perrin.<\/strong><\/p>\n<p><strong>Regi\u00f3n: Valle de Rodano, Francia.<\/strong><\/p>\n<p><strong>Variedad: Blend.<\/strong><\/p>\n<p><strong>Procedencia: Sur del R\u00f3dano AOC Luberon.<\/strong><\/p>\n<p><strong>Variedad(es): Bourboulenc, Garnacha blanca, Ugni blanc Vermentino.<\/strong><\/p>\n<p><strong>Crianza: Tanques de Acero Inoxidable.<\/strong><\/p>\n<p><strong>Color: Elegante color amarillo verdoso p\u00e1lido con matices plateados. <\/strong><\/p>\n<p><strong>Nariz Este vino se abre con una nariz llena de frescura con notas de manzanas y peras verdes crujientes mezcladas con un ramo de flores de monta\u00f1a como espinas blancas y verbena silvestre.<\/strong><\/p>\n<p><strong>Boca: Manzana y peras verdes persisten en el paladar con un muy buen equilibrio entre la fruta jugosa y una gran frescura. Las notas salinas en el final aportan un delicado toque amargo que le da a este vino longitud y sabor.<\/strong><\/p>\n<p><strong>Maridaje: Pescados, Ceviches, Mariscos, Pastas, Carnes Blancas como cerdo y pollo, Ensaladas de mariscos, crust\u00e1ceos.<\/strong><\/p>\n<p><iframe loading=\"lazy\" title=\"YouTube video player\" src=\"https:\/\/www.youtube.com\/embed\/MUvRVK7Z7WA?si=FY7tYmbtDHxue9VN&amp;start=2135\" width=\"560\" height=\"315\" frameborder=\"0\" allowfullscreen=\"allowfullscreen\"><\/iframe><\/p>\n","protected":false},"featured_media":17241,"comment_status":"open","ping_status":"closed","template":"","meta":[],"product_brand":[],"product_cat":[421,29],"product_tag":[471,233,171,234,472,155],"class_list":{"0":"post-17240","1":"product","2":"type-product","3":"status-publish","4":"has-post-thumbnail","6":"product_cat-blanco-y-rosado","7":"product_cat-vinos","8":"product_tag-aoc-luberon","9":"product_tag-bourboulenc","10":"product_tag-garnacha-blanca","11":"product_tag-ugni-blanc-vermentino","12":"product_tag-valle-de-rodano","13":"product_tag-vino-frances","15":"first","16":"instock","17":"shipping-taxable","18":"purchasable","19":"product-type-simple"},"_links":{"self":[{"href":"https:\/\/lawhiskeria.cr\/index.php?rest_route=\/wp\/v2\/product\/17240","targetHints":{"allow":["GET"]}}],"collection":[{"href":"https:\/\/lawhiskeria.cr\/index.php?rest_route=\/wp\/v2\/product"}],"about":[{"href":"https:\/\/lawhiskeria.cr\/index.php?rest_route=\/wp\/v2\/types\/product"}],"replies":[{"embeddable":true,"href":"https:\/\/lawhiskeria.cr\/index.php?rest_route=%2Fwp%2Fv2%2Fcomments&post=17240"}],"version-history":[{"count":3,"href":"https:\/\/lawhiskeria.cr\/index.php?rest_route=\/wp\/v2\/product\/17240\/revisions"}],"predecessor-version":[{"id":17690,"href":"https:\/\/lawhiskeria.cr\/index.php?rest_route=\/wp\/v2\/product\/17240\/revisions\/17690"}],"wp:featuredmedia":[{"embeddable":true,"href":"https:\/\/lawhiskeria.cr\/index.php?rest_route=\/wp\/v2\/media\/17241"}],"wp:attachment":[{"href":"https:\/\/lawhiskeria.cr\/index.php?rest_route=%2Fwp%2Fv2%2Fmedia&parent=17240"}],"wp:term":[{"taxonomy":"product_brand","embeddable":true,"href":"https:\/\/lawhiskeria.cr\/index.php?rest_route=%2Fwp%2Fv2%2Fproduct_brand&post=17240"},{"taxonomy":"product_cat","embeddable":true,"href":"https:\/\/lawhiskeria.cr\/index.php?rest_route=%2Fwp%2Fv2%2Fproduct_cat&post=17240"},{"taxonomy":"product_tag","embeddable":true,"href":"https:\/\/lawhiskeria.cr\/index.php?rest_route=%2Fwp%2Fv2%2Fproduct_tag&post=17240"}],"curies":[{"name":"wp","href":"https:\/\/api.w.org\/{rel}","templated":true}]}}