{"id":17205,"date":"2024-07-23T01:42:00","date_gmt":"2024-07-23T01:42:00","guid":{"rendered":"https:\/\/lawhiskeria.cr\/?post_type=product&#038;p=17205"},"modified":"2026-02-10T19:52:08","modified_gmt":"2026-02-10T19:52:08","slug":"michters-kentucky-straight-rye-10-anos","status":"publish","type":"product","link":"https:\/\/lawhiskeria.cr\/?product=michters-kentucky-straight-rye-10-anos","title":{"rendered":"Michter\u2019s Kentucky Straight Rye 10 A\u00f1os"},"content":{"rendered":"","protected":false},"excerpt":{"rendered":"<p>Uno de nuestros art\u00edculos de producci\u00f3n m\u00e1s limitada, <strong>Michter&#8217;s 10 Year Single Barrel Kentucky Straight Rye<\/strong> contin\u00faa el legado de la primera variedad de whisky de Estados Unidos (centeno) de la primera compa\u00f1\u00eda de whisky de Estados Unidos (Michter&#8217;s, originalmente conocida como Shenk&#8217;s).<\/p>\n<p>La expresi\u00f3n 10 Year Rye refleja los resultados excepcionales de una artesan\u00eda inflexible y el clima incomparable de Kentucky para envejecer un whisky excepcional. A menudo mucho m\u00e1s antiguas que la edad indicada en la etiqueta, s\u00f3lo unas pocas barricas seleccionadas envejecen con la elegancia necesaria para su inclusi\u00f3n en este lanzamiento tan limitado.<\/p>\n<p><strong>Producci\u00f3n: <\/strong>Single barrel. Cantidades limitadas.<\/p>\n<p><strong>Fuerza de Embotellado: <\/strong>92,8 grados (46,4% ABV)<\/p>\n<p><strong>Toneler\u00eda: <\/strong>Barricas nuevas de roble blanco americano carbonizadas al fuego<\/p>\n<p><strong>Notas de Sabor: <\/strong>Notas profundas de vainilla y caramelo, almendras tostadas y canela con una amplia dosis de pimienta triturada y un toque de c\u00edtricos de naranja.<\/p>\n<p><strong>El Whisky M\u00e1s Admirado Del Mundo 2023 \u2013 Drinks International.<\/strong><\/p>\n<p><strong>99 pts. The Tasting Panel. <\/strong><\/p>\n<p><strong>Best of the Best \u2013 Robb Report<\/strong><\/p>\n","protected":false},"featured_media":17206,"comment_status":"open","ping_status":"closed","template":"","meta":[],"product_brand":[],"product_cat":[32,70],"product_tag":[98,211,96],"class_list":{"0":"post-17205","1":"product","2":"type-product","3":"status-publish","4":"has-post-thumbnail","6":"product_cat-whisky","7":"product_cat-bourbon-american-whiskey","8":"product_tag-rye","9":"product_tag-rye-whiskey","10":"product_tag-single-barrel","12":"first","13":"instock","14":"shipping-taxable","15":"purchasable","16":"product-type-simple"},"_links":{"self":[{"href":"https:\/\/lawhiskeria.cr\/index.php?rest_route=\/wp\/v2\/product\/17205","targetHints":{"allow":["GET"]}}],"collection":[{"href":"https:\/\/lawhiskeria.cr\/index.php?rest_route=\/wp\/v2\/product"}],"about":[{"href":"https:\/\/lawhiskeria.cr\/index.php?rest_route=\/wp\/v2\/types\/product"}],"replies":[{"embeddable":true,"href":"https:\/\/lawhiskeria.cr\/index.php?rest_route=%2Fwp%2Fv2%2Fcomments&post=17205"}],"version-history":[{"count":1,"href":"https:\/\/lawhiskeria.cr\/index.php?rest_route=\/wp\/v2\/product\/17205\/revisions"}],"predecessor-version":[{"id":17207,"href":"https:\/\/lawhiskeria.cr\/index.php?rest_route=\/wp\/v2\/product\/17205\/revisions\/17207"}],"wp:featuredmedia":[{"embeddable":true,"href":"https:\/\/lawhiskeria.cr\/index.php?rest_route=\/wp\/v2\/media\/17206"}],"wp:attachment":[{"href":"https:\/\/lawhiskeria.cr\/index.php?rest_route=%2Fwp%2Fv2%2Fmedia&parent=17205"}],"wp:term":[{"taxonomy":"product_brand","embeddable":true,"href":"https:\/\/lawhiskeria.cr\/index.php?rest_route=%2Fwp%2Fv2%2Fproduct_brand&post=17205"},{"taxonomy":"product_cat","embeddable":true,"href":"https:\/\/lawhiskeria.cr\/index.php?rest_route=%2Fwp%2Fv2%2Fproduct_cat&post=17205"},{"taxonomy":"product_tag","embeddable":true,"href":"https:\/\/lawhiskeria.cr\/index.php?rest_route=%2Fwp%2Fv2%2Fproduct_tag&post=17205"}],"curies":[{"name":"wp","href":"https:\/\/api.w.org\/{rel}","templated":true}]}}