{"id":17196,"date":"2024-07-23T01:25:03","date_gmt":"2024-07-23T01:25:03","guid":{"rendered":"https:\/\/lawhiskeria.cr\/?post_type=product&#038;p=17196"},"modified":"2026-02-04T03:37:46","modified_gmt":"2026-02-04T03:37:46","slug":"michters-us1-kentucky-straight-bourbon","status":"publish","type":"product","link":"https:\/\/lawhiskeria.cr\/?product=michters-us1-kentucky-straight-bourbon","title":{"rendered":"Michter&#8217;s US1 Kentucky Straight Bourbon"},"content":{"rendered":"","protected":false},"excerpt":{"rendered":"<p>Se elabora a partir de una mezcla cuidadosamente seleccionada, que incluye ma\u00edz estadounidense de la m\u00e1s alta calidad. Luego se madura hasta alcanzar la perfecci\u00f3n m\u00e1xima. Cada lote de nuestro bourbon es verdaderamente \u201cpeque\u00f1o\u201d y se elabora en un tanque de almacenamiento con un tama\u00f1o que se adapta a un m\u00e1ximo de 20 barriles llenos, sin dejar margen para \u201cmezclar\u201d las imperfecciones y, por tanto, se requiere la excelencia de cada barril. Reflejando el esp\u00edritu del estado de Bluegrass, el <strong>Michter&#8217;s US*1 Kentucky Straight Bourbon<\/strong> es matizado, suave y terroso.<\/p>\n<p><strong>Producci\u00f3n Peque\u00f1os lotes. <\/strong>Cantidades limitadas.<\/p>\n<p><strong>Fuerza de Embotellado: <\/strong>91,4 grados (45,7% ABV) 750 ml.<\/p>\n<p><strong>Toneler\u00eda: <\/strong>Barricas nuevas de roble blanco americano carbonizadas al fuego.<\/p>\n<p><strong>Notas de Sabor: <\/strong>Caramelo rico con vainilla equilibrada, notas de fruta de hueso, profundidad ahumada y acabado de roble.<\/p>\n<p><strong>El Whisky 2023 M\u00e1s Admirado Del Mundo \u2013 Drinks International.<\/strong><\/p>\n<p><strong>95 pts. The Tasting Panel.<\/strong><\/p>\n<p><strong>Highest Rated Bourbon \u2013 Mixology Magazine.<\/strong><\/p>\n<p><iframe loading=\"lazy\" title=\"YouTube video player\" src=\"https:\/\/www.youtube.com\/embed\/-InLF6sX56I?si=HnB1kNHgjdPMouQv&amp;start=6387\" width=\"560\" height=\"315\" frameborder=\"0\" allowfullscreen=\"allowfullscreen\"><\/iframe><\/p>\n","protected":false},"featured_media":17197,"comment_status":"open","ping_status":"closed","template":"","meta":[],"product_brand":[],"product_cat":[32,70],"product_tag":[78,95],"class_list":{"0":"post-17196","1":"product","2":"type-product","3":"status-publish","4":"has-post-thumbnail","6":"product_cat-whisky","7":"product_cat-bourbon-american-whiskey","8":"product_tag-bourbon","9":"product_tag-straight-bourbon","11":"first","12":"instock","13":"shipping-taxable","14":"purchasable","15":"product-type-simple"},"_links":{"self":[{"href":"https:\/\/lawhiskeria.cr\/index.php?rest_route=\/wp\/v2\/product\/17196","targetHints":{"allow":["GET"]}}],"collection":[{"href":"https:\/\/lawhiskeria.cr\/index.php?rest_route=\/wp\/v2\/product"}],"about":[{"href":"https:\/\/lawhiskeria.cr\/index.php?rest_route=\/wp\/v2\/types\/product"}],"replies":[{"embeddable":true,"href":"https:\/\/lawhiskeria.cr\/index.php?rest_route=%2Fwp%2Fv2%2Fcomments&post=17196"}],"version-history":[{"count":3,"href":"https:\/\/lawhiskeria.cr\/index.php?rest_route=\/wp\/v2\/product\/17196\/revisions"}],"predecessor-version":[{"id":17774,"href":"https:\/\/lawhiskeria.cr\/index.php?rest_route=\/wp\/v2\/product\/17196\/revisions\/17774"}],"wp:featuredmedia":[{"embeddable":true,"href":"https:\/\/lawhiskeria.cr\/index.php?rest_route=\/wp\/v2\/media\/17197"}],"wp:attachment":[{"href":"https:\/\/lawhiskeria.cr\/index.php?rest_route=%2Fwp%2Fv2%2Fmedia&parent=17196"}],"wp:term":[{"taxonomy":"product_brand","embeddable":true,"href":"https:\/\/lawhiskeria.cr\/index.php?rest_route=%2Fwp%2Fv2%2Fproduct_brand&post=17196"},{"taxonomy":"product_cat","embeddable":true,"href":"https:\/\/lawhiskeria.cr\/index.php?rest_route=%2Fwp%2Fv2%2Fproduct_cat&post=17196"},{"taxonomy":"product_tag","embeddable":true,"href":"https:\/\/lawhiskeria.cr\/index.php?rest_route=%2Fwp%2Fv2%2Fproduct_tag&post=17196"}],"curies":[{"name":"wp","href":"https:\/\/api.w.org\/{rel}","templated":true}]}}