{"id":17115,"date":"2024-07-04T00:44:57","date_gmt":"2024-07-04T00:44:57","guid":{"rendered":"https:\/\/lawhiskeria.cr\/?post_type=product&#038;p=17115"},"modified":"2025-10-28T01:50:30","modified_gmt":"2025-10-28T01:50:30","slug":"errazuriz-the-blend","status":"publish","type":"product","link":"https:\/\/lawhiskeria.cr\/?product=errazuriz-the-blend","title":{"rendered":"Err\u00e1zuriz The Blend"},"content":{"rendered":"<p>Las uvas para The Blend Red se seleccionan principalmente de sectores espec\u00edficos de nuestros vi\u00f1edos en el Valle de Aconcagua. En el interior del valle, las parras est\u00e1n plantadas sobre suelos rocosos de origen aluvial y coluvial, con bajo potencial de vigor, buen drenaje y con un componente de rocas de hasta un 30%. Por su parte, en la costa, a solo 12 kil\u00f3metros del Oc\u00e9ano Pac\u00edfico, se caracteriza por sus condiciones de clima fr\u00edo. Los suelos presentan una delgada capa superior de 40 a 80 cent\u00edmetros de textura limosa sobre otra capa de esquistos en descomposici\u00f3n, que le confiere una tremenda elegancia, mineralidad y complejidad.<\/p>\n<p><strong>NOTAS DE VENDIMIA<\/strong><\/p>\n<p>Sin dudas una temporada 2020 compleja y desafiante, con el invierno m\u00e1s seco de los \u00faltimos 50 a\u00f1os, nuestros vi\u00f1edos del Valle de Aconcagua tuvieron que soportar una verdadera marat\u00f3n h\u00eddrica para poder llegar a plena madurez. La temporada fue c\u00e1lida, sobre todo en la primavera, terminando con un marzo y abril levemente m\u00e1s fr\u00edos. Rendimientos moderados y riego abundante enverano, conservaron el frescor y calidad de las uvas.<\/p>\n<p><strong>NOTAS DEL EN\u00d3LOGO<\/strong><\/p>\n<p>Las uvas fueron cosechadas a mano en gamelas de 15 kilogramos, sometidas a una doble selecci\u00f3n y depositadas en tanques de acero inoxidable para una maceraci\u00f3n en fr\u00edo de hasta 7 d\u00edas a temperaturas de 8\u00b0 a 12\u00b0 Celsius. Posteriormente, las uvas fueron fermentadas por 4 a 10 d\u00edas a temperaturas entre 23\u00b0 a 28\u00b0 Celsius, y una maceraci\u00f3n total hasta 30 d\u00edas. Finalmente, el vino tuvo una guarda de 12 meses en barricas de roble franc\u00e9s, 25% nuevas, y un 35% en fudres.<\/p>\n","protected":false},"excerpt":{"rendered":"<p><strong>THE BLEND COLLECTION 2020<\/strong><\/p>\n<p><strong>APELACI\u00d3N:<\/strong> Valle de Aconcagua.<\/p>\n<p><strong>NOTAS DE CATA<\/strong><\/p>\n<p>De intenso color rojo p\u00farpura con reflejos rub\u00ed. En nariz despliega aromas que recuerdan a fruta roja y azul como ar\u00e1ndanos, cerezas y frambuesas, acompa\u00f1ados de suaves toques a violeta y atractivas notas a reposter\u00eda y especias dulces. En boca es congruente con lo percibido en nariz, domina la fruta fresca roja y negra, enmarcadas por notas a especias dulces como clavo de olor y nuez moscada, m\u00e1s algo de reposter\u00eda. Gran jugosidad y frescura en boca y taninos de textura fina. Muestra juventud y tensi\u00f3n, lo que augura un excelente potencial de guarda.<\/p>\n<p><strong>INFORMACI\u00d3N T\u00c9CNICA<\/strong><\/p>\n<p><strong>Composici\u00f3n:<\/strong> 45% Syrah, 37% Grenache, 18% Mourvedre.<\/p>\n<p><strong>Alcohol:<\/strong> 14%<\/p>\n<p><strong>ph:<\/strong> 3,44<\/p>\n<p><strong>Acidez total:<\/strong> 5,79 g\/L (en \u00e1cido tart\u00e1rico)<\/p>\n<p><strong>Az\u00facar residual:<\/strong> 1,97 g\/L<\/p>\n<p><strong>Guarda:<\/strong> 12 meses en barrica de roble franc\u00e9s, 25% nuevas, y 35% en fudres.<\/p>\n<p><iframe loading=\"lazy\" title=\"YouTube video player\" src=\"https:\/\/www.youtube.com\/embed\/0FllNX1naHY?si=6gECOJ9QxwcViay8&amp;start=3244\" width=\"560\" height=\"315\" frameborder=\"0\" allowfullscreen=\"allowfullscreen\"><\/iframe><\/p>\n","protected":false},"featured_media":17223,"comment_status":"open","ping_status":"closed","template":"","meta":[],"product_brand":[],"product_cat":[420,29],"product_tag":[153,221,222,169,156],"class_list":{"0":"post-17115","1":"product","2":"type-product","3":"status-publish","4":"has-post-thumbnail","6":"product_cat-tinto","7":"product_cat-vinos","8":"product_tag-blend","9":"product_tag-grenache","10":"product_tag-mourvedre","11":"product_tag-syrah","12":"product_tag-vino-chileno","14":"first","15":"instock","16":"shipping-taxable","17":"purchasable","18":"product-type-simple"},"_links":{"self":[{"href":"https:\/\/lawhiskeria.cr\/index.php?rest_route=\/wp\/v2\/product\/17115","targetHints":{"allow":["GET"]}}],"collection":[{"href":"https:\/\/lawhiskeria.cr\/index.php?rest_route=\/wp\/v2\/product"}],"about":[{"href":"https:\/\/lawhiskeria.cr\/index.php?rest_route=\/wp\/v2\/types\/product"}],"replies":[{"embeddable":true,"href":"https:\/\/lawhiskeria.cr\/index.php?rest_route=%2Fwp%2Fv2%2Fcomments&post=17115"}],"version-history":[{"count":5,"href":"https:\/\/lawhiskeria.cr\/index.php?rest_route=\/wp\/v2\/product\/17115\/revisions"}],"predecessor-version":[{"id":17746,"href":"https:\/\/lawhiskeria.cr\/index.php?rest_route=\/wp\/v2\/product\/17115\/revisions\/17746"}],"wp:featuredmedia":[{"embeddable":true,"href":"https:\/\/lawhiskeria.cr\/index.php?rest_route=\/wp\/v2\/media\/17223"}],"wp:attachment":[{"href":"https:\/\/lawhiskeria.cr\/index.php?rest_route=%2Fwp%2Fv2%2Fmedia&parent=17115"}],"wp:term":[{"taxonomy":"product_brand","embeddable":true,"href":"https:\/\/lawhiskeria.cr\/index.php?rest_route=%2Fwp%2Fv2%2Fproduct_brand&post=17115"},{"taxonomy":"product_cat","embeddable":true,"href":"https:\/\/lawhiskeria.cr\/index.php?rest_route=%2Fwp%2Fv2%2Fproduct_cat&post=17115"},{"taxonomy":"product_tag","embeddable":true,"href":"https:\/\/lawhiskeria.cr\/index.php?rest_route=%2Fwp%2Fv2%2Fproduct_tag&post=17115"}],"curies":[{"name":"wp","href":"https:\/\/api.w.org\/{rel}","templated":true}]}}

Errázuriz The Blend

<p>Las uvas para The Blend Red se seleccionan principalmente de sectores específicos de nuestros viñedos en el Valle de Aconcagua. En el interior del valle, las parras están plantadas sobre suelos rocosos de origen aluvial y coluvial, con bajo potencial de vigor, buen drenaje y con un componente de rocas de hasta un 30%. Por su parte, en la costa, a solo 12 kilómetros del Océano Pacífico, se caracteriza por sus condiciones de clima frío. Los suelos presentan una delgada capa superior de 40 a 80 centímetros de textura limosa sobre otra capa de esquistos en descomposición, que le confiere una tremenda elegancia, mineralidad y complejidad.</p>
<p><strong>NOTAS DE VENDIMIA</strong></p>
<p>Sin dudas una temporada 2020 compleja y desafiante, con el invierno más seco de los últimos 50 años, nuestros viñedos del Valle de Aconcagua tuvieron que soportar una verdadera maratón hídrica para poder llegar a plena madurez. La temporada fue cálida, sobre todo en la primavera, terminando con un marzo y abril levemente más fríos. Rendimientos moderados y riego abundante enverano, conservaron el frescor y calidad de las uvas.</p>
<p><strong>NOTAS DEL ENÓLOGO</strong></p>
<p>Las uvas fueron cosechadas a mano en gamelas de 15 kilogramos, sometidas a una doble selección y depositadas en tanques de acero inoxidable para una maceración en frío de hasta 7 días a temperaturas de 8° a 12° Celsius. Posteriormente, las uvas fueron fermentadas por 4 a 10 días a temperaturas entre 23° a 28° Celsius, y una maceración total hasta 30 días. Finalmente, el vino tuvo una guarda de 12 meses en barricas de roble francés, 25% nuevas, y un 35% en fudres.</p>

<p><strong>THE BLEND COLLECTION 2020</strong></p>
<p><strong>APELACIÓN:</strong> Valle de Aconcagua.</p>
<p><strong>NOTAS DE CATA</strong></p>
<p>De intenso color rojo púrpura con reflejos rubí. En nariz despliega aromas que recuerdan a fruta roja y azul como arándanos, cerezas y frambuesas, acompañados de suaves toques a violeta y atractivas notas a repostería y especias dulces. En boca es congruente con lo percibido en nariz, domina la fruta fresca roja y negra, enmarcadas por notas a especias dulces como clavo de olor y nuez moscada, más algo de repostería. Gran jugosidad y frescura en boca y taninos de textura fina. Muestra juventud y tensión, lo que augura un excelente potencial de guarda.</p>
<p><strong>INFORMACIÓN TÉCNICA</strong></p>
<p><strong>Composición:</strong> 45% Syrah, 37% Grenache, 18% Mourvedre.</p>
<p><strong>Alcohol:</strong> 14%</p>
<p><strong>ph:</strong> 3,44</p>
<p><strong>Acidez total:</strong> 5,79 g/L (en ácido tartárico)</p>
<p><strong>Azúcar residual:</strong> 1,97 g/L</p>
<p><strong>Guarda:</strong> 12 meses en barrica de roble francés, 25% nuevas, y 35% en fudres.</p>
<p><iframe loading="lazy" title="YouTube video player" src="https://www.youtube.com/embed/0FllNX1naHY?si=6gECOJ9QxwcViay8&amp;start=3244" width="560" height="315" frameborder="0" allowfullscreen="allowfullscreen"></iframe></p>
