{"id":17081,"date":"2024-06-28T20:22:43","date_gmt":"2024-06-28T20:22:43","guid":{"rendered":"https:\/\/lawhiskeria.cr\/?post_type=product&#038;p=17081"},"modified":"2024-10-29T23:20:18","modified_gmt":"2024-10-29T23:20:18","slug":"lily-cafeton-crema-de-cafe-con-tequila","status":"publish","type":"product","link":"https:\/\/lawhiskeria.cr\/?product=lily-cafeton-crema-de-cafe-con-tequila","title":{"rendered":"Lily Cafet\u00f3n: Crema de Caf\u00e9 con Tequila"},"content":{"rendered":"","protected":false},"excerpt":{"rendered":"<p>Combina lo mejor de una crema, el car\u00e1cter travieso del tequila y la explosi\u00f3n de sabor de las frutas m\u00e1s divertidas.<\/p>\n<p>Nuestras cremas contienen<strong> Tequila 100% elaborado en M\u00e9xico<\/strong> a partir de pi\u00f1as de agave tostadas y cosechadas localmente, de las mejores que se pueden conseguir.<\/p>\n<p>Una tierra tan rica en historia, cultura y personajes, que se plasman en los sabores de CREAM HEROES.<\/p>\n<p>Chute de caf\u00e9 con tequila 100% mexicano. Balanceado y atrevido, m\u00e1s que un licor de caf\u00e9 es un \u00a1Cafet\u00f3n!<\/p>\n<p><strong>ABV 17% &#8211; 700 ml.<\/strong><\/p>\n<p>Con el prop\u00f3sito de contribuir nosotros tambi\u00e9n con nuestros superpoderes, nos hemos asociado con 1% for the Planet y la ONG Sacred, con el compromiso de aportar al menos el 1% de nuestras ventas y poder apoyar a las comunidades rurales mexicanas que producen bebidas espirituosas de agave.<\/p>\n<p>Junto a ellos, hemos creado un proyecto en Zaachila, a 25 minutos al sur de Oaxaca Centro, para recopilar y almacenar agua de lluvia que ser\u00e1 utilizada para la siembra de agave en comunidades menos favorecidas y que al mismo tiempo ayudar\u00e1n a preservar el paisaje agavero, patrimonio nacional mexicano.<\/p>\n","protected":false},"featured_media":17082,"comment_status":"open","ping_status":"closed","template":"","meta":[],"product_brand":[],"product_cat":[20],"product_tag":[213,212,214],"class_list":{"0":"post-17081","1":"product","2":"type-product","3":"status-publish","4":"has-post-thumbnail","6":"product_cat-lpremium","7":"product_tag-crema-de-cafe","8":"product_tag-licor-de-cafe","9":"product_tag-tequila","11":"first","12":"instock","13":"shipping-taxable","14":"purchasable","15":"product-type-simple"},"_links":{"self":[{"href":"https:\/\/lawhiskeria.cr\/index.php?rest_route=\/wp\/v2\/product\/17081","targetHints":{"allow":["GET"]}}],"collection":[{"href":"https:\/\/lawhiskeria.cr\/index.php?rest_route=\/wp\/v2\/product"}],"about":[{"href":"https:\/\/lawhiskeria.cr\/index.php?rest_route=\/wp\/v2\/types\/product"}],"replies":[{"embeddable":true,"href":"https:\/\/lawhiskeria.cr\/index.php?rest_route=%2Fwp%2Fv2%2Fcomments&post=17081"}],"version-history":[{"count":2,"href":"https:\/\/lawhiskeria.cr\/index.php?rest_route=\/wp\/v2\/product\/17081\/revisions"}],"predecessor-version":[{"id":17084,"href":"https:\/\/lawhiskeria.cr\/index.php?rest_route=\/wp\/v2\/product\/17081\/revisions\/17084"}],"wp:featuredmedia":[{"embeddable":true,"href":"https:\/\/lawhiskeria.cr\/index.php?rest_route=\/wp\/v2\/media\/17082"}],"wp:attachment":[{"href":"https:\/\/lawhiskeria.cr\/index.php?rest_route=%2Fwp%2Fv2%2Fmedia&parent=17081"}],"wp:term":[{"taxonomy":"product_brand","embeddable":true,"href":"https:\/\/lawhiskeria.cr\/index.php?rest_route=%2Fwp%2Fv2%2Fproduct_brand&post=17081"},{"taxonomy":"product_cat","embeddable":true,"href":"https:\/\/lawhiskeria.cr\/index.php?rest_route=%2Fwp%2Fv2%2Fproduct_cat&post=17081"},{"taxonomy":"product_tag","embeddable":true,"href":"https:\/\/lawhiskeria.cr\/index.php?rest_route=%2Fwp%2Fv2%2Fproduct_tag&post=17081"}],"curies":[{"name":"wp","href":"https:\/\/api.w.org\/{rel}","templated":true}]}}