{"id":16533,"date":"2024-03-20T21:32:32","date_gmt":"2024-03-20T21:32:32","guid":{"rendered":"https:\/\/stag.lawhiskeria.cr\/?post_type=product&#038;p=16533"},"modified":"2025-10-28T02:55:14","modified_gmt":"2025-10-28T02:55:14","slug":"vino-santa-helena-dulce-blanco","status":"publish","type":"product","link":"https:\/\/lawhiskeria.cr\/?product=vino-santa-helena-dulce-blanco","title":{"rendered":"Santa Helena Dulce Blanco"},"content":{"rendered":"<p style=\"font-weight: 400;\"><b><strong>DULCE BLANCO<\/strong><\/b><\/p>\n<p style=\"font-weight: 400;\">Una vez que la uva Ilega a la bodega, es recepcionada en pozos. Luego el mosto obtenido es Ilevado a cubas de acero inoxidable, donde a trav\u00e9s de lotaci\u00f3n a bajas temperaturas (1 3\u00b0C), se logra clarificar los mostos. Los claros obtenidos se inoculan con levaduras seleccionadas. La fermentaci\u00f3n se Ileva a cabo durante 15 a 18 d\u00edas bajo temperatura controlada menores a 16\u00b0C, logrando as\u00ed desarrollar y preservar todas sus caracter\u00edsticas frescas y frutales. Luego el vino ya clarificado es mezclado con agua, az\u00facar para ser filtrado y estabilizado. Una vez terminado el vino base, se agregan las esencias naturales para aportar mayor cantidad de aromas y sabores. Previo al envasado, el vino es filtrado de forma est\u00e9ril y luego embotellado, para conservar las caracter\u00edsticas de sabores.<\/p>\n","protected":false},"excerpt":{"rendered":"<p style=\"font-weight: 400;\"><b><strong>NOTAS DE CATA<\/strong><\/b><\/p>\n<p style=\"font-weight: 400;\"><b><strong>Aspecto:<\/strong><\/b>\u00a0Dorado suave, con notas verdosas.<\/p>\n<p style=\"font-weight: 400;\"><b><strong>Nariz:<\/strong><\/b>\u00a0Vino frutal, fresco, con notas a durazno, complementadas con aromas propios de la uva moscatel, adem\u00e1s de la complejidad de aromas florales y notas c\u00edtricas lo que hace que sea un producto de aromas bien definidos.<\/p>\n<p style=\"font-weight: 400;\"><b><strong>Boca:<\/strong><\/b>\u00a0Sabores a duraznos, con la complejidad que aporta el moscatel, es un vino equilibrado, donde su acidez da frescor y su dulzor, entregando redondez y agradable final.<\/p>\n<p style=\"font-weight: 400;\"><b><strong>Servir frio a 10\u00b0C.<\/strong><\/b><\/p>\n<p style=\"font-weight: 400;\"><b><strong>Alcohol: 8\u00ba<\/strong><\/b><\/p>\n<p style=\"font-weight: 400;\"><b><strong>Az\u00facar residual: 9o g\/L<\/strong><\/b><\/p>\n<p><iframe loading=\"lazy\" title=\"YouTube video player\" src=\"https:\/\/www.youtube.com\/embed\/hblnuanAaEk?si=k0d3NtCbOWECRnyV&amp;start=2826\" width=\"560\" height=\"315\" frameborder=\"0\" allowfullscreen=\"allowfullscreen\"><\/iframe><\/p>\n","protected":false},"featured_media":16534,"comment_status":"open","ping_status":"closed","template":"","meta":[],"product_brand":[],"product_cat":[421,29],"product_tag":[159,156,197],"class_list":{"0":"post-16533","1":"product","2":"type-product","3":"status-publish","4":"has-post-thumbnail","6":"product_cat-blanco-y-rosado","7":"product_cat-vinos","8":"product_tag-vino-blanco","9":"product_tag-vino-chileno","10":"product_tag-vino-dulce","12":"first","13":"instock","14":"shipping-taxable","15":"purchasable","16":"product-type-simple"},"_links":{"self":[{"href":"https:\/\/lawhiskeria.cr\/index.php?rest_route=\/wp\/v2\/product\/16533","targetHints":{"allow":["GET"]}}],"collection":[{"href":"https:\/\/lawhiskeria.cr\/index.php?rest_route=\/wp\/v2\/product"}],"about":[{"href":"https:\/\/lawhiskeria.cr\/index.php?rest_route=\/wp\/v2\/types\/product"}],"replies":[{"embeddable":true,"href":"https:\/\/lawhiskeria.cr\/index.php?rest_route=%2Fwp%2Fv2%2Fcomments&post=16533"}],"version-history":[{"count":4,"href":"https:\/\/lawhiskeria.cr\/index.php?rest_route=\/wp\/v2\/product\/16533\/revisions"}],"predecessor-version":[{"id":17744,"href":"https:\/\/lawhiskeria.cr\/index.php?rest_route=\/wp\/v2\/product\/16533\/revisions\/17744"}],"wp:featuredmedia":[{"embeddable":true,"href":"https:\/\/lawhiskeria.cr\/index.php?rest_route=\/wp\/v2\/media\/16534"}],"wp:attachment":[{"href":"https:\/\/lawhiskeria.cr\/index.php?rest_route=%2Fwp%2Fv2%2Fmedia&parent=16533"}],"wp:term":[{"taxonomy":"product_brand","embeddable":true,"href":"https:\/\/lawhiskeria.cr\/index.php?rest_route=%2Fwp%2Fv2%2Fproduct_brand&post=16533"},{"taxonomy":"product_cat","embeddable":true,"href":"https:\/\/lawhiskeria.cr\/index.php?rest_route=%2Fwp%2Fv2%2Fproduct_cat&post=16533"},{"taxonomy":"product_tag","embeddable":true,"href":"https:\/\/lawhiskeria.cr\/index.php?rest_route=%2Fwp%2Fv2%2Fproduct_tag&post=16533"}],"curies":[{"name":"wp","href":"https:\/\/api.w.org\/{rel}","templated":true}]}}