{"id":16372,"date":"2024-03-14T02:28:12","date_gmt":"2024-03-14T02:28:12","guid":{"rendered":"https:\/\/stag.lawhiskeria.cr\/?post_type=product&#038;p=16372"},"modified":"2024-10-29T03:34:35","modified_gmt":"2024-10-29T03:34:35","slug":"jameson-triple-distilled","status":"publish","type":"product","link":"https:\/\/lawhiskeria.cr\/?product=jameson-triple-distilled","title":{"rendered":"Jameson Triple Distilled"},"content":{"rendered":"","protected":false},"excerpt":{"rendered":"<p>Es una mezcla de whiskis irlandeses conformada por una selecci\u00f3n de destilado de whisky de alambique y whiskis finos de grano de las cercan\u00edas de la destiler\u00eda. Luego es triplemente destilado para otorgarle suavidad, lo cual es caracter\u00edstico de su perfil de sabor. Y finalmente es a\u00f1ejado en barricas de cedro por un m\u00ednimo de cuatro a\u00f1os.<\/p>\n<p>Volumen: 750 ml. ABV: 40%<\/p>\n<p><strong>Aroma<\/strong><br \/>\nAroma inicial a heno fresco complementado con suaves aromas a frutas de huerto como manzanas verdes y peras, con una pizca de rayadura de lim\u00f3n. Surgen adem\u00e1s ligeras notas de alambique, que oscilan entre el t\u00e9 verde, la avellana y el chocolate de leche.<\/p>\n<p><strong>Sabor<\/strong><br \/>\nEl distintivo y caracter\u00edstico sabor dulce a alambique irland\u00e9s es complementado con aromas sutiles a malta y granos de cocoa otorgados por la cerveza.<\/p>\n<p><strong>Notas finales<\/strong><br \/>\nFinal largo y suave con chocolate de leche y caramelo con mantequilla.<\/p>\n<p>AVB 40% &#8211; 750 ml.<\/p>\n","protected":false},"featured_media":16369,"comment_status":"open","ping_status":"closed","template":"","meta":[],"product_brand":[],"product_cat":[71],"product_tag":[153,115,187],"class_list":{"0":"post-16372","1":"product","2":"type-product","3":"status-publish","4":"has-post-thumbnail","6":"product_cat-blends","7":"product_tag-blend","8":"product_tag-irish-whiskey","9":"product_tag-whiskey-irlandes","11":"first","12":"instock","13":"shipping-taxable","14":"purchasable","15":"product-type-simple"},"_links":{"self":[{"href":"https:\/\/lawhiskeria.cr\/index.php?rest_route=\/wp\/v2\/product\/16372","targetHints":{"allow":["GET"]}}],"collection":[{"href":"https:\/\/lawhiskeria.cr\/index.php?rest_route=\/wp\/v2\/product"}],"about":[{"href":"https:\/\/lawhiskeria.cr\/index.php?rest_route=\/wp\/v2\/types\/product"}],"replies":[{"embeddable":true,"href":"https:\/\/lawhiskeria.cr\/index.php?rest_route=%2Fwp%2Fv2%2Fcomments&post=16372"}],"version-history":[{"count":3,"href":"https:\/\/lawhiskeria.cr\/index.php?rest_route=\/wp\/v2\/product\/16372\/revisions"}],"predecessor-version":[{"id":17172,"href":"https:\/\/lawhiskeria.cr\/index.php?rest_route=\/wp\/v2\/product\/16372\/revisions\/17172"}],"wp:featuredmedia":[{"embeddable":true,"href":"https:\/\/lawhiskeria.cr\/index.php?rest_route=\/wp\/v2\/media\/16369"}],"wp:attachment":[{"href":"https:\/\/lawhiskeria.cr\/index.php?rest_route=%2Fwp%2Fv2%2Fmedia&parent=16372"}],"wp:term":[{"taxonomy":"product_brand","embeddable":true,"href":"https:\/\/lawhiskeria.cr\/index.php?rest_route=%2Fwp%2Fv2%2Fproduct_brand&post=16372"},{"taxonomy":"product_cat","embeddable":true,"href":"https:\/\/lawhiskeria.cr\/index.php?rest_route=%2Fwp%2Fv2%2Fproduct_cat&post=16372"},{"taxonomy":"product_tag","embeddable":true,"href":"https:\/\/lawhiskeria.cr\/index.php?rest_route=%2Fwp%2Fv2%2Fproduct_tag&post=16372"}],"curies":[{"name":"wp","href":"https:\/\/api.w.org\/{rel}","templated":true}]}}