{"id":16267,"date":"2024-03-13T00:07:40","date_gmt":"2024-03-13T00:07:40","guid":{"rendered":"https:\/\/stag.lawhiskeria.cr\/?post_type=product&#038;p=16267"},"modified":"2024-12-07T18:44:07","modified_gmt":"2024-12-07T18:44:07","slug":"buchanans-18-anos","status":"publish","type":"product","link":"https:\/\/lawhiskeria.cr\/?product=buchanans-18-anos","title":{"rendered":"Buchanan&#8217;s 18 A\u00f1os"},"content":{"rendered":"","protected":false},"excerpt":{"rendered":"<div class=\"field field--name-body field--type-text-with-summary field--label-hidden field--item\">\n<p><strong>Whisky blend de 18 a\u00f1os, Escocia.<\/strong><\/p>\n<p>Es una mezcla de whisky de grano y maltas \u00fanicas conservadas durante al menos 18 a\u00f1os en barriles de roble que sol\u00edan almacenar jerez. Con una textura suave y delicada, Buchanan&#8217;s Special Reserve de 18 a\u00f1os es un whisky caracter\u00edstico, sofisticado y completo que ofrece los sabores de los c\u00edtricos, los frutos secos, la miel y el roble.\u00a0<strong>Buchanan&#8217;s Special Reserve de 18 a\u00f1os\u00a0<\/strong>es un \u00edcono de excelencia entre los expertos del whisky escoc\u00e9s.<\/p>\n<p><strong>Color<\/strong>\u00a0ambarino profundo, intenso y c\u00e1lido.<\/p>\n<p><strong>Notas<\/strong>\u00a0ricas y suaves de chocolate negro, con toques de caramelo y ciruelas. Ligero aroma a miel y almendras.<\/p>\n<p><strong>Sabor:<\/strong>\u00a0Notas de naranjas dulces, ciruelas, nueces y miel que recubren la boca. Frutas c\u00edtricas y un sutil ahumado.<\/p>\n<p><strong>Final\u00a0<\/strong>dulce, con notas de pl\u00e1tano y nueces.<\/p>\n<p><strong>ABV 40% &#8211; 750 ml.<\/strong><\/p>\n<\/div>\n<div class=\"field field--name-field-etiquetas field--type-entity-reference field--label-above\"><\/div>\n","protected":false},"featured_media":16268,"comment_status":"open","ping_status":"closed","template":"","meta":[],"product_brand":[],"product_cat":[71],"product_tag":[153,110],"class_list":{"0":"post-16267","1":"product","2":"type-product","3":"status-publish","4":"has-post-thumbnail","6":"product_cat-blends","7":"product_tag-blend","8":"product_tag-whisky-escoces","10":"first","11":"instock","12":"shipping-taxable","13":"purchasable","14":"product-type-simple"},"_links":{"self":[{"href":"https:\/\/lawhiskeria.cr\/index.php?rest_route=\/wp\/v2\/product\/16267","targetHints":{"allow":["GET"]}}],"collection":[{"href":"https:\/\/lawhiskeria.cr\/index.php?rest_route=\/wp\/v2\/product"}],"about":[{"href":"https:\/\/lawhiskeria.cr\/index.php?rest_route=\/wp\/v2\/types\/product"}],"replies":[{"embeddable":true,"href":"https:\/\/lawhiskeria.cr\/index.php?rest_route=%2Fwp%2Fv2%2Fcomments&post=16267"}],"version-history":[{"count":3,"href":"https:\/\/lawhiskeria.cr\/index.php?rest_route=\/wp\/v2\/product\/16267\/revisions"}],"predecessor-version":[{"id":17759,"href":"https:\/\/lawhiskeria.cr\/index.php?rest_route=\/wp\/v2\/product\/16267\/revisions\/17759"}],"wp:featuredmedia":[{"embeddable":true,"href":"https:\/\/lawhiskeria.cr\/index.php?rest_route=\/wp\/v2\/media\/16268"}],"wp:attachment":[{"href":"https:\/\/lawhiskeria.cr\/index.php?rest_route=%2Fwp%2Fv2%2Fmedia&parent=16267"}],"wp:term":[{"taxonomy":"product_brand","embeddable":true,"href":"https:\/\/lawhiskeria.cr\/index.php?rest_route=%2Fwp%2Fv2%2Fproduct_brand&post=16267"},{"taxonomy":"product_cat","embeddable":true,"href":"https:\/\/lawhiskeria.cr\/index.php?rest_route=%2Fwp%2Fv2%2Fproduct_cat&post=16267"},{"taxonomy":"product_tag","embeddable":true,"href":"https:\/\/lawhiskeria.cr\/index.php?rest_route=%2Fwp%2Fv2%2Fproduct_tag&post=16267"}],"curies":[{"name":"wp","href":"https:\/\/api.w.org\/{rel}","templated":true}]}}