{"id":16247,"date":"2024-03-11T03:36:29","date_gmt":"2024-03-11T03:36:29","guid":{"rendered":"https:\/\/stag.lawhiskeria.cr\/?post_type=product&#038;p=16247"},"modified":"2025-10-28T03:15:31","modified_gmt":"2025-10-28T03:15:31","slug":"vino-vivanco-crianza","status":"publish","type":"product","link":"https:\/\/lawhiskeria.cr\/?product=vino-vivanco-crianza","title":{"rendered":"Vivanco Crianza"},"content":{"rendered":"<p style=\"font-weight: 400;\"><b><strong>VI\u00d1EDOS:<\/strong><\/b>\u00a0Selecci\u00f3n de vi\u00f1edos propios de los terru\u00f1os de Briones, San Vicente, Ales\u00f3n (Finca San Ant\u00f3n), Villamediana, Agoncillo y Tudelilla, repartidos en 20 parcelas de diferentes altitudes, suelos y orientaciones.<\/p>\n<p style=\"font-weight: 400;\"><b><strong>VENDIMIA:<\/strong><\/b>\u00a0Manual. Todas las uvas permanecen en c\u00e1mara de fr\u00edo durante 36 horas antes de su procesamiento en mesa de selecci\u00f3n. La vendimia comenz\u00f3 a principios de octubre, en el caso del Tempranillo, y a mediados en el caso del Graciano y la Maturana Tinta.<\/p>\n<p style=\"font-weight: 400;\"><b><strong>ELABORACI\u00d3N:<\/strong><\/b>\u00a0Tras un suave estrujado, el mosto se encuba por gravedad en peque\u00f1os tinos de roble franc\u00e9s donde fermenta y macera en contacto con los hollejos a una temperatura m\u00e1xima controlada de 28 \u00b0C, recibiendo ligeros remontados durante 20 d\u00edas.<\/p>\n<p style=\"font-weight: 400;\"><b><strong>FERMENTACI\u00d3N MALOL\u00c1CTICA:<\/strong><\/b>\u00a0En peque\u00f1os tinos de roble franc\u00e9s.<\/p>\n","protected":false},"excerpt":{"rendered":"<p style=\"font-weight: 400;\"><b><strong>VIVANCO CRIANZA &#8211; Fresco y Floral<\/strong><\/b><\/p>\n<p style=\"font-weight: 400;\"><b><strong>VARIEDADES:\u00a0<\/strong><\/b>95% Tempranillo, 2% Maturana Tinta, Graciano 3%<\/p>\n<p style=\"font-weight: 400;\"><b><strong>CRIANZA:<\/strong><\/b>\u00a016 meses en barricas de roble franc\u00e9s (60%) y americano (40%), con trasiegos peri\u00f3dicos y un m\u00ednimo de 6 meses en botellero.<\/p>\n<p style=\"font-weight: 400;\"><b><strong>LA BOTELLA:<\/strong><\/b>\u00a0Nuestra botella est\u00e1 inspirada en una original del s. XVIII visitable en el Museo Vivanco de la Cultura del Vino.<\/p>\n<p style=\"font-weight: 400;\"><b><strong>NOTA DE CATA<\/strong><\/b><\/p>\n<p style=\"font-weight: 400;\"><b><strong>Color\u00a0<\/strong><\/b>rojo brillante con ligeros ribetes p\u00farpuras.<\/p>\n<p style=\"font-weight: 400;\"><b><strong>Aromas<\/strong><\/b>\u00a0frescos e intensos a frutos rojos, con notas especiadas y de regaliz, acompa\u00f1ado de elegantes aromas tostados y ahumados.<\/p>\n<p style=\"font-weight: 400;\">En\u00a0<b><strong>boca<\/strong><\/b>\u00a0se muestra fresco y goloso, con un paso de boca elegante, persistente y muy equilibrado.<\/p>\n<p style=\"font-weight: 400;\"><b><strong>SERVICIO Y MARIDAJE:<\/strong><\/b>\u00a0Servir a una temperatura de entre 16 y 18 oC. Perfecto para acompa\u00f1ar todo tipo de tapas, platos de la cocina mediterr\u00e1nea, arroces, legumbres, pasta y todo tipo de carnes blancas y rojas.<\/p>\n<p style=\"font-weight: 400;\"><b><strong>ABV 13.5% &#8211; 750 ml.<\/strong><\/b><\/p>\n<p><iframe loading=\"lazy\" title=\"YouTube video player\" src=\"https:\/\/www.youtube.com\/embed\/jZkCwKWJj8M?si=fZjY_HehO4YtUdMv&amp;start=3586\" width=\"560\" height=\"315\" frameborder=\"0\" allowfullscreen=\"allowfullscreen\"><\/iframe><\/p>\n","protected":false},"featured_media":16248,"comment_status":"open","ping_status":"closed","template":"","meta":[],"product_brand":[],"product_cat":[420,29],"product_tag":[179,178,245,162,149],"class_list":{"0":"post-16247","1":"product","2":"type-product","3":"status-publish","4":"has-post-thumbnail","6":"product_cat-tinto","7":"product_cat-vinos","8":"product_tag-graciano","9":"product_tag-maturana-tinta","10":"product_tag-rioja","11":"product_tag-tempranillo","12":"product_tag-vino-espanol","14":"first","15":"instock","16":"shipping-taxable","17":"purchasable","18":"product-type-simple"},"_links":{"self":[{"href":"https:\/\/lawhiskeria.cr\/index.php?rest_route=\/wp\/v2\/product\/16247","targetHints":{"allow":["GET"]}}],"collection":[{"href":"https:\/\/lawhiskeria.cr\/index.php?rest_route=\/wp\/v2\/product"}],"about":[{"href":"https:\/\/lawhiskeria.cr\/index.php?rest_route=\/wp\/v2\/types\/product"}],"replies":[{"embeddable":true,"href":"https:\/\/lawhiskeria.cr\/index.php?rest_route=%2Fwp%2Fv2%2Fcomments&post=16247"}],"version-history":[{"count":5,"href":"https:\/\/lawhiskeria.cr\/index.php?rest_route=\/wp\/v2\/product\/16247\/revisions"}],"predecessor-version":[{"id":17747,"href":"https:\/\/lawhiskeria.cr\/index.php?rest_route=\/wp\/v2\/product\/16247\/revisions\/17747"}],"wp:featuredmedia":[{"embeddable":true,"href":"https:\/\/lawhiskeria.cr\/index.php?rest_route=\/wp\/v2\/media\/16248"}],"wp:attachment":[{"href":"https:\/\/lawhiskeria.cr\/index.php?rest_route=%2Fwp%2Fv2%2Fmedia&parent=16247"}],"wp:term":[{"taxonomy":"product_brand","embeddable":true,"href":"https:\/\/lawhiskeria.cr\/index.php?rest_route=%2Fwp%2Fv2%2Fproduct_brand&post=16247"},{"taxonomy":"product_cat","embeddable":true,"href":"https:\/\/lawhiskeria.cr\/index.php?rest_route=%2Fwp%2Fv2%2Fproduct_cat&post=16247"},{"taxonomy":"product_tag","embeddable":true,"href":"https:\/\/lawhiskeria.cr\/index.php?rest_route=%2Fwp%2Fv2%2Fproduct_tag&post=16247"}],"curies":[{"name":"wp","href":"https:\/\/api.w.org\/{rel}","templated":true}]}}

<p style="font-weight: 400;"><b><strong>VIÑEDOS:</strong></b> Selección de viñedos propios de los terruños de Briones, San Vicente, Alesón (Finca San Antón), Villamediana, Agoncillo y Tudelilla, repartidos en 20 parcelas de diferentes altitudes, suelos y orientaciones.</p>
<p style="font-weight: 400;"><b><strong>VENDIMIA:</strong></b> Manual. Todas las uvas permanecen en cámara de frío durante 36 horas antes de su procesamiento en mesa de selección. La vendimia comenzó a principios de octubre, en el caso del Tempranillo, y a mediados en el caso del Graciano y la Maturana Tinta.</p>
<p style="font-weight: 400;"><b><strong>ELABORACIÓN:</strong></b> Tras un suave estrujado, el mosto se encuba por gravedad en pequeños tinos de roble francés donde fermenta y macera en contacto con los hollejos a una temperatura máxima controlada de 28 °C, recibiendo ligeros remontados durante 20 días.</p>
<p style="font-weight: 400;"><b><strong>FERMENTACIÓN MALOLÁCTICA:</strong></b> En pequeños tinos de roble francés.</p>

<p style="font-weight: 400;"><b><strong>VIVANCO CRIANZA &#8211; Fresco y Floral</strong></b></p>
<p style="font-weight: 400;"><b><strong>VARIEDADES: </strong></b>95% Tempranillo, 2% Maturana Tinta, Graciano 3%</p>
<p style="font-weight: 400;"><b><strong>CRIANZA:</strong></b> 16 meses en barricas de roble francés (60%) y americano (40%), con trasiegos periódicos y un mínimo de 6 meses en botellero.</p>
<p style="font-weight: 400;"><b><strong>LA BOTELLA:</strong></b> Nuestra botella está inspirada en una original del s. XVIII visitable en el Museo Vivanco de la Cultura del Vino.</p>
<p style="font-weight: 400;"><b><strong>NOTA DE CATA</strong></b></p>
<p style="font-weight: 400;"><b><strong>Color </strong></b>rojo brillante con ligeros ribetes púrpuras.</p>
<p style="font-weight: 400;"><b><strong>Aromas</strong></b> frescos e intensos a frutos rojos, con notas especiadas y de regaliz, acompañado de elegantes aromas tostados y ahumados.</p>
<p style="font-weight: 400;">En <b><strong>boca</strong></b> se muestra fresco y goloso, con un paso de boca elegante, persistente y muy equilibrado.</p>
<p style="font-weight: 400;"><b><strong>SERVICIO Y MARIDAJE:</strong></b> Servir a una temperatura de entre 16 y 18 oC. Perfecto para acompañar todo tipo de tapas, platos de la cocina mediterránea, arroces, legumbres, pasta y todo tipo de carnes blancas y rojas.</p>
<p style="font-weight: 400;"><b><strong>ABV 13.5% &#8211; 750 ml.</strong></b></p>
<p><iframe loading="lazy" title="YouTube video player" src="https://www.youtube.com/embed/jZkCwKWJj8M?si=fZjY_HehO4YtUdMv&amp;start=3586" width="560" height="315" frameborder="0" allowfullscreen="allowfullscreen"></iframe></p>
