{"id":16241,"date":"2024-03-11T03:25:41","date_gmt":"2024-03-11T03:25:41","guid":{"rendered":"https:\/\/stag.lawhiskeria.cr\/?post_type=product&#038;p=16241"},"modified":"2025-10-28T02:24:40","modified_gmt":"2025-10-28T02:24:40","slug":"vino-tinto-pepe-yllera","status":"publish","type":"product","link":"https:\/\/lawhiskeria.cr\/?product=vino-tinto-pepe-yllera","title":{"rendered":"Pepe Yllera"},"content":{"rendered":"","protected":false},"excerpt":{"rendered":"<p style=\"font-weight: 400;\"><b><strong>Variedad de uva:<\/strong><\/b>\u00a0Tempranillo, Cabernet Sauvignon, Merlot.<\/p>\n<p style=\"font-weight: 400;\"><b><strong>Denominaci\u00f3n de origen:<\/strong><\/b>\u00a0D.O. RIBERA DEL DUERO.\u00a0<b><strong>Edad del vi\u00f1edo:<\/strong><\/b>\u00a030 &#8211; 40 a\u00f1os<\/p>\n<p style=\"font-weight: 400;\"><b><strong>Crianza en barrica:\u00a0<\/strong><\/b>6 meses en barrica de roble americano y franc\u00e9s.<\/p>\n<p style=\"font-weight: 400;\"><b><strong>Elaboraci\u00f3n:<\/strong><\/b>\u00a0Vendimia manual. Doble selecci\u00f3n de uva en el vi\u00f1edo y en la bodega. Despalillado. Fermentaci\u00f3n alcoh\u00f3lica a 28 \u00ba en dep\u00f3sitos de acero inoxidable. Remontados diarios para la extracci\u00f3n de color y control de temperatura. Fermentaci\u00f3n malol\u00e1ctica. Clarificaci\u00f3n y trasiegos. Posteriormente pasa a barricas y a botella.<\/p>\n<p style=\"font-weight: 400;\">Rojo guinda con notas cardenalicias.\u00a0<b><strong>Nariz<\/strong><\/b>\u00a0potente, con aromas a frutas rojas y negras junto a notas especiadas (vainilla, regaliz) y bals\u00e1micas (eucalipto) aportadas por su madera. Destacan tambi\u00e9n aromas a regaliz, cedro y humo t\u00edpicas de la variedad cabernet sauvignon.\u00a0<b><strong>Boca<\/strong><\/b>\u00a0amplia, golosa, amable, sedosa y aterciopelada. Agradable acidez que lo hace muy fresco, con un\u00a0<b><strong>final\u00a0<\/strong><\/b>largo y un retrogusto de frutas del bosque, grosella negra y vainilla.<\/p>\n<p style=\"font-weight: 400;\"><b><strong>Gastronom\u00eda:<\/strong><\/b>\u00a0Perfecto con cualquier tipo de carne, especialmente embutidos ib\u00e9ricos, carnes blancas y rojas, asados de cordero y cochinillo, caza menor (liebre, perdiz), guisos de legumbres y quesos curados y semi curados.<\/p>\n<p style=\"font-weight: 400;\">Temperatura de consumo: 16 &#8211; 18 \u00baC.<\/p>\n<p><span style=\"font-weight: 400;\">\u00a0Almacenar a temperatura de entre 12-18\u00ba C, preferiblemente con la botella tumbada.<\/span><\/p>\n<p style=\"font-weight: 400;\">Se recomienda su consumo dentro de los 5 a\u00f1os siguientes a la fecha de la cosecha.<\/p>\n<p style=\"font-weight: 400;\">Contiene Sulfitos.\u00a0\u00a0Apto para veganos.<\/p>\n<p><iframe loading=\"lazy\" title=\"YouTube video player\" src=\"https:\/\/www.youtube.com\/embed\/vn5_uZPlKlk?si=t6dUy9R6_nwuaCeF&amp;start=3070\" width=\"560\" height=\"315\" frameborder=\"0\" allowfullscreen=\"allowfullscreen\"><\/iframe><\/p>\n","protected":false},"featured_media":16242,"comment_status":"open","ping_status":"closed","template":"","meta":[],"product_brand":[],"product_cat":[420,29],"product_tag":[153,158,168,162,149],"class_list":{"0":"post-16241","1":"product","2":"type-product","3":"status-publish","4":"has-post-thumbnail","6":"product_cat-tinto","7":"product_cat-vinos","8":"product_tag-blend","9":"product_tag-cabernet-sauvignon","10":"product_tag-merlot","11":"product_tag-tempranillo","12":"product_tag-vino-espanol","14":"first","15":"instock","16":"shipping-taxable","17":"purchasable","18":"product-type-simple"},"_links":{"self":[{"href":"https:\/\/lawhiskeria.cr\/index.php?rest_route=\/wp\/v2\/product\/16241","targetHints":{"allow":["GET"]}}],"collection":[{"href":"https:\/\/lawhiskeria.cr\/index.php?rest_route=\/wp\/v2\/product"}],"about":[{"href":"https:\/\/lawhiskeria.cr\/index.php?rest_route=\/wp\/v2\/types\/product"}],"replies":[{"embeddable":true,"href":"https:\/\/lawhiskeria.cr\/index.php?rest_route=%2Fwp%2Fv2%2Fcomments&post=16241"}],"version-history":[{"count":4,"href":"https:\/\/lawhiskeria.cr\/index.php?rest_route=\/wp\/v2\/product\/16241\/revisions"}],"predecessor-version":[{"id":17726,"href":"https:\/\/lawhiskeria.cr\/index.php?rest_route=\/wp\/v2\/product\/16241\/revisions\/17726"}],"wp:featuredmedia":[{"embeddable":true,"href":"https:\/\/lawhiskeria.cr\/index.php?rest_route=\/wp\/v2\/media\/16242"}],"wp:attachment":[{"href":"https:\/\/lawhiskeria.cr\/index.php?rest_route=%2Fwp%2Fv2%2Fmedia&parent=16241"}],"wp:term":[{"taxonomy":"product_brand","embeddable":true,"href":"https:\/\/lawhiskeria.cr\/index.php?rest_route=%2Fwp%2Fv2%2Fproduct_brand&post=16241"},{"taxonomy":"product_cat","embeddable":true,"href":"https:\/\/lawhiskeria.cr\/index.php?rest_route=%2Fwp%2Fv2%2Fproduct_cat&post=16241"},{"taxonomy":"product_tag","embeddable":true,"href":"https:\/\/lawhiskeria.cr\/index.php?rest_route=%2Fwp%2Fv2%2Fproduct_tag&post=16241"}],"curies":[{"name":"wp","href":"https:\/\/api.w.org\/{rel}","templated":true}]}}