{"id":16216,"date":"2024-03-11T02:22:24","date_gmt":"2024-03-11T02:22:24","guid":{"rendered":"https:\/\/stag.lawhiskeria.cr\/?post_type=product&#038;p=16216"},"modified":"2026-03-24T03:47:17","modified_gmt":"2026-03-24T03:47:17","slug":"vino-montes-alpha-carmenere","status":"publish","type":"product","link":"https:\/\/lawhiskeria.cr\/?product=vino-montes-alpha-carmenere","title":{"rendered":"Montes Alpha Carmen\u00e8re"},"content":{"rendered":"","protected":false},"excerpt":{"rendered":"<p style=\"font-weight: 400;\">La Carmen\u00e8re es considerada una de las seis cepas tintas originales de Bordeaux, Francia. Este vino es complementado con un 10% de Cabernet para aportar mayor complejidad, estructura y potencial de guarda.<\/p>\n<p style=\"font-weight: 400;\">Un gran ejemplar de la Carmen\u00e8re, la variedad emblem\u00e1tica chilena, del renombrado Valle de Colchagua, cuna de excelentes tintos hoy en d\u00eda.<\/p>\n<p style=\"font-weight: 400;\">Elaborado por la prestigiosa y renombrada Vi\u00f1a Montes, una bodega que se ha posicionado en la mente del consumidor como sin\u00f3nimo de calidad Ultra Premium.<\/p>\n<p style=\"font-weight: 400;\">Crianza: Roble Franc\u00e9s, 12 meses (55% del vino).<\/p>\n<p style=\"font-weight: 400;\">Nariz: Agradables notas a fruta negra madura, como moras, higos y ciruelas secas. Especias que recuerdan la nuez moscada y pimienta negra, toques de tabaquer\u00eda y cuero. Un sutil aroma bals\u00e1mico envuelve su fondo con aromas a pasteler\u00eda y chocolate negro.<\/p>\n<p style=\"font-weight: 400;\">Boca: Entrada tenue, se recalcan los sabores de frutas negras, especias y el pimiento. Taninos amables, justa acidez, elegante y estructurado. Amable y especiado final.<\/p>\n<p style=\"font-weight: 400;\">Maridaje:<\/p>\n<p style=\"font-weight: 400;\">Carnes blancas y rojas, platos con pimientos, chuletas de cerdo, spaghetti con salsa bolo\u00f1esa, chuletas de cordero, raviolis de champi\u00f1ones.<\/p>\n","protected":false},"featured_media":16219,"comment_status":"open","ping_status":"closed","template":"","meta":[],"product_brand":[],"product_cat":[420,29],"product_tag":[157,156],"class_list":{"0":"post-16216","1":"product","2":"type-product","3":"status-publish","4":"has-post-thumbnail","6":"product_cat-tinto","7":"product_cat-vinos","8":"product_tag-carmenere","9":"product_tag-vino-chileno","11":"first","12":"instock","13":"shipping-taxable","14":"purchasable","15":"product-type-simple"},"_links":{"self":[{"href":"https:\/\/lawhiskeria.cr\/index.php?rest_route=\/wp\/v2\/product\/16216","targetHints":{"allow":["GET"]}}],"collection":[{"href":"https:\/\/lawhiskeria.cr\/index.php?rest_route=\/wp\/v2\/product"}],"about":[{"href":"https:\/\/lawhiskeria.cr\/index.php?rest_route=\/wp\/v2\/types\/product"}],"replies":[{"embeddable":true,"href":"https:\/\/lawhiskeria.cr\/index.php?rest_route=%2Fwp%2Fv2%2Fcomments&post=16216"}],"version-history":[{"count":2,"href":"https:\/\/lawhiskeria.cr\/index.php?rest_route=\/wp\/v2\/product\/16216\/revisions"}],"predecessor-version":[{"id":17695,"href":"https:\/\/lawhiskeria.cr\/index.php?rest_route=\/wp\/v2\/product\/16216\/revisions\/17695"}],"wp:featuredmedia":[{"embeddable":true,"href":"https:\/\/lawhiskeria.cr\/index.php?rest_route=\/wp\/v2\/media\/16219"}],"wp:attachment":[{"href":"https:\/\/lawhiskeria.cr\/index.php?rest_route=%2Fwp%2Fv2%2Fmedia&parent=16216"}],"wp:term":[{"taxonomy":"product_brand","embeddable":true,"href":"https:\/\/lawhiskeria.cr\/index.php?rest_route=%2Fwp%2Fv2%2Fproduct_brand&post=16216"},{"taxonomy":"product_cat","embeddable":true,"href":"https:\/\/lawhiskeria.cr\/index.php?rest_route=%2Fwp%2Fv2%2Fproduct_cat&post=16216"},{"taxonomy":"product_tag","embeddable":true,"href":"https:\/\/lawhiskeria.cr\/index.php?rest_route=%2Fwp%2Fv2%2Fproduct_tag&post=16216"}],"curies":[{"name":"wp","href":"https:\/\/api.w.org\/{rel}","templated":true}]}}