{"id":16209,"date":"2024-03-11T02:01:22","date_gmt":"2024-03-11T02:01:22","guid":{"rendered":"https:\/\/stag.lawhiskeria.cr\/?post_type=product&#038;p=16209"},"modified":"2026-03-24T03:38:25","modified_gmt":"2026-03-24T03:38:25","slug":"vino-marquis-de-bordeaux-grand-vin-de-bordeaux","status":"publish","type":"product","link":"https:\/\/lawhiskeria.cr\/?product=vino-marquis-de-bordeaux-grand-vin-de-bordeaux","title":{"rendered":"Marquis de Bordeaux, Grand Vin de Bordeaux"},"content":{"rendered":"<p style=\"font-weight: 400;\">Una sola finca, cultivada con las variedades\u00a0<b><strong>Merlot y Cabernet Franc<\/strong><\/b>, cuyos vi\u00f1edos tienen una edad media de 25 a\u00f1os. Se ha cultivado con una limitada densidad por hect\u00e1rea, tan solo 1,000 vides, de las cuales proviene este exclusivo vino. Este novedoso vino es una apuesta por lograr fusionar dos estilos muy distintos, el viejo y el nuevo mundo del vino. Encanta por su calidez, expresi\u00f3n frutal, armon\u00eda y destacada elegancia.<\/p>\n","protected":false},"excerpt":{"rendered":"<p style=\"font-weight: 400;\">Procedencia:\u00a0<b><strong>Saint-\u00c9milion \/ Bordeaux, Francia.<\/strong><\/b><\/p>\n<p style=\"font-weight: 400;\">Variedad:\u00a0<b><strong>Merlot 80 y Cabernet Franc 20% (Blend).<\/strong><\/b><\/p>\n<p style=\"font-weight: 400;\">Crianza:\u00a0<b><strong>Roble Frances, 12 meses.<\/strong><\/b><\/p>\n<p style=\"font-weight: 400;\"><b><strong>Nariz:<\/strong><\/b>\u00a0Lleno de ricos aromas a frutos rojos Acompa\u00f1ados de recuerdos a frutos negros como las moras y grosellas negras, entremezcladas con toques de vainilla y finos tostados.<\/p>\n<p style=\"font-weight: 400;\"><b><strong>Boca:<\/strong><\/b>\u00a0Vibrante entrada. Despliega frescura y vivacidad. Destacable armon\u00eda entre la fruta, la mineralidad, los aportes de la barrica, sus c\u00e1lidos taninos, exquisita textura y una intensidad moderada. Muy placentero y sabroso.<\/p>\n<p style=\"font-weight: 400;\"><b><strong>Maridaje:<\/strong><\/b>\u00a0Pescados aceitosos, setas, pastas en tomate o con trufa, pizzas con carnes, carnes blancas y rojas.<\/p>\n<p><iframe loading=\"lazy\" title=\"YouTube video player\" src=\"https:\/\/www.youtube.com\/embed\/k4gIfmDRyxw?si=Dz7noIFjjr_gn8n1&amp;start=4251\" width=\"560\" height=\"315\" frameborder=\"0\" allowfullscreen=\"allowfullscreen\"><\/iframe><\/p>\n","protected":false},"featured_media":16211,"comment_status":"open","ping_status":"closed","template":"","meta":[],"product_brand":[],"product_cat":[420,29],"product_tag":[153,394,160,168,474,155],"class_list":{"0":"post-16209","1":"product","2":"type-product","3":"status-publish","4":"has-post-thumbnail","6":"product_cat-tinto","7":"product_cat-vinos","8":"product_tag-blend","9":"product_tag-bordeaux","10":"product_tag-cabernet-franc","11":"product_tag-merlot","12":"product_tag-saint-emilion","13":"product_tag-vino-frances","15":"first","16":"instock","17":"shipping-taxable","18":"purchasable","19":"product-type-simple"},"_links":{"self":[{"href":"https:\/\/lawhiskeria.cr\/index.php?rest_route=\/wp\/v2\/product\/16209","targetHints":{"allow":["GET"]}}],"collection":[{"href":"https:\/\/lawhiskeria.cr\/index.php?rest_route=\/wp\/v2\/product"}],"about":[{"href":"https:\/\/lawhiskeria.cr\/index.php?rest_route=\/wp\/v2\/types\/product"}],"replies":[{"embeddable":true,"href":"https:\/\/lawhiskeria.cr\/index.php?rest_route=%2Fwp%2Fv2%2Fcomments&post=16209"}],"version-history":[{"count":4,"href":"https:\/\/lawhiskeria.cr\/index.php?rest_route=\/wp\/v2\/product\/16209\/revisions"}],"predecessor-version":[{"id":17694,"href":"https:\/\/lawhiskeria.cr\/index.php?rest_route=\/wp\/v2\/product\/16209\/revisions\/17694"}],"wp:featuredmedia":[{"embeddable":true,"href":"https:\/\/lawhiskeria.cr\/index.php?rest_route=\/wp\/v2\/media\/16211"}],"wp:attachment":[{"href":"https:\/\/lawhiskeria.cr\/index.php?rest_route=%2Fwp%2Fv2%2Fmedia&parent=16209"}],"wp:term":[{"taxonomy":"product_brand","embeddable":true,"href":"https:\/\/lawhiskeria.cr\/index.php?rest_route=%2Fwp%2Fv2%2Fproduct_brand&post=16209"},{"taxonomy":"product_cat","embeddable":true,"href":"https:\/\/lawhiskeria.cr\/index.php?rest_route=%2Fwp%2Fv2%2Fproduct_cat&post=16209"},{"taxonomy":"product_tag","embeddable":true,"href":"https:\/\/lawhiskeria.cr\/index.php?rest_route=%2Fwp%2Fv2%2Fproduct_tag&post=16209"}],"curies":[{"name":"wp","href":"https:\/\/api.w.org\/{rel}","templated":true}]}}