{"id":16204,"date":"2024-03-11T01:45:05","date_gmt":"2024-03-11T01:45:05","guid":{"rendered":"https:\/\/stag.lawhiskeria.cr\/?post_type=product&#038;p=16204"},"modified":"2025-10-28T03:12:56","modified_gmt":"2025-10-28T03:12:56","slug":"vino-les-terrasses-dardeche-blanc","status":"publish","type":"product","link":"https:\/\/lawhiskeria.cr\/?product=vino-les-terrasses-dardeche-blanc","title":{"rendered":"Les Terrasses d\u2019Ard\u00e8che Blanc"},"content":{"rendered":"","protected":false},"excerpt":{"rendered":"<p style=\"font-weight: 400;\"><b><strong>Les Terrasses d\u2019Ard\u00e8che\u00a0&#8211; Sauvignon Blanc y Garnacha Blanca.<\/strong><\/b><\/p>\n<p style=\"font-weight: 400;\"><b><strong>TERROIR:<\/strong><\/b>\u00a0El vi\u00f1edo se encuentra en el sur de Ard\u00e8che. Se planta en laderas suaves resistentes a la sequ\u00eda formadas por suelos que son principalmente arcillo-calcareos, as\u00ed como un peque\u00f1o porcentaje de arenisca. El clima mediterr\u00e1neo t\u00edpico de la zona est\u00e1 influenciado por el viento Mistral que seca el vi\u00f1edo y ayuda a evitar enfermedades.<\/p>\n<p style=\"font-weight: 400;\"><b><strong>ENOLOG\u00cdA:<\/strong><\/b>\u00a0La cosecha se lleva a cabo cuando la temperatura est\u00e1 en su punto m\u00e1s bajo. La uva se somete a prensado directo y la fermentaci\u00f3n alcoh\u00f3lica tiene lugar entre 15 y 16 C. La fermentaci\u00f3n malol\u00e1ctica se ha bloqueado para liberar un perfil de sabor m\u00e1s vivo.<\/p>\n<p style=\"font-weight: 400;\"><b><strong>DEGUSTACI\u00d3N:<\/strong><\/b>\u00a0Este vino muestra un color amarillo verdoso. Cuenta con apetitosos aromas florales y frutales (c\u00edtricos, melocot\u00f3n blanco). En boca es fresco y afrutado con matices minerales y discretas notas c\u00edtricas.<\/p>\n<p style=\"font-weight: 400;\"><b><strong>MARIDAJE:<\/strong><\/b>\u00a0Este vino es perfecto como kir cuando se mezcla con licor de casta\u00f1as y va bien con pescados de agua dulce, mariscos y mariscos.<\/p>\n<p style=\"font-weight: 400;\">Potencial de envejecimiento es de 2 a\u00f1os.<\/p>\n","protected":false},"featured_media":16205,"comment_status":"open","ping_status":"closed","template":"","meta":[],"product_brand":[],"product_cat":[421,29],"product_tag":[171,170,159,155],"class_list":{"0":"post-16204","1":"product","2":"type-product","3":"status-publish","4":"has-post-thumbnail","6":"product_cat-blanco-y-rosado","7":"product_cat-vinos","8":"product_tag-garnacha-blanca","9":"product_tag-sauvignon-blanc","10":"product_tag-vino-blanco","11":"product_tag-vino-frances","13":"first","14":"instock","15":"shipping-taxable","16":"purchasable","17":"product-type-simple"},"_links":{"self":[{"href":"https:\/\/lawhiskeria.cr\/index.php?rest_route=\/wp\/v2\/product\/16204","targetHints":{"allow":["GET"]}}],"collection":[{"href":"https:\/\/lawhiskeria.cr\/index.php?rest_route=\/wp\/v2\/product"}],"about":[{"href":"https:\/\/lawhiskeria.cr\/index.php?rest_route=\/wp\/v2\/types\/product"}],"replies":[{"embeddable":true,"href":"https:\/\/lawhiskeria.cr\/index.php?rest_route=%2Fwp%2Fv2%2Fcomments&post=16204"}],"version-history":[{"count":2,"href":"https:\/\/lawhiskeria.cr\/index.php?rest_route=\/wp\/v2\/product\/16204\/revisions"}],"predecessor-version":[{"id":19374,"href":"https:\/\/lawhiskeria.cr\/index.php?rest_route=\/wp\/v2\/product\/16204\/revisions\/19374"}],"wp:featuredmedia":[{"embeddable":true,"href":"https:\/\/lawhiskeria.cr\/index.php?rest_route=\/wp\/v2\/media\/16205"}],"wp:attachment":[{"href":"https:\/\/lawhiskeria.cr\/index.php?rest_route=%2Fwp%2Fv2%2Fmedia&parent=16204"}],"wp:term":[{"taxonomy":"product_brand","embeddable":true,"href":"https:\/\/lawhiskeria.cr\/index.php?rest_route=%2Fwp%2Fv2%2Fproduct_brand&post=16204"},{"taxonomy":"product_cat","embeddable":true,"href":"https:\/\/lawhiskeria.cr\/index.php?rest_route=%2Fwp%2Fv2%2Fproduct_cat&post=16204"},{"taxonomy":"product_tag","embeddable":true,"href":"https:\/\/lawhiskeria.cr\/index.php?rest_route=%2Fwp%2Fv2%2Fproduct_tag&post=16204"}],"curies":[{"name":"wp","href":"https:\/\/api.w.org\/{rel}","templated":true}]}}

Les Terrasses d’Ardèche Blanc

<p style="font-weight: 400;"><b><strong>Les Terrasses d’Ardèche &#8211; Sauvignon Blanc y Garnacha Blanca.</strong></b></p>
<p style="font-weight: 400;"><b><strong>TERROIR:</strong></b> El viñedo se encuentra en el sur de Ardèche. Se planta en laderas suaves resistentes a la sequía formadas por suelos que son principalmente arcillo-calcareos, así como un pequeño porcentaje de arenisca. El clima mediterráneo típico de la zona está influenciado por el viento Mistral que seca el viñedo y ayuda a evitar enfermedades.</p>
<p style="font-weight: 400;"><b><strong>ENOLOGÍA:</strong></b> La cosecha se lleva a cabo cuando la temperatura está en su punto más bajo. La uva se somete a prensado directo y la fermentación alcohólica tiene lugar entre 15 y 16 C. La fermentación maloláctica se ha bloqueado para liberar un perfil de sabor más vivo.</p>
<p style="font-weight: 400;"><b><strong>DEGUSTACIÓN:</strong></b> Este vino muestra un color amarillo verdoso. Cuenta con apetitosos aromas florales y frutales (cítricos, melocotón blanco). En boca es fresco y afrutado con matices minerales y discretas notas cítricas.</p>
<p style="font-weight: 400;"><b><strong>MARIDAJE:</strong></b> Este vino es perfecto como kir cuando se mezcla con licor de castañas y va bien con pescados de agua dulce, mariscos y mariscos.</p>
<p style="font-weight: 400;">Potencial de envejecimiento es de 2 años.</p>
