{"id":16195,"date":"2024-03-11T01:29:30","date_gmt":"2024-03-11T01:29:30","guid":{"rendered":"https:\/\/stag.lawhiskeria.cr\/?post_type=product&#038;p=16195"},"modified":"2025-10-28T02:03:50","modified_gmt":"2025-10-28T02:03:50","slug":"vino-jerez-nectar-pedro-ximenez","status":"publish","type":"product","link":"https:\/\/lawhiskeria.cr\/?product=vino-jerez-nectar-pedro-ximenez","title":{"rendered":"Jerez N\u00e9ctar Pedro Xim\u00e9nez"},"content":{"rendered":"","protected":false},"excerpt":{"rendered":"<p style=\"font-weight: 400;\">Vinos Dulces Naturales. Uno de los vinos m\u00e1s dulces del mundo<\/p>\n<p style=\"font-weight: 400;\">N\u00e9ctar es un vino procedente de uva\u00a0<b><strong>Pedro Xim\u00e9nez<\/strong><\/b>\u00a0con 9 a\u00f1os de crianza en el sistema de criaderas y solera.<\/p>\n<p style=\"font-weight: 400;\">Variedad: Pedro Xim\u00e9nez 100%. Contenido alcoh\u00f3lico: 15% vol.<\/p>\n<p style=\"font-weight: 400;\"><b><strong>Vista:<\/strong><\/b>\u00a0N\u00e9ctar presenta un intenso color \u00e9bano con irisaciones yodadas, con l\u00e1grima muy amplia y sensaci\u00f3n visual de gran intensidad.<\/p>\n<p style=\"font-weight: 400;\"><b><strong>Aroma:<\/strong><\/b>\u00a0En nariz ofrece aromas extremadamente ricos, con predominio de las notas dulzonas de frutos secos como pasas, higos y d\u00e1tiles, acompa\u00f1ados de aromas de miel, arrope y frutas en compota confitada, acentu\u00e1ndose con el tiempo de envejecimiento los tonos tostados<\/p>\n<p style=\"font-weight: 400;\"><b><strong>Paladar:\u00a0<\/strong><\/b>En boca resulta aterciopelado y untuoso, con una acidez que mitiga el dulzor extremo y la calidez del alcohol, y un final muy largo y sabroso.<\/p>\n","protected":false},"featured_media":16191,"comment_status":"open","ping_status":"closed","template":"","meta":[],"product_brand":[],"product_cat":[423,29],"product_tag":[114,166,149],"class_list":{"0":"post-16195","1":"product","2":"type-product","3":"status-publish","4":"has-post-thumbnail","6":"product_cat-fortificado","7":"product_cat-vinos","8":"product_tag-jerez","9":"product_tag-pedro-ximenez","10":"product_tag-vino-espanol","12":"first","13":"instock","14":"shipping-taxable","15":"purchasable","16":"product-type-simple"},"_links":{"self":[{"href":"https:\/\/lawhiskeria.cr\/index.php?rest_route=\/wp\/v2\/product\/16195","targetHints":{"allow":["GET"]}}],"collection":[{"href":"https:\/\/lawhiskeria.cr\/index.php?rest_route=\/wp\/v2\/product"}],"about":[{"href":"https:\/\/lawhiskeria.cr\/index.php?rest_route=\/wp\/v2\/types\/product"}],"replies":[{"embeddable":true,"href":"https:\/\/lawhiskeria.cr\/index.php?rest_route=%2Fwp%2Fv2%2Fcomments&post=16195"}],"version-history":[{"count":3,"href":"https:\/\/lawhiskeria.cr\/index.php?rest_route=\/wp\/v2\/product\/16195\/revisions"}],"predecessor-version":[{"id":17715,"href":"https:\/\/lawhiskeria.cr\/index.php?rest_route=\/wp\/v2\/product\/16195\/revisions\/17715"}],"wp:featuredmedia":[{"embeddable":true,"href":"https:\/\/lawhiskeria.cr\/index.php?rest_route=\/wp\/v2\/media\/16191"}],"wp:attachment":[{"href":"https:\/\/lawhiskeria.cr\/index.php?rest_route=%2Fwp%2Fv2%2Fmedia&parent=16195"}],"wp:term":[{"taxonomy":"product_brand","embeddable":true,"href":"https:\/\/lawhiskeria.cr\/index.php?rest_route=%2Fwp%2Fv2%2Fproduct_brand&post=16195"},{"taxonomy":"product_cat","embeddable":true,"href":"https:\/\/lawhiskeria.cr\/index.php?rest_route=%2Fwp%2Fv2%2Fproduct_cat&post=16195"},{"taxonomy":"product_tag","embeddable":true,"href":"https:\/\/lawhiskeria.cr\/index.php?rest_route=%2Fwp%2Fv2%2Fproduct_tag&post=16195"}],"curies":[{"name":"wp","href":"https:\/\/api.w.org\/{rel}","templated":true}]}}

Jerez Néctar Pedro Ximénez

<p style="font-weight: 400;">Vinos Dulces Naturales. Uno de los vinos más dulces del mundo</p>
<p style="font-weight: 400;">Néctar es un vino procedente de uva <b><strong>Pedro Ximénez</strong></b> con 9 años de crianza en el sistema de criaderas y solera.</p>
<p style="font-weight: 400;">Variedad: Pedro Ximénez 100%. Contenido alcohólico: 15% vol.</p>
<p style="font-weight: 400;"><b><strong>Vista:</strong></b> Néctar presenta un intenso color ébano con irisaciones yodadas, con lágrima muy amplia y sensación visual de gran intensidad.</p>
<p style="font-weight: 400;"><b><strong>Aroma:</strong></b> En nariz ofrece aromas extremadamente ricos, con predominio de las notas dulzonas de frutos secos como pasas, higos y dátiles, acompañados de aromas de miel, arrope y frutas en compota confitada, acentuándose con el tiempo de envejecimiento los tonos tostados</p>
<p style="font-weight: 400;"><b><strong>Paladar: </strong></b>En boca resulta aterciopelado y untuoso, con una acidez que mitiga el dulzor extremo y la calidez del alcohol, y un final muy largo y sabroso.</p>
