{"id":16179,"date":"2024-03-11T01:00:17","date_gmt":"2024-03-11T01:00:17","guid":{"rendered":"https:\/\/stag.lawhiskeria.cr\/?post_type=product&#038;p=16179"},"modified":"2025-10-28T01:44:31","modified_gmt":"2025-10-28T01:44:31","slug":"vino-emilio-moro-malleolus-de-valderramiro","status":"publish","type":"product","link":"https:\/\/lawhiskeria.cr\/?product=vino-emilio-moro-malleolus-de-valderramiro","title":{"rendered":"Emilio Moro Malleolus de Valderramiro"},"content":{"rendered":"","protected":false},"excerpt":{"rendered":"<p style=\"font-weight: 400;\">Encantador, sublime, que te llena de emociones y sensaciones muy placenteras.\u00a0\u00a0Un\u00a0<b><strong>\u201cS\u00faper Ribera\u201d<\/strong><\/b>, elaborado con un peque\u00f1o (4.5 ha) y viejo vi\u00f1edo (Valderramiro, de ah\u00ed su nombre), de casi un siglo (data de 1924), con un clon aut\u00e9ntico de la variedad tinta fina (Tempranillo), que la familia Moro ha venido desarrollando. Su car\u00e1cter lo determina el suelo arcilloso, en el que se logran vinos intensos y robustos.<\/p>\n<p style=\"font-weight: 400;\">Procedencia:\u00a0<b><strong>DO Ribera del Duero \u2013 Espa\u00f1a.<\/strong><\/b><\/p>\n<p style=\"font-weight: 400;\">Variedad(es):\u00a0<b><strong>Tinto Fino 100%.<\/strong><\/b><\/p>\n<p style=\"font-weight: 400;\">Crianza:\u00a0<b><strong>Roble Franc\u00e9s, 18 meses y Malol\u00e1ctica en roble americano (doble barrica).<\/strong><\/b><\/p>\n<p style=\"font-weight: 400;\"><b><strong>Nariz:<\/strong><\/b>\u00a0predominancia de los frutos negros maduros, una marcada mineralidad, acompa\u00f1ada de aromas tostados, torrefactos, notas especiadas, cacao y tabaco.<\/p>\n<p style=\"font-weight: 400;\"><b><strong>Boca:<\/strong><\/b>\u00a0La primera impresi\u00f3n que nos entregara es de intensidad, se abre mostr\u00e1ndonos su concentraci\u00f3n, su fruta exquisitamente madura (negra principalmente), sabores especiados tambi\u00e9n, unos taninos muy amables y pulidos, sutiles notas minerales y tostadas impregnaran nuestro paladar hasta ese pronunciado final.<\/p>\n<p style=\"font-weight: 400;\"><b><strong>Maridaje:<\/strong><\/b>\u00a0La caza, los cortes de res, el cordero y los quesos maduros. Para disfrutarle por s\u00ed mismo en las ocasiones m\u00e1s memorables.<\/p>\n","protected":false},"featured_media":16167,"comment_status":"open","ping_status":"closed","template":"","meta":[],"product_brand":[],"product_cat":[420,29],"product_tag":[161,149],"class_list":{"0":"post-16179","1":"product","2":"type-product","3":"status-publish","4":"has-post-thumbnail","6":"product_cat-tinto","7":"product_cat-vinos","8":"product_tag-tinto-fino","9":"product_tag-vino-espanol","11":"first","12":"instock","13":"shipping-taxable","14":"purchasable","15":"product-type-simple"},"_links":{"self":[{"href":"https:\/\/lawhiskeria.cr\/index.php?rest_route=\/wp\/v2\/product\/16179","targetHints":{"allow":["GET"]}}],"collection":[{"href":"https:\/\/lawhiskeria.cr\/index.php?rest_route=\/wp\/v2\/product"}],"about":[{"href":"https:\/\/lawhiskeria.cr\/index.php?rest_route=\/wp\/v2\/types\/product"}],"replies":[{"embeddable":true,"href":"https:\/\/lawhiskeria.cr\/index.php?rest_route=%2Fwp%2Fv2%2Fcomments&post=16179"}],"version-history":[{"count":3,"href":"https:\/\/lawhiskeria.cr\/index.php?rest_route=\/wp\/v2\/product\/16179\/revisions"}],"predecessor-version":[{"id":17682,"href":"https:\/\/lawhiskeria.cr\/index.php?rest_route=\/wp\/v2\/product\/16179\/revisions\/17682"}],"wp:featuredmedia":[{"embeddable":true,"href":"https:\/\/lawhiskeria.cr\/index.php?rest_route=\/wp\/v2\/media\/16167"}],"wp:attachment":[{"href":"https:\/\/lawhiskeria.cr\/index.php?rest_route=%2Fwp%2Fv2%2Fmedia&parent=16179"}],"wp:term":[{"taxonomy":"product_brand","embeddable":true,"href":"https:\/\/lawhiskeria.cr\/index.php?rest_route=%2Fwp%2Fv2%2Fproduct_brand&post=16179"},{"taxonomy":"product_cat","embeddable":true,"href":"https:\/\/lawhiskeria.cr\/index.php?rest_route=%2Fwp%2Fv2%2Fproduct_cat&post=16179"},{"taxonomy":"product_tag","embeddable":true,"href":"https:\/\/lawhiskeria.cr\/index.php?rest_route=%2Fwp%2Fv2%2Fproduct_tag&post=16179"}],"curies":[{"name":"wp","href":"https:\/\/api.w.org\/{rel}","templated":true}]}}