{"id":16175,"date":"2024-03-11T00:53:21","date_gmt":"2024-03-11T00:53:21","guid":{"rendered":"https:\/\/stag.lawhiskeria.cr\/?post_type=product&#038;p=16175"},"modified":"2026-03-24T02:59:46","modified_gmt":"2026-03-24T02:59:46","slug":"vino-emilio-moro-malleolus","status":"publish","type":"product","link":"https:\/\/lawhiskeria.cr\/?product=vino-emilio-moro-malleolus","title":{"rendered":"Emilio Moro Malleolus"},"content":{"rendered":"","protected":false},"excerpt":{"rendered":"<p style=\"font-weight: 400;\">Un gran vino, que siempre me satisface y me da mucha seguridad recomendarlo. Conforme le pasan los a\u00f1os me sorprende con su constante calidad, acorde a cada cosecha.\u00a0<b><strong>\u201cAlta expresi\u00f3n de la variedad Tinto Fino\u201d<\/strong><\/b>. La palabra\u00a0<b><strong>\u201cMalleolus\u201d<\/strong><\/b>\u00a0proviene del lat\u00edn y significa majuelo, forma de denominar a los vi\u00f1edos (viejos) en\u00a0<b><strong>Pesquera de Duero.<\/strong><\/b>\u00a0Sus vi\u00f1edos (entre 25 y 75 a\u00f1os), ofrecen una uva de excelente calidad y que expresa fielmente el terroir del que proviene. La esmerada elaboraci\u00f3n y la antig\u00fcedad de las vi\u00f1as hacen de este vino un icono en la Ribera del Duero. En su etiqueta se emplea el C\u00f3digo Braille.<\/p>\n<p style=\"font-weight: 400;\">Procedencia:\u00a0<b><strong>DO Ribera del Duero \u2013 Espa\u00f1a.<\/strong><\/b><\/p>\n<p style=\"font-weight: 400;\">Variedad(es):\u00a0<b><strong>Tinto Fino 100%.<\/strong><\/b><\/p>\n<p style=\"font-weight: 400;\">Crianza:\u00a0<b><strong>Roble Franc\u00e9s, 18 meses.<\/strong><\/b><\/p>\n<p style=\"font-weight: 400;\"><b><strong>Nariz<\/strong><\/b>\u00a0intensa. Ofreciendo una gran expresi\u00f3n de frutos negros concentrados, aromas de maderas nobles, especiados y bals\u00e1micos que forman un conjunto de gran elegancia.<\/p>\n<p style=\"font-weight: 400;\"><b><strong>Boca:<\/strong><\/b>\u00a0Desde su entrada percibiremos su equilibrio. Potente y fino, con un tanino goloso y bien estructurado. Revela su gran linaje. Final largo y encantador.<\/p>\n<p style=\"font-weight: 400;\"><b><strong>Maridaje:<\/strong><\/b>\u00a0Lechazo, cordero, la caza, los cortes de res y quesos maduros.<\/p>\n","protected":false},"featured_media":16169,"comment_status":"open","ping_status":"closed","template":"","meta":[],"product_brand":[],"product_cat":[420,29],"product_tag":[249,162,161,149],"class_list":{"0":"post-16175","1":"product","2":"type-product","3":"status-publish","4":"has-post-thumbnail","6":"product_cat-tinto","7":"product_cat-vinos","8":"product_tag-ribera-del-duero","9":"product_tag-tempranillo","10":"product_tag-tinto-fino","11":"product_tag-vino-espanol","13":"first","14":"instock","15":"shipping-taxable","16":"purchasable","17":"product-type-simple"},"_links":{"self":[{"href":"https:\/\/lawhiskeria.cr\/index.php?rest_route=\/wp\/v2\/product\/16175","targetHints":{"allow":["GET"]}}],"collection":[{"href":"https:\/\/lawhiskeria.cr\/index.php?rest_route=\/wp\/v2\/product"}],"about":[{"href":"https:\/\/lawhiskeria.cr\/index.php?rest_route=\/wp\/v2\/types\/product"}],"replies":[{"embeddable":true,"href":"https:\/\/lawhiskeria.cr\/index.php?rest_route=%2Fwp%2Fv2%2Fcomments&post=16175"}],"version-history":[{"count":3,"href":"https:\/\/lawhiskeria.cr\/index.php?rest_route=\/wp\/v2\/product\/16175\/revisions"}],"predecessor-version":[{"id":17678,"href":"https:\/\/lawhiskeria.cr\/index.php?rest_route=\/wp\/v2\/product\/16175\/revisions\/17678"}],"wp:featuredmedia":[{"embeddable":true,"href":"https:\/\/lawhiskeria.cr\/index.php?rest_route=\/wp\/v2\/media\/16169"}],"wp:attachment":[{"href":"https:\/\/lawhiskeria.cr\/index.php?rest_route=%2Fwp%2Fv2%2Fmedia&parent=16175"}],"wp:term":[{"taxonomy":"product_brand","embeddable":true,"href":"https:\/\/lawhiskeria.cr\/index.php?rest_route=%2Fwp%2Fv2%2Fproduct_brand&post=16175"},{"taxonomy":"product_cat","embeddable":true,"href":"https:\/\/lawhiskeria.cr\/index.php?rest_route=%2Fwp%2Fv2%2Fproduct_cat&post=16175"},{"taxonomy":"product_tag","embeddable":true,"href":"https:\/\/lawhiskeria.cr\/index.php?rest_route=%2Fwp%2Fv2%2Fproduct_tag&post=16175"}],"curies":[{"name":"wp","href":"https:\/\/api.w.org\/{rel}","templated":true}]}}