{"id":16166,"date":"2024-03-11T00:45:23","date_gmt":"2024-03-11T00:45:23","guid":{"rendered":"https:\/\/stag.lawhiskeria.cr\/?post_type=product&#038;p=16166"},"modified":"2026-03-24T02:57:05","modified_gmt":"2026-03-24T02:57:05","slug":"vino-emilio-moro-finca-la-felisa","status":"publish","type":"product","link":"https:\/\/lawhiskeria.cr\/?product=vino-emilio-moro-finca-la-felisa","title":{"rendered":"Emilio Moro Finca La Felisa"},"content":{"rendered":"","protected":false},"excerpt":{"rendered":"<p style=\"font-weight: 400;\">Este vino ecol\u00f3gico es un\u00a0<b><strong>homenaje a Felisa<\/strong><\/b>, la madre de la tercera generaci\u00f3n, por dedicar su vida a toda una familia de bodegueros con entrega y pasi\u00f3n. Procedente de parcelas certificadas ecol\u00f3gicas, con una edad media de 20 a\u00f1os. Destaca tambi\u00e9n por ser un vino sin sulfitos a\u00f1adidos. Las etiquetas de Emilio Moro destacan por su imagen de un medall\u00f3n que cuenta la historia de la familia desde sus inicios. En La Felisa vemos una foto de Felisa y Emilio Moro reci\u00e9n casados (1957). En el se conjuga el estilo de un vino r\u00fastico y tradicional\u2026<\/p>\n<p style=\"font-weight: 400;\">Procedencia:\u00a0<b><strong>DO Ribera del Duero \u2013 Espa\u00f1a.<\/strong><\/b><\/p>\n<p style=\"font-weight: 400;\">Variedad(es):\u00a0<b><strong>Tinto Fino 100%.<\/strong><\/b><\/p>\n<p style=\"font-weight: 400;\">Crianza:\u00a0<b><strong>Roble Franc\u00e9s, 12 meses.<\/strong><\/b><\/p>\n<p style=\"font-weight: 400;\"><b><strong>Nariz:<\/strong><\/b>\u00a0Expresivo con notas que recuerdan a la uva reci\u00e9n fermentada, destacan los aromas primarios y las notas de frutos negros y rojos como las moras y las ciruelas.<\/p>\n<p style=\"font-weight: 400;\"><b><strong>Boca:<\/strong><\/b>\u00a0Entrada c\u00e1lida. Revela de inmediato sus exquisitos sabores de frutos negros y especias. En su recorrido despliega una conjunci\u00f3n de frescura y madurez, armon\u00eda e intensidad. Prolongado y placentero final.<\/p>\n<p style=\"font-weight: 400;\"><b><strong>Maridaje:<\/strong><\/b>\u00a0Embutidos Ib\u00e9ricos, pescados aceitosos, carnes blancas y rojas, el pato, cordero, cl\u00e1sicos como el cochinillo y el lechazo. As\u00ed como los quesos maduros (los de Oveja le van muy bien).<\/p>\n","protected":false},"featured_media":16170,"comment_status":"open","ping_status":"closed","template":"","meta":[],"product_brand":[],"product_cat":[420,29],"product_tag":[161,149],"class_list":{"0":"post-16166","1":"product","2":"type-product","3":"status-publish","4":"has-post-thumbnail","6":"product_cat-tinto","7":"product_cat-vinos","8":"product_tag-tinto-fino","9":"product_tag-vino-espanol","11":"first","12":"instock","13":"shipping-taxable","14":"purchasable","15":"product-type-simple"},"_links":{"self":[{"href":"https:\/\/lawhiskeria.cr\/index.php?rest_route=\/wp\/v2\/product\/16166","targetHints":{"allow":["GET"]}}],"collection":[{"href":"https:\/\/lawhiskeria.cr\/index.php?rest_route=\/wp\/v2\/product"}],"about":[{"href":"https:\/\/lawhiskeria.cr\/index.php?rest_route=\/wp\/v2\/types\/product"}],"replies":[{"embeddable":true,"href":"https:\/\/lawhiskeria.cr\/index.php?rest_route=%2Fwp%2Fv2%2Fcomments&post=16166"}],"version-history":[{"count":2,"href":"https:\/\/lawhiskeria.cr\/index.php?rest_route=\/wp\/v2\/product\/16166\/revisions"}],"predecessor-version":[{"id":17675,"href":"https:\/\/lawhiskeria.cr\/index.php?rest_route=\/wp\/v2\/product\/16166\/revisions\/17675"}],"wp:featuredmedia":[{"embeddable":true,"href":"https:\/\/lawhiskeria.cr\/index.php?rest_route=\/wp\/v2\/media\/16170"}],"wp:attachment":[{"href":"https:\/\/lawhiskeria.cr\/index.php?rest_route=%2Fwp%2Fv2%2Fmedia&parent=16166"}],"wp:term":[{"taxonomy":"product_brand","embeddable":true,"href":"https:\/\/lawhiskeria.cr\/index.php?rest_route=%2Fwp%2Fv2%2Fproduct_brand&post=16166"},{"taxonomy":"product_cat","embeddable":true,"href":"https:\/\/lawhiskeria.cr\/index.php?rest_route=%2Fwp%2Fv2%2Fproduct_cat&post=16166"},{"taxonomy":"product_tag","embeddable":true,"href":"https:\/\/lawhiskeria.cr\/index.php?rest_route=%2Fwp%2Fv2%2Fproduct_tag&post=16166"}],"curies":[{"name":"wp","href":"https:\/\/api.w.org\/{rel}","templated":true}]}}