{"id":16163,"date":"2024-03-11T00:38:59","date_gmt":"2024-03-11T00:38:59","guid":{"rendered":"https:\/\/stag.lawhiskeria.cr\/?post_type=product&#038;p=16163"},"modified":"2025-12-02T16:09:14","modified_gmt":"2025-12-02T16:09:14","slug":"vino-el-enemigo-cabernet-franc","status":"publish","type":"product","link":"https:\/\/lawhiskeria.cr\/?product=vino-el-enemigo-cabernet-franc","title":{"rendered":"El Enemigo Cabernet Franc"},"content":{"rendered":"","protected":false},"excerpt":{"rendered":"<p style=\"font-weight: 400;\"><b><strong>El Enemigo Cabernet Franc 2020<\/strong><\/b><\/p>\n<p><span style=\"font-weight: 400;\">\u00a090% Cabernet Franc + 10% Malbec<\/span><\/p>\n<p style=\"font-weight: 400;\"><b><strong>Origen:\u00a0<\/strong><\/b>Gualtallary, Tupungato. Provincia de Mendoza, Argentina.<\/p>\n<p style=\"font-weight: 400;\"><b><strong>Tipo de Suelo:\u00a0<\/strong><\/b>Pedregoso, profundo, calc\u00e1reo.<\/p>\n<p style=\"font-weight: 400;\"><b><strong>Vinificaci\u00f3n:\u00a0<\/strong><\/b>Levadura salvaje, m\u00e1x. temperatura 28\u00b0C \/ 82\u00b0F durante 22 d\u00edas, con 28 d\u00edas de maceraci\u00f3n. 5 \u00e9pocas diferentes de cosecha (5 semanas entre la primera y la \u00faltima).<\/p>\n<p style=\"font-weight: 400;\"><b><strong>Crianza de 15 meses en foudre de 100 a\u00f1os.<\/strong><\/b><\/p>\n<p style=\"font-weight: 400;\">ABV 13,5% &#8211; 750 ml<\/p>\n<p style=\"font-weight: 400;\">Acidez\/pH: 6,1 \/ 3,03<\/p>\n<p style=\"font-weight: 400;\"><b><strong>Notas de Cata<\/strong><\/b><\/p>\n<p style=\"font-weight: 400;\">Este Cabernet Franc es de color rojo rub\u00ed con tonos violetas suaves. En nariz, aromas intensos y notas concentradas de cassis, grosellas maduras y especias dulces que incluyen la pimienta negra. Su paso por roble ofrece notas integradas de cedro y vainilla. Impacto fresco y excelente estructura en boca, que recuerda a frutos rojos maduros con notas de eucalipto y pimienta negra. Este vino tiene un excelente equilibrio y elegancia con un final persistente bien estructurado.<\/p>\n","protected":false},"featured_media":19489,"comment_status":"open","ping_status":"closed","template":"","meta":[],"product_brand":[],"product_cat":[420,29],"product_tag":[160,151],"class_list":{"0":"post-16163","1":"product","2":"type-product","3":"status-publish","4":"has-post-thumbnail","6":"product_cat-tinto","7":"product_cat-vinos","8":"product_tag-cabernet-franc","9":"product_tag-vino-argentino","11":"first","12":"instock","13":"shipping-taxable","14":"purchasable","15":"product-type-simple"},"_links":{"self":[{"href":"https:\/\/lawhiskeria.cr\/index.php?rest_route=\/wp\/v2\/product\/16163","targetHints":{"allow":["GET"]}}],"collection":[{"href":"https:\/\/lawhiskeria.cr\/index.php?rest_route=\/wp\/v2\/product"}],"about":[{"href":"https:\/\/lawhiskeria.cr\/index.php?rest_route=\/wp\/v2\/types\/product"}],"replies":[{"embeddable":true,"href":"https:\/\/lawhiskeria.cr\/index.php?rest_route=%2Fwp%2Fv2%2Fcomments&post=16163"}],"version-history":[{"count":2,"href":"https:\/\/lawhiskeria.cr\/index.php?rest_route=\/wp\/v2\/product\/16163\/revisions"}],"predecessor-version":[{"id":17780,"href":"https:\/\/lawhiskeria.cr\/index.php?rest_route=\/wp\/v2\/product\/16163\/revisions\/17780"}],"wp:featuredmedia":[{"embeddable":true,"href":"https:\/\/lawhiskeria.cr\/index.php?rest_route=\/wp\/v2\/media\/19489"}],"wp:attachment":[{"href":"https:\/\/lawhiskeria.cr\/index.php?rest_route=%2Fwp%2Fv2%2Fmedia&parent=16163"}],"wp:term":[{"taxonomy":"product_brand","embeddable":true,"href":"https:\/\/lawhiskeria.cr\/index.php?rest_route=%2Fwp%2Fv2%2Fproduct_brand&post=16163"},{"taxonomy":"product_cat","embeddable":true,"href":"https:\/\/lawhiskeria.cr\/index.php?rest_route=%2Fwp%2Fv2%2Fproduct_cat&post=16163"},{"taxonomy":"product_tag","embeddable":true,"href":"https:\/\/lawhiskeria.cr\/index.php?rest_route=%2Fwp%2Fv2%2Fproduct_tag&post=16163"}],"curies":[{"name":"wp","href":"https:\/\/api.w.org\/{rel}","templated":true}]}}