{"id":16130,"date":"2024-03-10T23:48:41","date_gmt":"2024-03-10T23:48:41","guid":{"rendered":"https:\/\/stag.lawhiskeria.cr\/?post_type=product&#038;p=16130"},"modified":"2026-03-24T03:17:42","modified_gmt":"2026-03-24T03:17:42","slug":"sorsola-prosecco-brut-doc","status":"publish","type":"product","link":"https:\/\/lawhiskeria.cr\/?product=sorsola-prosecco-brut-doc","title":{"rendered":"S\u2019Orsola, Prosecco Brut DOC"},"content":{"rendered":"","protected":false},"excerpt":{"rendered":"<p style=\"font-weight: 400;\"><b><strong>Prosecco<\/strong><\/b>, es uno de los vinos espumosos (principalmente) m\u00e1s importantes del noreste italiano.<\/p>\n<p style=\"font-weight: 400;\">Un vino muy agradable por s\u00ed mismo y tambi\u00e9n muy vers\u00e1til para mezclar.<\/p>\n<p style=\"font-weight: 400;\"><b><strong>Procedencia:<\/strong><\/b>\u00a0Veneto \u2013 Italia.<\/p>\n<p style=\"font-weight: 400;\"><b><strong>Variedad:<\/strong><\/b>\u00a0Glera 100%.<\/p>\n<p style=\"font-weight: 400;\"><b><strong>M\u00e9todo de elaboraci\u00f3n:<\/strong><\/b>\u00a0Charmat<\/p>\n<p style=\"font-weight: 400;\"><b><strong>Nariz:<\/strong><\/b>\u00a0Perfumada. Interesante combinaci\u00f3n de frutas c\u00edtricas (manzana verde y lim\u00f3n) y dulces (pi\u00f1a y pera).<\/p>\n<p style=\"font-weight: 400;\"><b><strong>Boca:\u00a0<\/strong><\/b>Tenue entrada. Frescor y frutosidad se conjugan. Ligereza y amabilidad se unen hasta su delicado final.<\/p>\n<p style=\"font-weight: 400;\"><b><strong>Maridajes<\/strong><\/b>\u00a0opcionales entre otros: Ideal como aperitivo, platos vegetarianos, sushi, pescados, mariscos, arroces y quesos frescos.<\/p>\n","protected":false},"featured_media":16131,"comment_status":"open","ping_status":"closed","template":"","meta":[],"product_brand":[],"product_cat":[422,29],"product_tag":[468,467,147,148],"class_list":{"0":"post-16130","1":"product","2":"type-product","3":"status-publish","4":"has-post-thumbnail","6":"product_cat-espumosos","7":"product_cat-vinos","8":"product_tag-glera","9":"product_tag-veneto","10":"product_tag-vino-espumoso","11":"product_tag-vino-italiano","13":"first","14":"instock","15":"shipping-taxable","16":"purchasable","17":"product-type-simple"},"_links":{"self":[{"href":"https:\/\/lawhiskeria.cr\/index.php?rest_route=\/wp\/v2\/product\/16130","targetHints":{"allow":["GET"]}}],"collection":[{"href":"https:\/\/lawhiskeria.cr\/index.php?rest_route=\/wp\/v2\/product"}],"about":[{"href":"https:\/\/lawhiskeria.cr\/index.php?rest_route=\/wp\/v2\/types\/product"}],"replies":[{"embeddable":true,"href":"https:\/\/lawhiskeria.cr\/index.php?rest_route=%2Fwp%2Fv2%2Fcomments&post=16130"}],"version-history":[{"count":1,"href":"https:\/\/lawhiskeria.cr\/index.php?rest_route=\/wp\/v2\/product\/16130\/revisions"}],"predecessor-version":[{"id":16132,"href":"https:\/\/lawhiskeria.cr\/index.php?rest_route=\/wp\/v2\/product\/16130\/revisions\/16132"}],"wp:featuredmedia":[{"embeddable":true,"href":"https:\/\/lawhiskeria.cr\/index.php?rest_route=\/wp\/v2\/media\/16131"}],"wp:attachment":[{"href":"https:\/\/lawhiskeria.cr\/index.php?rest_route=%2Fwp%2Fv2%2Fmedia&parent=16130"}],"wp:term":[{"taxonomy":"product_brand","embeddable":true,"href":"https:\/\/lawhiskeria.cr\/index.php?rest_route=%2Fwp%2Fv2%2Fproduct_brand&post=16130"},{"taxonomy":"product_cat","embeddable":true,"href":"https:\/\/lawhiskeria.cr\/index.php?rest_route=%2Fwp%2Fv2%2Fproduct_cat&post=16130"},{"taxonomy":"product_tag","embeddable":true,"href":"https:\/\/lawhiskeria.cr\/index.php?rest_route=%2Fwp%2Fv2%2Fproduct_tag&post=16130"}],"curies":[{"name":"wp","href":"https:\/\/api.w.org\/{rel}","templated":true}]}}