{"id":16091,"date":"2024-03-10T21:06:57","date_gmt":"2024-03-10T21:06:57","guid":{"rendered":"https:\/\/stag.lawhiskeria.cr\/?post_type=product&#038;p=16091"},"modified":"2025-11-09T23:20:32","modified_gmt":"2025-11-09T23:20:32","slug":"ron-zacapa-royal","status":"publish","type":"product","link":"https:\/\/lawhiskeria.cr\/?product=ron-zacapa-royal","title":{"rendered":"Ron Zacapa Royal"},"content":{"rendered":"","protected":false},"excerpt":{"rendered":"<p style=\"font-weight: 400;\"><b><strong>Ron Zacapa Royal &#8211; ORIGEN: Guatemala &#8211; 700 ml.<\/strong><\/b><\/p>\n<p style=\"font-weight: 400;\"><b><strong>Zacapa Royal\u00a0<\/strong><\/b>es un ron delicado, destilado y a\u00f1ejado en exclusivas barricas de roble franc\u00e9s procedentes de\u00a0<b><strong>\u201cLe Bois du Roy\u201d<\/strong><\/b>, con una lenta maduraci\u00f3n que aporta un a complejidad de aromas y un car\u00e1cter que hace de este un ron distintivo con calidad excepcional. Contiene mezclas de rones entre 8 y 30 a\u00f1os de a\u00f1ejamiento.<\/p>\n<p style=\"font-weight: 400;\">Ofrece una sublime y agradable experiencia, con un intenso aroma de chocolate, coco tostado, almendras y un delicado, dulce, ex\u00f3tico y extraordinariamente suave acabado.<\/p>\n<p style=\"font-weight: 400;\">Zacapa Royal se a\u00f1eja en valiosas barricas de roble originarias de 4 exclusivos bosques franceses que han sido protegidos desde el siglo XIII.<\/p>\n<p style=\"font-weight: 400;\"><b><strong>Aspecto Y Color:<\/strong><\/b>\u00a0\u00c1mbar oscuro con destellos rojos y caoba.<\/p>\n<p style=\"font-weight: 400;\"><b><strong>Nariz:<\/strong><\/b>\u00a0Elegante, c\u00e1lido, muy complejo y equilibrado. Ofrece notas a vainilla, chocolate, frutos secos, madera, nuez moscada, pl\u00e1tano caramelizado, pi\u00f1a y almendras tostadas.<\/p>\n<p style=\"font-weight: 400;\"><b><strong>Boca:\u00a0<\/strong><\/b>Asombroso cuerpo con notas envolventes. Posee una elegante, sofisticada y sedosa sensaci\u00f3n al paladar; claras notas de c\u00edtricos y caramelo.<\/p>\n<p style=\"font-weight: 400;\"><b><strong>Final:\u00a0<\/strong><\/b>Un largo y persistente final, dulce, ex\u00f3tico espectacular y delicado.<\/p>\n","protected":false},"featured_media":16092,"comment_status":"open","ping_status":"closed","template":"","meta":[],"product_brand":[],"product_cat":[427,20],"product_tag":[144,145],"class_list":{"0":"post-16091","1":"product","2":"type-product","3":"status-publish","4":"has-post-thumbnail","6":"product_cat-ron","7":"product_cat-lpremium","8":"product_tag-guatemala","9":"product_tag-ron","11":"first","12":"instock","13":"shipping-taxable","14":"purchasable","15":"product-type-simple"},"_links":{"self":[{"href":"https:\/\/lawhiskeria.cr\/index.php?rest_route=\/wp\/v2\/product\/16091","targetHints":{"allow":["GET"]}}],"collection":[{"href":"https:\/\/lawhiskeria.cr\/index.php?rest_route=\/wp\/v2\/product"}],"about":[{"href":"https:\/\/lawhiskeria.cr\/index.php?rest_route=\/wp\/v2\/types\/product"}],"replies":[{"embeddable":true,"href":"https:\/\/lawhiskeria.cr\/index.php?rest_route=%2Fwp%2Fv2%2Fcomments&post=16091"}],"version-history":[{"count":1,"href":"https:\/\/lawhiskeria.cr\/index.php?rest_route=\/wp\/v2\/product\/16091\/revisions"}],"predecessor-version":[{"id":16093,"href":"https:\/\/lawhiskeria.cr\/index.php?rest_route=\/wp\/v2\/product\/16091\/revisions\/16093"}],"wp:featuredmedia":[{"embeddable":true,"href":"https:\/\/lawhiskeria.cr\/index.php?rest_route=\/wp\/v2\/media\/16092"}],"wp:attachment":[{"href":"https:\/\/lawhiskeria.cr\/index.php?rest_route=%2Fwp%2Fv2%2Fmedia&parent=16091"}],"wp:term":[{"taxonomy":"product_brand","embeddable":true,"href":"https:\/\/lawhiskeria.cr\/index.php?rest_route=%2Fwp%2Fv2%2Fproduct_brand&post=16091"},{"taxonomy":"product_cat","embeddable":true,"href":"https:\/\/lawhiskeria.cr\/index.php?rest_route=%2Fwp%2Fv2%2Fproduct_cat&post=16091"},{"taxonomy":"product_tag","embeddable":true,"href":"https:\/\/lawhiskeria.cr\/index.php?rest_route=%2Fwp%2Fv2%2Fproduct_tag&post=16091"}],"curies":[{"name":"wp","href":"https:\/\/api.w.org\/{rel}","templated":true}]}}