{"id":16071,"date":"2024-03-10T20:42:59","date_gmt":"2024-03-10T20:42:59","guid":{"rendered":"https:\/\/stag.lawhiskeria.cr\/?post_type=product&#038;p=16071"},"modified":"2026-02-26T02:43:11","modified_gmt":"2026-02-26T02:43:11","slug":"licor-drambuie-whisky","status":"publish","type":"product","link":"https:\/\/lawhiskeria.cr\/?product=licor-drambuie-whisky","title":{"rendered":"Licor Drambuie (Whisky)"},"content":{"rendered":"","protected":false},"excerpt":{"rendered":"<p style=\"font-weight: 400;\"><b><strong>Drambuie es un licor de whisky.<\/strong><\/b><\/p>\n<p style=\"font-weight: 400;\"><b><strong>Drambuie\u00a0<\/strong><\/b>es una mezcla extraordinaria de whisky escoc\u00e9s a\u00f1ejo, miel de brezo, especias y hierbas. es un licor \u00fanico que ofrece a los bebedores una experiencia de sabor extraordinaria.<\/p>\n<p style=\"font-weight: 400;\">Sus or\u00edgenes se remontan a una receta secreta creada para Bonnie Prince Charlie por su Royal Apothecary en el siglo XVIII. El nombre Drambuie se deriva del ga\u00e9lico escoc\u00e9s &#8216;An Dram Buidheach&#8217; y significa &#8220;La bebida que satisface&#8221;.<\/p>\n<p style=\"font-weight: 400;\">Es voluptuoso, melifluo y con nota de gata vista: Drambuie es un licor de\u00a0<b><strong>color<\/strong><\/b>\u00a0dorado brillante y profundo.<\/p>\n<p style=\"font-weight: 400;\"><b><strong>Nariz:<\/strong><\/b>\u00a0Aromas del whisky de malta envejecido combinado con una mezcla de matices florales y herbales y rica miel.<\/p>\n<p style=\"font-weight: 400;\"><b><strong>Boca:<\/strong><\/b>\u00a0El sabor proporciona una sensaci\u00f3n de sabor caleidosc\u00f3pica, una compleja disposici\u00f3n de notas herbales, picantes, dulces y de miel. es voluptuoso, melifluo y con mucho cuerpo.<\/p>\n<p style=\"font-weight: 400;\"><b><strong>ABV 40% &#8211; 1000 ml.<\/strong><\/b><\/p>\n","protected":false},"featured_media":16072,"comment_status":"open","ping_status":"closed","template":"","meta":[],"product_brand":[],"product_cat":[20],"product_tag":[109,141],"class_list":{"0":"post-16071","1":"product","2":"type-product","3":"status-publish","4":"has-post-thumbnail","6":"product_cat-lpremium","7":"product_tag-escocia","8":"product_tag-licor-a-base-de-whisky","10":"first","11":"instock","12":"shipping-taxable","13":"purchasable","14":"product-type-simple"},"_links":{"self":[{"href":"https:\/\/lawhiskeria.cr\/index.php?rest_route=\/wp\/v2\/product\/16071","targetHints":{"allow":["GET"]}}],"collection":[{"href":"https:\/\/lawhiskeria.cr\/index.php?rest_route=\/wp\/v2\/product"}],"about":[{"href":"https:\/\/lawhiskeria.cr\/index.php?rest_route=\/wp\/v2\/types\/product"}],"replies":[{"embeddable":true,"href":"https:\/\/lawhiskeria.cr\/index.php?rest_route=%2Fwp%2Fv2%2Fcomments&post=16071"}],"version-history":[{"count":1,"href":"https:\/\/lawhiskeria.cr\/index.php?rest_route=\/wp\/v2\/product\/16071\/revisions"}],"predecessor-version":[{"id":16073,"href":"https:\/\/lawhiskeria.cr\/index.php?rest_route=\/wp\/v2\/product\/16071\/revisions\/16073"}],"wp:featuredmedia":[{"embeddable":true,"href":"https:\/\/lawhiskeria.cr\/index.php?rest_route=\/wp\/v2\/media\/16072"}],"wp:attachment":[{"href":"https:\/\/lawhiskeria.cr\/index.php?rest_route=%2Fwp%2Fv2%2Fmedia&parent=16071"}],"wp:term":[{"taxonomy":"product_brand","embeddable":true,"href":"https:\/\/lawhiskeria.cr\/index.php?rest_route=%2Fwp%2Fv2%2Fproduct_brand&post=16071"},{"taxonomy":"product_cat","embeddable":true,"href":"https:\/\/lawhiskeria.cr\/index.php?rest_route=%2Fwp%2Fv2%2Fproduct_cat&post=16071"},{"taxonomy":"product_tag","embeddable":true,"href":"https:\/\/lawhiskeria.cr\/index.php?rest_route=%2Fwp%2Fv2%2Fproduct_tag&post=16071"}],"curies":[{"name":"wp","href":"https:\/\/api.w.org\/{rel}","templated":true}]}}